{"id":10008,"date":"2021-02-11T12:08:51","date_gmt":"2021-02-11T15:08:51","guid":{"rendered":"https:\/\/magalhaesdealmeida.ma.gov.br\/transparencia\/?page_id=10008"},"modified":"2025-02-20T14:44:56","modified_gmt":"2025-02-20T17:44:56","slug":"mapa-do-site","status":"publish","type":"page","link":"https:\/\/magalhaesdealmeida.ma.gov.br\/transparencia\/mapa-do-site\/","title":{"rendered":"Mapa do Site"},"content":{"rendered":"<div class=\"wsp-container\"><h2 class=\"wsp-pages-title\">Pages<\/h2>\n<ul class=\"wsp-pages-list\">\n<li class=\"page_item page-item-24404\"><a href=\"https:\/\/magalhaesdealmeida.ma.gov.br\/transparencia\/ata-de-registro-de-precos\/\">Ata de Registro de Pre\u00e7os<\/a><\/li>\n<li class=\"page_item page-item-8289\"><a href=\"https:\/\/magalhaesdealmeida.ma.gov.br\/transparencia\/atas\/\">Atas<\/a><\/li>\n<li class=\"page_item page-item-18866\"><a href=\"https:\/\/magalhaesdealmeida.ma.gov.br\/transparencia\/balanco-geral-circunstanciado\/\">Balan\u00e7o Geral\/Circunstanciado<\/a><\/li>\n<li class=\"page_item page-item-21586\"><a href=\"https:\/\/magalhaesdealmeida.ma.gov.br\/transparencia\/carta-de-servicos\/\">Carta de Servi\u00e7os<\/a><\/li>\n<li class=\"page_item page-item-26926\"><a href=\"https:\/\/magalhaesdealmeida.ma.gov.br\/transparencia\/certidoes-por-tempo-de-contribuicao\/\">Certid\u00f5es por Tempo de Contribui\u00e7\u00e3o<\/a><\/li>\n<li class=\"page_item page-item-11664\"><a href=\"https:\/\/magalhaesdealmeida.ma.gov.br\/transparencia\/compras-e-contratacoes-covid-19\/\">Compras e Contrata\u00e7\u00f5es Covid-19<\/a><\/li>\n<li class=\"page_item page-item-18813\"><a href=\"https:\/\/magalhaesdealmeida.ma.gov.br\/transparencia\/concursos-e-seletivos-publicos\/\">Concursos e Seletivos P\u00fablicos<\/a><\/li>\n<li class=\"page_item page-item-8956\"><a href=\"https:\/\/magalhaesdealmeida.ma.gov.br\/transparencia\/conhecendo-a-lei-no-12-527-2011\/\">Conhecendo a Lei n\u00ba 12.527\/2011<\/a><\/li>\n<li class=\"page_item page-item-8194\"><a href=\"https:\/\/magalhaesdealmeida.ma.gov.br\/transparencia\/contato\/\">Contato<\/a><\/li>\n<li class=\"page_item page-item-23992\"><a href=\"https:\/\/magalhaesdealmeida.ma.gov.br\/transparencia\/contracheques\/\">Contracheques<\/a><\/li>\n<li class=\"page_item page-item-9\"><a href=\"https:\/\/magalhaesdealmeida.ma.gov.br\/transparencia\/contratos\/\">Contratos<\/a><\/li>\n<li class=\"page_item page-item-72\"><a href=\"https:\/\/magalhaesdealmeida.ma.gov.br\/transparencia\/contratos-covid-19\/\">Contratos Covid-19<\/a><\/li>\n<li class=\"page_item page-item-21651\"><a href=\"https:\/\/magalhaesdealmeida.ma.gov.br\/transparencia\/creches-municipais\/\">Creches Municipais<\/a><\/li>\n<li class=\"page_item page-item-21905\"><a href=\"https:\/\/magalhaesdealmeida.ma.gov.br\/transparencia\/dados-abertos\/\">Dados Abertos<\/a><\/li>\n<li class=\"page_item page-item-1659\"><a href=\"https:\/\/magalhaesdealmeida.ma.gov.br\/transparencia\/decretos\/\">Decretos<\/a><\/li>\n<li class=\"page_item page-item-9384\"><a href=\"https:\/\/magalhaesdealmeida.ma.gov.br\/transparencia\/despesas\/\">Despesas<\/a><\/li>\n<li class=\"page_item page-item-24392\"><a href=\"https:\/\/magalhaesdealmeida.ma.gov.br\/transparencia\/despesas-liquidadas\/\">Despesas Liquidadas<\/a><\/li>\n<li class=\"page_item page-item-9380\"><a href=\"https:\/\/magalhaesdealmeida.ma.gov.br\/transparencia\/diarias\/\">Di\u00e1rias<\/a><\/li>\n<li class=\"page_item page-item-24605\"><a href=\"https:\/\/magalhaesdealmeida.ma.gov.br\/transparencia\/diario-oficial\/\">Di\u00e1rio Oficial<\/a><\/li>\n<li class=\"page_item page-item-38\"><a href=\"https:\/\/magalhaesdealmeida.ma.gov.br\/transparencia\/diario-oficial-do-municipio\/\">Di\u00e1rio Oficial do Munic\u00edpio &#8211; At\u00e9 07\/03\/2025<\/a><\/li>\n<li class=\"page_item page-item-24396\"><a href=\"https:\/\/magalhaesdealmeida.ma.gov.br\/transparencia\/dispensas\/\">Dispensas<\/a><\/li>\n<li class=\"page_item page-item-18844\"><a href=\"https:\/\/magalhaesdealmeida.ma.gov.br\/transparencia\/divida-ativa-do-municipio\/\">D\u00edvida Ativa do Munic\u00edpio<\/a><\/li>\n<li class=\"page_item page-item-24408\"><a href=\"https:\/\/magalhaesdealmeida.ma.gov.br\/transparencia\/documentos-classificados-grau-de-sigilo\/\">Documentos Classificados &#8211; Grau de Sigilo<\/a><\/li>\n<li class=\"page_item page-item-21677\"><a href=\"https:\/\/magalhaesdealmeida.ma.gov.br\/transparencia\/e-sic\/\">E-SIC<\/a><\/li>\n<li class=\"page_item page-item-7734\"><a href=\"https:\/\/magalhaesdealmeida.ma.gov.br\/transparencia\/editais\/\">Editais<\/a><\/li>\n<li class=\"page_item page-item-18828\"><a href=\"https:\/\/magalhaesdealmeida.ma.gov.br\/transparencia\/emendas-parlamentares\/\">Emendas Parlamentares<\/a><\/li>\n<li class=\"page_item page-item-18850\"><a href=\"https:\/\/magalhaesdealmeida.ma.gov.br\/transparencia\/estagiarios\/\">Estagi\u00e1rios<\/a><\/li>\n<li class=\"page_item page-item-21641\"><a href=\"https:\/\/magalhaesdealmeida.ma.gov.br\/transparencia\/lista-de-medicamentos\/\">Estoques de medicamentos das farm\u00e1cias p\u00fablicas<\/a><\/li>\n<li class=\"page_item page-item-9341\"><a href=\"https:\/\/magalhaesdealmeida.ma.gov.br\/transparencia\/estrutura-organizacional\/\">Estrutura Organizacional<\/a><\/li>\n<li class=\"page_item page-item-7136\"><a href=\"https:\/\/magalhaesdealmeida.ma.gov.br\/transparencia\/execucao-orcamentaria\/\">Execu\u00e7\u00e3o Or\u00e7ament\u00e1ria<\/a><\/li>\n<li class=\"page_item page-item-14949\"><a href=\"https:\/\/magalhaesdealmeida.ma.gov.br\/transparencia\/expediente\/\">Expediente<\/a><\/li>\n<li class=\"page_item page-item-8509\"><a href=\"https:\/\/magalhaesdealmeida.ma.gov.br\/transparencia\/fale-conosco\/\">Fale Conosco<\/a><\/li>\n<li class=\"page_item page-item-21538\"><a href=\"https:\/\/magalhaesdealmeida.ma.gov.br\/transparencia\/fiscais-de-contrato\/\">Fiscais de Contrato<\/a><\/li>\n<li class=\"page_item page-item-7879\"><a href=\"https:\/\/magalhaesdealmeida.ma.gov.br\/transparencia\/lista-de-servidores\/\">Folha de Pagamento<\/a><\/li>\n<li class=\"page_item page-item-18874\"><a href=\"https:\/\/magalhaesdealmeida.ma.gov.br\/transparencia\/governo-digital\/\">Governo Digital<\/a><\/li>\n<li class=\"page_item page-item-8753\"><a href=\"https:\/\/magalhaesdealmeida.ma.gov.br\/transparencia\/home\/\">Home<\/a><\/li>\n<li class=\"page_item page-item-24400\"><a href=\"https:\/\/magalhaesdealmeida.ma.gov.br\/transparencia\/inexigibilidade\/\">Inexigibilidade<\/a><\/li>\n<li class=\"page_item page-item-21571\"><a href=\"https:\/\/magalhaesdealmeida.ma.gov.br\/transparencia\/julgamento-de-contas-legislativo\/\">Julgamento de Contas &#8211; Legislativo<\/a><\/li>\n<li class=\"page_item page-item-21567\"><a href=\"https:\/\/magalhaesdealmeida.ma.gov.br\/transparencia\/julgamento-de-contas-tce\/\">Julgamento de Contas &#8211; TCE<\/a><\/li>\n<li class=\"page_item page-item-21656\"><a href=\"https:\/\/magalhaesdealmeida.ma.gov.br\/transparencia\/lei-geral-de-protecao-de-dados\/\">Lei Geral de Prote\u00e7\u00e3o de Dados<\/a><\/li>\n<li class=\"page_item page-item-8006\"><a href=\"https:\/\/magalhaesdealmeida.ma.gov.br\/transparencia\/leis\/\">Leis<\/a><\/li>\n<li class=\"page_item page-item-2676\"><a href=\"https:\/\/magalhaesdealmeida.ma.gov.br\/transparencia\/leis-orcamentarias\/\">Leis Or\u00e7ament\u00e1rias &#8211; LOA PPA LDO<\/a><\/li>\n<li class=\"page_item page-item-7\"><a href=\"https:\/\/magalhaesdealmeida.ma.gov.br\/transparencia\/licitacoes\/\">Licita\u00e7\u00f5es<\/a><\/li>\n<li class=\"page_item page-item-20348\"><a href=\"https:\/\/magalhaesdealmeida.ma.gov.br\/transparencia\/licitacoes-fracassadas-desertas-e-canceladas\/\">Licita\u00e7\u00f5es &#8211; Fracassadas, Desertas e Canceladas<\/a><\/li>\n<li class=\"page_item page-item-16\"><a href=\"https:\/\/magalhaesdealmeida.ma.gov.br\/transparencia\/licitacoes-covid-19\/\">Licita\u00e7\u00f5es Covid-19<\/a><\/li>\n<li class=\"page_item page-item-18862\"><a href=\"https:\/\/magalhaesdealmeida.ma.gov.br\/transparencia\/licitantes-contratados-e-sancionados\/\">Licitantes Contratados e\/ou Sancionados<\/a><\/li>\n<li class=\"page_item page-item-25252\"><a href=\"https:\/\/magalhaesdealmeida.ma.gov.br\/transparencia\/lista-de-espera-de-regulacao-para-acesso-as-consultas-exames-e-servicos-medicos\/\">Lista de espera de regula\u00e7\u00e3o para acesso as consultas, exames e servi\u00e7os m\u00e9dicos<\/a><\/li>\n<li class=\"page_item page-item-5\"><a href=\"https:\/\/magalhaesdealmeida.ma.gov.br\/transparencia\/login-customizer\/\">Login Customizer<\/a><\/li>\n<li class=\"page_item page-item-1691\"><a href=\"https:\/\/magalhaesdealmeida.ma.gov.br\/transparencia\/manifestacao\/\">Manifesta\u00e7\u00e3o<\/a><\/li>\n<li class=\"page_item page-item-1678\"><a href=\"https:\/\/magalhaesdealmeida.ma.gov.br\/transparencia\/manifestacao-cidadao\/\">Manifesta\u00e7\u00e3o Cidad\u00e3o<\/a><\/li>\n<li class=\"page_item page-item-10008\"><a href=\"https:\/\/magalhaesdealmeida.ma.gov.br\/transparencia\/mapa-do-site\/\">Mapa do Site<\/a><\/li>\n<li class=\"page_item page-item-18870\"><a href=\"https:\/\/magalhaesdealmeida.ma.gov.br\/transparencia\/objetivos-estrategicos\/\">Objetivos Estrat\u00e9gicos<\/a><\/li>\n<li class=\"page_item page-item-18840\"><a href=\"https:\/\/magalhaesdealmeida.ma.gov.br\/transparencia\/obras\/\">Obras<\/a><\/li>\n<li class=\"page_item page-item-21557\"><a href=\"https:\/\/magalhaesdealmeida.ma.gov.br\/transparencia\/obras-paralisadas\/\">Obras Paralisadas<\/a><\/li>\n<li class=\"page_item page-item-7999\"><a href=\"https:\/\/magalhaesdealmeida.ma.gov.br\/transparencia\/oficios\/\">Of\u00edcios<\/a><\/li>\n<li class=\"page_item page-item-21543\"><a href=\"https:\/\/magalhaesdealmeida.ma.gov.br\/transparencia\/ordem-cronologica-de-pagamentos\/\">Ordem Cronol\u00f3gica de Pagamentos<\/a><\/li>\n<li class=\"page_item page-item-1668\"><a href=\"https:\/\/magalhaesdealmeida.ma.gov.br\/transparencia\/ouvidoria\/\">Ouvidoria<\/a><\/li>\n<li class=\"page_item page-item-15870\"><a href=\"https:\/\/magalhaesdealmeida.ma.gov.br\/transparencia\/painel-vacinacao\/\">Painel Vacina\u00e7\u00e3o<\/a><\/li>\n<li class=\"page_item page-item-11794\"><a href=\"https:\/\/magalhaesdealmeida.ma.gov.br\/transparencia\/parecer-previo-do-tce\/\">Parecer Pr\u00e9vio do TCE<\/a><\/li>\n<li class=\"page_item page-item-10844\"><a href=\"https:\/\/magalhaesdealmeida.ma.gov.br\/transparencia\/pcg-prestacao-de-contas-de-governo\/\">PCG &#8211; Presta\u00e7\u00e3o de Contas de Governo<\/a><\/li>\n<li class=\"page_item page-item-1694\"><a href=\"https:\/\/magalhaesdealmeida.ma.gov.br\/transparencia\/perguntas-respostas-ouvidoria\/\">Perguntas e Respostas &#8211; Ouvidoria<\/a><\/li>\n<li class=\"page_item page-item-8819\"><a href=\"https:\/\/magalhaesdealmeida.ma.gov.br\/transparencia\/perguntas-e-respostas\/\">Perguntas Frequ\u00eantes<\/a><\/li>\n<li class=\"page_item page-item-22590\"><a href=\"https:\/\/magalhaesdealmeida.ma.gov.br\/transparencia\/pesquisa-de-satisfacao\/\">Pesquisa de Satisfa\u00e7\u00e3o<\/a><\/li>\n<li class=\"page_item page-item-21576\"><a href=\"https:\/\/magalhaesdealmeida.ma.gov.br\/transparencia\/planejamento-estrategico\/\">Planejamento Estrat\u00e9gico<\/a><\/li>\n<li class=\"page_item page-item-18858\"><a href=\"https:\/\/magalhaesdealmeida.ma.gov.br\/transparencia\/plano-de-contratacao-anual\/\">Plano de Contrata\u00e7\u00e3o Anual<\/a><\/li>\n<li class=\"page_item page-item-9479\"><a href=\"https:\/\/magalhaesdealmeida.ma.gov.br\/transparencia\/plano-de-vacinacao\/\">Plano de Vacina\u00e7\u00e3o<\/a><\/li>\n<li class=\"page_item page-item-18835\"><a href=\"https:\/\/magalhaesdealmeida.ma.gov.br\/transparencia\/educacao\/\">Plano Municipal de Educa\u00e7\u00e3o<\/a><\/li>\n<li class=\"page_item page-item-18832\"><a href=\"https:\/\/magalhaesdealmeida.ma.gov.br\/transparencia\/saude\/\">Plano Municipal de Sa\u00fade<\/a><\/li>\n<li class=\"page_item page-item-18702\"><a href=\"https:\/\/magalhaesdealmeida.ma.gov.br\/transparencia\/politica-de-privacidade-e-protecao-de-dados\/\">Pol\u00edtica de Privacidade e Prote\u00e7\u00e3o de Dados<\/a><\/li>\n<li class=\"page_item page-item-1643\"><a href=\"https:\/\/magalhaesdealmeida.ma.gov.br\/transparencia\/portarias\/\">Portarias<\/a><\/li>\n<li class=\"page_item page-item-14946\"><a href=\"https:\/\/magalhaesdealmeida.ma.gov.br\/transparencia\/publicacoes\/\">Publica\u00e7\u00f5es<\/a><\/li>\n<li class=\"page_item page-item-24379\"><a href=\"https:\/\/magalhaesdealmeida.ma.gov.br\/transparencia\/radar-da-transparencia\/\">Radar da Transpar\u00eancia<\/a><\/li>\n<li class=\"page_item page-item-24388\"><a href=\"https:\/\/magalhaesdealmeida.ma.gov.br\/transparencia\/receita-prevista-e-arrecadada\/\">Receita Prevista e Arrecadada<\/a><\/li>\n<li class=\"page_item page-item-9387\"><a href=\"https:\/\/magalhaesdealmeida.ma.gov.br\/transparencia\/receitas\/\">Receitas<\/a><\/li>\n<li class=\"page_item page-item-9345\"><a href=\"https:\/\/magalhaesdealmeida.ma.gov.br\/transparencia\/registro-das-competencias\/\">Registro das Compet\u00eancias<\/a><\/li>\n<li class=\"page_item page-item-21835\"><a href=\"https:\/\/magalhaesdealmeida.ma.gov.br\/transparencia\/regulamentacao-da-lei-federal-no-14-129-2021\/\">Regulamenta\u00e7\u00e3o da Lei Federal n\u00ba 14.129\/2021<\/a><\/li>\n<li class=\"page_item page-item-21646\"><a href=\"https:\/\/magalhaesdealmeida.ma.gov.br\/transparencia\/relacao-de-profissionais-de-saude\/\">Rela\u00e7\u00e3o de Profissionais de Sa\u00fade<\/a><\/li>\n<li class=\"page_item page-item-25198\"><a href=\"https:\/\/magalhaesdealmeida.ma.gov.br\/transparencia\/relacao-nominal-de-servidores\/\">Rela\u00e7\u00e3o Nominal de Servidores<\/a><\/li>\n<li class=\"page_item page-item-22592\"><a href=\"https:\/\/magalhaesdealmeida.ma.gov.br\/transparencia\/relatorio-pesquisa-de-satisfacao\/\">Relat\u00f3rio &#8211; Pesquisa de Satisfa\u00e7\u00e3o<\/a><\/li>\n<li class=\"page_item page-item-18824\"><a href=\"https:\/\/magalhaesdealmeida.ma.gov.br\/transparencia\/relatorio-circunstanciado-balanco-patrimonial\/\">Relat\u00f3rio Circunstanciado\/Balan\u00e7o Patrimonial<\/a><\/li>\n<li class=\"page_item page-item-18820\"><a href=\"https:\/\/magalhaesdealmeida.ma.gov.br\/transparencia\/relatorio-de-gestao-ou-atividades\/\">Relat\u00f3rio de Gest\u00e3o ou Atividades<\/a><\/li>\n<li class=\"page_item page-item-21591\"><a href=\"https:\/\/magalhaesdealmeida.ma.gov.br\/transparencia\/renuncia-fiscal\/\">Renuncia Fiscal<\/a><\/li>\n<li class=\"page_item page-item-8963\"><a href=\"https:\/\/magalhaesdealmeida.ma.gov.br\/transparencia\/repasses\/\">Repasses<\/a><\/li>\n<li class=\"page_item page-item-7602\"><a href=\"https:\/\/magalhaesdealmeida.ma.gov.br\/transparencia\/rreo-rgf\/\">RREO | RGF &#8211; Instrumentos de Gest\u00e3o Fiscal<\/a><\/li>\n<li class=\"page_item page-item-10776\"><a href=\"https:\/\/magalhaesdealmeida.ma.gov.br\/transparencia\/tabela-com-gastos-com-diarias\/\">Tabela e Legisla\u00e7\u00e3o dos Gastos com Di\u00e1rias<\/a><\/li>\n<li class=\"page_item page-item-10043\"><a href=\"https:\/\/magalhaesdealmeida.ma.gov.br\/transparencia\/tabela-remuneratoria\/\">Tabela Remunerat\u00f3ria<\/a><\/li>\n<li class=\"page_item page-item-18854\"><a href=\"https:\/\/magalhaesdealmeida.ma.gov.br\/transparencia\/terceirizados\/\">Terceirizados<\/a><\/li>\n<li class=\"page_item page-item-18809\"><a href=\"https:\/\/magalhaesdealmeida.ma.gov.br\/transparencia\/transferencias-voluntarias-realizadas\/\">Transfer\u00eancias Volunt\u00e1rias Realizadas<\/a><\/li>\n<li class=\"page_item page-item-16150\"><a href=\"https:\/\/magalhaesdealmeida.ma.gov.br\/transparencia\/transferencias-voluntarias-recebidas\/\">Transfer\u00eancias Volunt\u00e1rias Recebidas<\/a><\/li>\n<li class=\"page_item page-item-24366\"><a href=\"https:\/\/magalhaesdealmeida.ma.gov.br\/transparencia\/transferencias-voluntarias-sem-recursos-financeiros\/\">Transfer\u00eancias Volunt\u00e1rias sem Recursos Financeiros<\/a><\/li>\n<li class=\"page_item page-item-24424\"><a href=\"https:\/\/magalhaesdealmeida.ma.gov.br\/transparencia\/unidades-de-educacao\/\">Unidades de Educa\u00e7\u00e3o<\/a><\/li>\n<li class=\"page_item page-item-24417\"><a href=\"https:\/\/magalhaesdealmeida.ma.gov.br\/transparencia\/unidades-de-saude\/\">Unidades de Sa\u00fade<\/a><\/li>\n<li class=\"page_item page-item-7677\"><a href=\"https:\/\/magalhaesdealmeida.ma.gov.br\/transparencia\/vacinacao-covid-19\/\">Vacina\u00e7\u00e3o Covid-19<\/a><\/li>\n<\/ul>\n<\/div>\n","protected":false},"excerpt":{"rendered":"","protected":false},"author":1,"featured_media":26922,"parent":0,"menu_order":0,"comment_status":"closed","ping_status":"closed","template":"","meta":{"_acf_changed":false,"footnotes":""},"categories":[1,87],"tags":[],"class_list":["post-10008","page","type-page","status-publish","has-post-thumbnail","hentry","category-exibir-front","category-lei-geral-de-protecao-de-dados-e-governo-digital"],"acf":{"nome":"Mapa do Site","link":"https:\/\/magalhaesdealmeida.ma.gov.br\/transparencia\/mapa-do-site\/","icone":"fa-solid fa-file"},"_links":{"self":[{"href":"https:\/\/magalhaesdealmeida.ma.gov.br\/transparencia\/wp-json\/wp\/v2\/pages\/10008","targetHints":{"allow":["GET"]}}],"collection":[{"href":"https:\/\/magalhaesdealmeida.ma.gov.br\/transparencia\/wp-json\/wp\/v2\/pages"}],"about":[{"href":"https:\/\/magalhaesdealmeida.ma.gov.br\/transparencia\/wp-json\/wp\/v2\/types\/page"}],"author":[{"embeddable":true,"href":"https:\/\/magalhaesdealmeida.ma.gov.br\/transparencia\/wp-json\/wp\/v2\/users\/1"}],"replies":[{"embeddable":true,"href":"https:\/\/magalhaesdealmeida.ma.gov.br\/transparencia\/wp-json\/wp\/v2\/comments?post=10008"}],"version-history":[{"count":2,"href":"https:\/\/magalhaesdealmeida.ma.gov.br\/transparencia\/wp-json\/wp\/v2\/pages\/10008\/revisions"}],"predecessor-version":[{"id":24360,"href":"https:\/\/magalhaesdealmeida.ma.gov.br\/transparencia\/wp-json\/wp\/v2\/pages\/10008\/revisions\/24360"}],"wp:featuredmedia":[{"embeddable":true,"href":"https:\/\/magalhaesdealmeida.ma.gov.br\/transparencia\/wp-json\/wp\/v2\/media\/26922"}],"wp:attachment":[{"href":"https:\/\/magalhaesdealmeida.ma.gov.br\/transparencia\/wp-json\/wp\/v2\/media?parent=10008"}],"wp:term":[{"taxonomy":"category","embeddable":true,"href":"https:\/\/magalhaesdealmeida.ma.gov.br\/transparencia\/wp-json\/wp\/v2\/categories?post=10008"},{"taxonomy":"post_tag","embeddable":true,"href":"https:\/\/magalhaesdealmeida.ma.gov.br\/transparencia\/wp-json\/wp\/v2\/tags?post=10008"}],"curies":[{"name":"wp","href":"https:\/\/api.w.org\/{rel}","templated":true}]}}