{"id":10844,"date":"2021-12-09T11:12:30","date_gmt":"2021-12-09T14:12:30","guid":{"rendered":"https:\/\/magalhaesdealmeida.ma.gov.br\/transparencia\/?page_id=10844"},"modified":"2025-02-20T14:03:38","modified_gmt":"2025-02-20T17:03:38","slug":"pcg-prestacao-de-contas-de-governo","status":"publish","type":"page","link":"https:\/\/magalhaesdealmeida.ma.gov.br\/transparencia\/pcg-prestacao-de-contas-de-governo\/","title":{"rendered":"PCG &#8211; Presta\u00e7\u00e3o de Contas de Governo"},"content":{"rendered":"<p>Acompanhe a PCG &#8211; Presta\u00e7\u00e3o de Contas de Governo<\/p>\n<div id=\"footable_parent_18247\"\n         class=\" footable_parent ninja_table_wrapper loading_ninja_table wp_table_data_press_parent semantic_ui colored_table\">\n                <table data-ninja_table_instance=\"ninja_table_instance_0\" data-footable_id=\"18247\" data-filter-delay=\"1000\" aria-label=\"Presta\u00e7\u00e3o de Contas de Governo\"            id=\"footable_18247\"\n           data-unique_identifier=\"ninja_table_unique_id_175146715_18247\"\n           class=\" foo-table ninja_footable foo_table_18247 ninja_table_unique_id_175146715_18247 ui table  white nt_type_legacy_table selectable striped vertical_centered inverted footable-paging-right ninja_table_pro ninja_table_afd_inline ninja_table_has_custom_filter\">\n                <colgroup>\n                            <col class=\"ninja_column_0 \">\n                            <col class=\"ninja_column_1 hidden\">\n                            <col class=\"ninja_column_2 \">\n                            <col class=\"ninja_column_3 \">\n                    <\/colgroup>\n        <thead>\n<tr class=\"footable-header\">\n                                                                        <th scope=\"col\"  class=\"ninja_column_0 ninja_clmn_nm_posttitle \">Descri\u00e7\u00e3o<\/th><th scope=\"col\"  class=\"ninja_column_1 ninja_clmn_nm_postdate hidden\">Data da Publica\u00e7\u00e3o<\/th><th scope=\"col\"  class=\"ninja_column_2 ninja_clmn_nm_pcgano \">Ano<\/th><th scope=\"col\"  class=\"ninja_column_3 ninja_clmn_nm_download \">Download<\/th><\/tr>\n<\/thead>\n<tbody>\n\n        <tr data-row_id=\"0\" class=\"ninja_table_row_0 nt_row_id_0\">\n            <td>PCG \u2013 PRESTA\u00c7\u00c3O DE CONTAS DE GOVERNO: 01\/01\/2024 \u2013 31\/12\/2024<\/td><td>21\/05\/2025<\/td><td>2024<\/td><td><a target=\"_blank\"  class=\"nt_btn nt_rounded_btn\" style=\"color: rgba(255, 255, 255, 1);background-color: rgba(18, 150, 136, 1);border-color: rgba(18, 150, 136, 1);\" rel=\"\" href=\"https:\/\/magalhaesdealmeida.ma.gov.br\/transparencia\/wp-content\/uploads\/2025\/05\/SICONFI_DCA_1327_ANUAL_1-2024.pdf\">Download<\/a><\/td>        <\/tr>\n            <tr data-row_id=\"1\" class=\"ninja_table_row_1 nt_row_id_1\">\n            <td>PCG \u2013 PRESTA\u00c7\u00c3O DE CONTAS DE GOVERNO: 01\/01\/2023 \u2013 31\/12\/2023<\/td><td>21\/05\/2025<\/td><td>2023<\/td><td><a target=\"_blank\"  class=\"nt_btn nt_rounded_btn\" style=\"color: rgba(255, 255, 255, 1);background-color: rgba(18, 150, 136, 1);border-color: rgba(18, 150, 136, 1);\" rel=\"\" href=\"https:\/\/magalhaesdealmeida.ma.gov.br\/transparencia\/wp-content\/uploads\/2025\/05\/SICONFI_DCA_1327_ANUAL_1-2023.pdf\">Download<\/a><\/td>        <\/tr>\n            <tr data-row_id=\"2\" class=\"ninja_table_row_2 nt_row_id_2\">\n            <td>PCG \u2013 PRESTA\u00c7\u00c3O DE CONTAS DE GOVERNO: 01\/01\/2022 \u2013 31\/12\/2022<\/td><td>21\/05\/2025<\/td><td>2022<\/td><td><a target=\"_blank\"  class=\"nt_btn nt_rounded_btn\" style=\"color: rgba(255, 255, 255, 1);background-color: rgba(18, 150, 136, 1);border-color: rgba(18, 150, 136, 1);\" rel=\"\" href=\"https:\/\/magalhaesdealmeida.ma.gov.br\/transparencia\/wp-content\/uploads\/2025\/05\/SICONFI_DCA_1327_ANUAL_1-2022.pdf\">Download<\/a><\/td>        <\/tr>\n            <tr data-row_id=\"3\" class=\"ninja_table_row_3 nt_row_id_3\">\n            <td>PCG \u2013 PRESTA\u00c7\u00c3O DE CONTAS DE GOVERNO: 01\/01\/2021 \u2013 31\/12\/2021<\/td><td>21\/05\/2025<\/td><td>2021<\/td><td><a target=\"_blank\"  class=\"nt_btn nt_rounded_btn\" style=\"color: rgba(255, 255, 255, 1);background-color: rgba(18, 150, 136, 1);border-color: rgba(18, 150, 136, 1);\" rel=\"\" href=\"https:\/\/magalhaesdealmeida.ma.gov.br\/transparencia\/wp-content\/uploads\/2025\/05\/SICONFI_DCA_1327_ANUAL_1-2024.pdf\">Download<\/a><\/td>        <\/tr>\n            <tr data-row_id=\"4\" class=\"ninja_table_row_4 nt_row_id_4\">\n            <td>PCG \u2013 PRESTA\u00c7\u00c3O DE CONTAS DE GOVERNO: 01\/01\/2020 \u2013 31\/12\/2020<\/td><td>31\/12\/2020<\/td><td>2020<\/td><td><a target=\"_blank\"  class=\"nt_btn nt_rounded_btn\" style=\"color: rgba(255, 255, 255, 1);background-color: rgba(18, 150, 136, 1);border-color: rgba(18, 150, 136, 1);\" rel=\"\" href=\"https:\/\/magalhaesdealmeida.ma.gov.br\/transparencia\/wp-content\/uploads\/2021\/12\/SICONFI_DCA_2020-PM-MAGALHAES-DE-ALMEIDA.pdf\">Download<\/a><\/td>        <\/tr>\n            <tr data-row_id=\"5\" class=\"ninja_table_row_5 nt_row_id_5\">\n            <td>PCG \u2013 PRESTA\u00c7\u00c3O DE CONTAS DE GOVERNO: 01\/01\/2019 \u2013 31\/12\/2019<\/td><td>31\/12\/2019<\/td><td>2019<\/td><td><a target=\"_blank\"  class=\"nt_btn nt_rounded_btn\" style=\"color: rgba(255, 255, 255, 1);background-color: rgba(18, 150, 136, 1);border-color: rgba(18, 150, 136, 1);\" rel=\"\" href=\"https:\/\/magalhaesdealmeida.ma.gov.br\/transparencia\/wp-content\/uploads\/2021\/12\/SICONFI_DCA_2019-PM-MAGALHAES-DE-ALMEIDA.pdf\">Download<\/a><\/td>        <\/tr>\n            <tr data-row_id=\"6\" class=\"ninja_table_row_6 nt_row_id_6\">\n            <td>PCG \u2013 PRESTA\u00c7\u00c3O DE CONTAS DE GOVERNO: 01\/01\/2018 \u2013 31\/12\/2018<\/td><td>31\/12\/2018<\/td><td>2018<\/td><td><a target=\"_blank\"  class=\"nt_btn nt_rounded_btn\" style=\"color: rgba(255, 255, 255, 1);background-color: rgba(18, 150, 136, 1);border-color: rgba(18, 150, 136, 1);\" rel=\"\" href=\"https:\/\/magalhaesdealmeida.ma.gov.br\/transparencia\/wp-content\/uploads\/2021\/12\/SICONFI_DCA_2018-PM-MAGALHAES-DE-ALMEIDA.pdf\">Download<\/a><\/td>        <\/tr>\n    <\/tbody><!--ninja_tobody_rendering_done-->\n    <\/table>\n    \n    \n    \n<\/div>\n\n","protected":false},"excerpt":{"rendered":"<p>Acompanhe a PCG &#8211; Presta\u00e7\u00e3o de Contas de Governo<\/p>\n","protected":false},"author":1,"featured_media":0,"parent":0,"menu_order":0,"comment_status":"closed","ping_status":"closed","template":"","meta":{"_acf_changed":false,"footnotes":""},"categories":[85],"tags":[],"class_list":["post-10844","page","type-page","status-publish","hentry","category-planejamento-e-prestacao-de-contas"],"acf":{"nome":"PCG - Presta\u00e7\u00e3o de Contas de Governo","link":"https:\/\/magalhaesdealmeida.ma.gov.br\/transparencia\/pcg-prestacao-de-contas-de-governo\/","icone":"fas fa-file"},"_links":{"self":[{"href":"https:\/\/magalhaesdealmeida.ma.gov.br\/transparencia\/wp-json\/wp\/v2\/pages\/10844","targetHints":{"allow":["GET"]}}],"collection":[{"href":"https:\/\/magalhaesdealmeida.ma.gov.br\/transparencia\/wp-json\/wp\/v2\/pages"}],"about":[{"href":"https:\/\/magalhaesdealmeida.ma.gov.br\/transparencia\/wp-json\/wp\/v2\/types\/page"}],"author":[{"embeddable":true,"href":"https:\/\/magalhaesdealmeida.ma.gov.br\/transparencia\/wp-json\/wp\/v2\/users\/1"}],"replies":[{"embeddable":true,"href":"https:\/\/magalhaesdealmeida.ma.gov.br\/transparencia\/wp-json\/wp\/v2\/comments?post=10844"}],"version-history":[{"count":2,"href":"https:\/\/magalhaesdealmeida.ma.gov.br\/transparencia\/wp-json\/wp\/v2\/pages\/10844\/revisions"}],"predecessor-version":[{"id":18302,"href":"https:\/\/magalhaesdealmeida.ma.gov.br\/transparencia\/wp-json\/wp\/v2\/pages\/10844\/revisions\/18302"}],"wp:attachment":[{"href":"https:\/\/magalhaesdealmeida.ma.gov.br\/transparencia\/wp-json\/wp\/v2\/media?parent=10844"}],"wp:term":[{"taxonomy":"category","embeddable":true,"href":"https:\/\/magalhaesdealmeida.ma.gov.br\/transparencia\/wp-json\/wp\/v2\/categories?post=10844"},{"taxonomy":"post_tag","embeddable":true,"href":"https:\/\/magalhaesdealmeida.ma.gov.br\/transparencia\/wp-json\/wp\/v2\/tags?post=10844"}],"curies":[{"name":"wp","href":"https:\/\/api.w.org\/{rel}","templated":true}]}}