{"id":8289,"date":"2020-04-13T11:55:56","date_gmt":"2020-04-13T14:55:56","guid":{"rendered":"https:\/\/magalhaesdealmeida.ma.gov.br\/transparencia\/?page_id=8289"},"modified":"2025-02-20T14:41:29","modified_gmt":"2025-02-20T17:41:29","slug":"atas","status":"publish","type":"page","link":"https:\/\/magalhaesdealmeida.ma.gov.br\/transparencia\/atas\/","title":{"rendered":"Atas"},"content":{"rendered":"<p>Acesse as Atas do Munic\u00edpio<\/p>\n<div id=\"footable_parent_18243\"\n         class=\" footable_parent ninja_table_wrapper loading_ninja_table wp_table_data_press_parent semantic_ui colored_table\">\n                <table data-ninja_table_instance=\"ninja_table_instance_0\" data-footable_id=\"18243\" data-filter-delay=\"1000\" aria-label=\"Atas\"            id=\"footable_18243\"\n           data-unique_identifier=\"ninja_table_unique_id_2784804705_18243\"\n           class=\" foo-table ninja_footable foo_table_18243 ninja_table_unique_id_2784804705_18243 ui table  white nt_type_legacy_table selectable striped vertical_centered inverted footable-paging-right ninja_table_pro ninja_table_afd_inline ninja_table_has_custom_filter\">\n                <colgroup>\n                            <col class=\"ninja_column_0 \">\n                            <col class=\"ninja_column_1 \">\n                            <col class=\"ninja_column_2 \">\n                            <col class=\"ninja_column_3 \">\n                            <col class=\"ninja_column_4 \">\n                    <\/colgroup>\n        <thead>\n<tr class=\"footable-header\">\n                                                                                        <th scope=\"col\"  class=\"ninja_column_0 ninja_clmn_nm_posttitle \">Descri\u00e7\u00e3o<\/th><th scope=\"col\"  class=\"ninja_column_1 ninja_clmn_nm_postdate \">Data da Publica\u00e7\u00e3o<\/th><th scope=\"col\"  class=\"ninja_column_2 ninja_clmn_nm_atasano \">Ano<\/th><th scope=\"col\"  class=\"ninja_column_3 ninja_clmn_nm_atasmes \">M\u00eas<\/th><th scope=\"col\"  class=\"ninja_column_4 ninja_clmn_nm_download \">Download<\/th><\/tr>\n<\/thead>\n<tbody>\n\n        <tr data-row_id=\"0\" class=\"ninja_table_row_0 nt_row_id_0\">\n            <td>ATA DE CONSULTA P\u00daBLICA - POL\u00cdTICA NACIONAL ALDIR BLANC \u2013 PNAB<\/td><td>25\/07\/2024<\/td><td>2024<\/td><td>Julho<\/td><td><a target=\"_blank\"  class=\"nt_btn nt_rounded_btn\" style=\"color: rgba(255, 255, 255, 1);background-color: rgba(18, 150, 136, 1);border-color: rgba(18, 150, 136, 1);\" rel=\"\" href=\"https:\/\/magalhaesdealmeida.ma.gov.br\/transparencia\/wp-content\/uploads\/2024\/07\/ATA-DE-CONSULTA-PUBLICA-PNAB-MAGALHAES-DE-ALMEIDA.pdf\">Download<\/a><\/td>        <\/tr>\n            <tr data-row_id=\"1\" class=\"ninja_table_row_1 nt_row_id_1\">\n            <td>CESS\u00c3O DE DIREITOS SOBRE BENS<\/td><td>26\/06\/2024<\/td><td>2024<\/td><td>Junho<\/td><td><a target=\"_blank\"  class=\"nt_btn nt_rounded_btn\" style=\"color: rgba(255, 255, 255, 1);background-color: rgba(18, 150, 136, 1);border-color: rgba(18, 150, 136, 1);\" rel=\"\" href=\"https:\/\/magalhaesdealmeida.ma.gov.br\/transparencia\/wp-content\/uploads\/2024\/06\/Cessao-de-Direitos-Sobre-Bens-Ass.-Santo-Agostinho.pdf\">Download<\/a><\/td>        <\/tr>\n            <tr data-row_id=\"2\" class=\"ninja_table_row_2 nt_row_id_2\">\n            <td>TERMO DE ADES\u00c3O \u00c0 NOTA FISCAL DE SERVI\u00c7O ELETR\u00d4NICA DE PADR\u00c3O NACIONAL<\/td><td>12\/01\/2023<\/td><td>2023<\/td><td>Janeiro<\/td><td><a target=\"_blank\"  class=\"nt_btn nt_rounded_btn\" style=\"color: rgba(255, 255, 255, 1);background-color: rgba(18, 150, 136, 1);border-color: rgba(18, 150, 136, 1);\" rel=\"\" href=\"https:\/\/magalhaesdealmeida.ma.gov.br\/transparencia\/wp-content\/uploads\/2023\/01\/TERMO-DE-ADESAO-A-NOTA-FISCAL-DE-SERVICO-ELETRONICA-DE-PADRAO-NACIONAL.pdf\">Download<\/a><\/td>        <\/tr>\n            <tr data-row_id=\"3\" class=\"ninja_table_row_3 nt_row_id_3\">\n            <td>ATA DA REUNI\u00c3O DE ELEI\u00c7\u00c3O E POSSE DOS MEMBROS DO NOVO CONSELHO MUNICIPAL DE ACOMPANHAMENTO E CONTROLE SOCIAL DO FUNDO DE MANUTEN\u00c7\u00c3O DESENVOLVIMENTO DA EDUCA\u00c7\u00c3O B\u00c1SICA E DE VALORIZA\u00c7\u00c3O DOS PROFISSIONAIS DA EDUCA\u00c7\u00c3O \u2013 CACS\/FUNDEB DO MUNIC\u00cdPIO DE MAGALH\u00c3ES DE ALMEIDA\/MA<\/td><td>29\/12\/2022<\/td><td>2022<\/td><td>Dezembro<\/td><td><a target=\"_blank\"  class=\"nt_btn nt_rounded_btn\" style=\"color: rgba(255, 255, 255, 1);background-color: rgba(18, 150, 136, 1);border-color: rgba(18, 150, 136, 1);\" rel=\"\" href=\"https:\/\/magalhaesdealmeida.ma.gov.br\/transparencia\/wp-content\/uploads\/2022\/12\/ATA-DA-REUNIAO-DE-ELEICAO.pdf\">Download<\/a><\/td>        <\/tr>\n            <tr data-row_id=\"4\" class=\"ninja_table_row_4 nt_row_id_4\">\n            <td>ATA DE REUNI\u00c3O \u2013 Reformula\u00e7\u00e3o do plano de cargos e carreira dos profissionais da educa\u00e7\u00e3o de Magalh\u00e3es de Almeida \u2013 MA.<\/td><td>17\/11\/2022<\/td><td>2022<\/td><td>Novembro<\/td><td><a target=\"_blank\"  class=\"nt_btn nt_rounded_btn\" style=\"color: rgba(255, 255, 255, 1);background-color: rgba(18, 150, 136, 1);border-color: rgba(18, 150, 136, 1);\" rel=\"\" href=\"https:\/\/magalhaesdealmeida.ma.gov.br\/transparencia\/wp-content\/uploads\/2022\/11\/ATA-DE-REUNIAO-\u2013-Reformulacao-do-plano-de-cargos-e-carreira-dos-profissionais-da-educacao-de-Magalhaes-de-Almeida-\u2013-MA..pdf\">Download<\/a><\/td>        <\/tr>\n            <tr data-row_id=\"5\" class=\"ninja_table_row_5 nt_row_id_5\">\n            <td>ATA DA REUNI\u00c3O DE ELEI\u00c7\u00c3O E POSSE DOS MEMBROS DO NOVO CONSELHO MUNICIPAL DE ACOMPANHAMENTO E CONTROLE SOCIAL DO FUNDO DE MANUTEN\u00c7\u00c3O DESENVOLVIMENTO DA EDUCA\u00c7\u00c3O B\u00c1SICA E DE VALORIZA\u00c7\u00c3O DOS PROFISSIONAIS DA EDUCA\u00c7\u00c3O \u2013 CACS\/FUNDEB DO MUNICIPIO DE MAG. DE ALMEIDA - MARANH\u00c3O<\/td><td>13\/04\/2021<\/td><td>2021<\/td><td>Abril<\/td><td><a target=\"_blank\"  class=\"nt_btn nt_rounded_btn\" style=\"color: rgba(255, 255, 255, 1);background-color: rgba(18, 150, 136, 1);border-color: rgba(18, 150, 136, 1);\" rel=\"\" href=\"https:\/\/magalhaesdealmeida.ma.gov.br\/transparencia\/wp-content\/uploads\/2021\/04\/Ata-posse-Presidente-Conselho.pdf\">Download<\/a><\/td>        <\/tr>\n    <\/tbody><!--ninja_tobody_rendering_done-->\n    <\/table>\n    \n    \n    \n<\/div>\n\n","protected":false},"excerpt":{"rendered":"<p>Acesse as Atas do Munic\u00edpio<\/p>\n","protected":false},"author":1,"featured_media":26922,"parent":0,"menu_order":0,"comment_status":"closed","ping_status":"closed","template":"","meta":{"_acf_changed":false,"footnotes":""},"categories":[1,78],"tags":[],"class_list":["post-8289","page","type-page","status-publish","has-post-thumbnail","hentry","category-exibir-front","category-informacoes-institucionais"],"acf":{"nome":"Atas","link":"https:\/\/magalhaesdealmeida.ma.gov.br\/transparencia\/atas\/","icone":"fa-file-pdf"},"_links":{"self":[{"href":"https:\/\/magalhaesdealmeida.ma.gov.br\/transparencia\/wp-json\/wp\/v2\/pages\/8289","targetHints":{"allow":["GET"]}}],"collection":[{"href":"https:\/\/magalhaesdealmeida.ma.gov.br\/transparencia\/wp-json\/wp\/v2\/pages"}],"about":[{"href":"https:\/\/magalhaesdealmeida.ma.gov.br\/transparencia\/wp-json\/wp\/v2\/types\/page"}],"author":[{"embeddable":true,"href":"https:\/\/magalhaesdealmeida.ma.gov.br\/transparencia\/wp-json\/wp\/v2\/users\/1"}],"replies":[{"embeddable":true,"href":"https:\/\/magalhaesdealmeida.ma.gov.br\/transparencia\/wp-json\/wp\/v2\/comments?post=8289"}],"version-history":[{"count":5,"href":"https:\/\/magalhaesdealmeida.ma.gov.br\/transparencia\/wp-json\/wp\/v2\/pages\/8289\/revisions"}],"predecessor-version":[{"id":18295,"href":"https:\/\/magalhaesdealmeida.ma.gov.br\/transparencia\/wp-json\/wp\/v2\/pages\/8289\/revisions\/18295"}],"wp:featuredmedia":[{"embeddable":true,"href":"https:\/\/magalhaesdealmeida.ma.gov.br\/transparencia\/wp-json\/wp\/v2\/media\/26922"}],"wp:attachment":[{"href":"https:\/\/magalhaesdealmeida.ma.gov.br\/transparencia\/wp-json\/wp\/v2\/media?parent=8289"}],"wp:term":[{"taxonomy":"category","embeddable":true,"href":"https:\/\/magalhaesdealmeida.ma.gov.br\/transparencia\/wp-json\/wp\/v2\/categories?post=8289"},{"taxonomy":"post_tag","embeddable":true,"href":"https:\/\/magalhaesdealmeida.ma.gov.br\/transparencia\/wp-json\/wp\/v2\/tags?post=8289"}],"curies":[{"name":"wp","href":"https:\/\/api.w.org\/{rel}","templated":true}]}}

<p>Acesse as Atas do Município</p>
<div id="footable_parent_18243"
         class=" footable_parent ninja_table_wrapper loading_ninja_table wp_table_data_press_parent semantic_ui colored_table">
                <table data-ninja_table_instance="ninja_table_instance_0" data-footable_id="18243" data-filter-delay="1000" aria-label="Atas"            id="footable_18243"
           data-unique_identifier="ninja_table_unique_id_2784804705_18243"
           class=" foo-table ninja_footable foo_table_18243 ninja_table_unique_id_2784804705_18243 ui table  white nt_type_legacy_table selectable striped vertical_centered inverted footable-paging-right ninja_table_pro ninja_table_afd_inline ninja_table_has_custom_filter">
                <colgroup>
                            <col class="ninja_column_0 ">
                            <col class="ninja_column_1 ">
                            <col class="ninja_column_2 ">
                            <col class="ninja_column_3 ">
                            <col class="ninja_column_4 ">
                    </colgroup>
        <thead>
<tr class="footable-header">
                                                                                        <th scope="col"  class="ninja_column_0 ninja_clmn_nm_posttitle ">Descrição</th><th scope="col"  class="ninja_column_1 ninja_clmn_nm_postdate ">Data da Publicação</th><th scope="col"  class="ninja_column_2 ninja_clmn_nm_atasano ">Ano</th><th scope="col"  class="ninja_column_3 ninja_clmn_nm_atasmes ">Mês</th><th scope="col"  class="ninja_column_4 ninja_clmn_nm_download ">Download</th></tr>
</thead>
<tbody>

        <tr data-row_id="0" class="ninja_table_row_0 nt_row_id_0">
            <td>ATA DE CONSULTA PÚBLICA - POLÍTICA NACIONAL ALDIR BLANC – PNAB</td><td>25/07/2024</td><td>2024</td><td>Julho</td><td><a target="_blank"  class="nt_btn nt_rounded_btn" style="color: rgba(255, 255, 255, 1);background-color: rgba(18, 150, 136, 1);border-color: rgba(18, 150, 136, 1);" rel="" href="https://magalhaesdealmeida.ma.gov.br/transparencia/wp-content/uploads/2024/07/ATA-DE-CONSULTA-PUBLICA-PNAB-MAGALHAES-DE-ALMEIDA.pdf">Download</a></td>        </tr>
            <tr data-row_id="1" class="ninja_table_row_1 nt_row_id_1">
            <td>CESSÃO DE DIREITOS SOBRE BENS</td><td>26/06/2024</td><td>2024</td><td>Junho</td><td><a target="_blank"  class="nt_btn nt_rounded_btn" style="color: rgba(255, 255, 255, 1);background-color: rgba(18, 150, 136, 1);border-color: rgba(18, 150, 136, 1);" rel="" href="https://magalhaesdealmeida.ma.gov.br/transparencia/wp-content/uploads/2024/06/Cessao-de-Direitos-Sobre-Bens-Ass.-Santo-Agostinho.pdf">Download</a></td>        </tr>
            <tr data-row_id="2" class="ninja_table_row_2 nt_row_id_2">
            <td>TERMO DE ADESÃO À NOTA FISCAL DE SERVIÇO ELETRÔNICA DE PADRÃO NACIONAL</td><td>12/01/2023</td><td>2023</td><td>Janeiro</td><td><a target="_blank"  class="nt_btn nt_rounded_btn" style="color: rgba(255, 255, 255, 1);background-color: rgba(18, 150, 136, 1);border-color: rgba(18, 150, 136, 1);" rel="" href="https://magalhaesdealmeida.ma.gov.br/transparencia/wp-content/uploads/2023/01/TERMO-DE-ADESAO-A-NOTA-FISCAL-DE-SERVICO-ELETRONICA-DE-PADRAO-NACIONAL.pdf">Download</a></td>        </tr>
            <tr data-row_id="3" class="ninja_table_row_3 nt_row_id_3">
            <td>ATA DA REUNIÃO DE ELEIÇÃO E POSSE DOS MEMBROS DO NOVO CONSELHO MUNICIPAL DE ACOMPANHAMENTO E CONTROLE SOCIAL DO FUNDO DE MANUTENÇÃO DESENVOLVIMENTO DA EDUCAÇÃO BÁSICA E DE VALORIZAÇÃO DOS PROFISSIONAIS DA EDUCAÇÃO – CACS/FUNDEB DO MUNICÍPIO DE MAGALHÃES DE ALMEIDA/MA</td><td>29/12/2022</td><td>2022</td><td>Dezembro</td><td><a target="_blank"  class="nt_btn nt_rounded_btn" style="color: rgba(255, 255, 255, 1);background-color: rgba(18, 150, 136, 1);border-color: rgba(18, 150, 136, 1);" rel="" href="https://magalhaesdealmeida.ma.gov.br/transparencia/wp-content/uploads/2022/12/ATA-DA-REUNIAO-DE-ELEICAO.pdf">Download</a></td>        </tr>
            <tr data-row_id="4" class="ninja_table_row_4 nt_row_id_4">
            <td>ATA DE REUNIÃO – Reformulação do plano de cargos e carreira dos profissionais da educação de Magalhães de Almeida – MA.</td><td>17/11/2022</td><td>2022</td><td>Novembro</td><td><a target="_blank"  class="nt_btn nt_rounded_btn" style="color: rgba(255, 255, 255, 1);background-color: rgba(18, 150, 136, 1);border-color: rgba(18, 150, 136, 1);" rel="" href="https://magalhaesdealmeida.ma.gov.br/transparencia/wp-content/uploads/2022/11/ATA-DE-REUNIAO-–-Reformulacao-do-plano-de-cargos-e-carreira-dos-profissionais-da-educacao-de-Magalhaes-de-Almeida-–-MA..pdf">Download</a></td>        </tr>
            <tr data-row_id="5" class="ninja_table_row_5 nt_row_id_5">
            <td>ATA DA REUNIÃO DE ELEIÇÃO E POSSE DOS MEMBROS DO NOVO CONSELHO MUNICIPAL DE ACOMPANHAMENTO E CONTROLE SOCIAL DO FUNDO DE MANUTENÇÃO DESENVOLVIMENTO DA EDUCAÇÃO BÁSICA E DE VALORIZAÇÃO DOS PROFISSIONAIS DA EDUCAÇÃO – CACS/FUNDEB DO MUNICIPIO DE MAG. DE ALMEIDA - MARANHÃO</td><td>13/04/2021</td><td>2021</td><td>Abril</td><td><a target="_blank"  class="nt_btn nt_rounded_btn" style="color: rgba(255, 255, 255, 1);background-color: rgba(18, 150, 136, 1);border-color: rgba(18, 150, 136, 1);" rel="" href="https://magalhaesdealmeida.ma.gov.br/transparencia/wp-content/uploads/2021/04/Ata-posse-Presidente-Conselho.pdf">Download</a></td>        </tr>
    </tbody><!--ninja_tobody_rendering_done-->
    </table>
    
    
    
</div>

<p>Acesse as Atas do Município</p>
