{"id":9341,"date":"2021-03-10T23:59:31","date_gmt":"2021-03-11T02:59:31","guid":{"rendered":"https:\/\/magalhaesdealmeida.ma.gov.br\/transparencia\/?page_id=9341"},"modified":"2025-02-20T12:36:20","modified_gmt":"2025-02-20T15:36:20","slug":"estrutura-organizacional","status":"publish","type":"page","link":"https:\/\/magalhaesdealmeida.ma.gov.br\/transparencia\/estrutura-organizacional\/","title":{"rendered":"Estrutura Organizacional"},"content":{"rendered":"<p>Acesse as informa\u00e7\u00f5es da Estrutura Organizacional<br \/>\n<div id=\"footable_parent_21511\"\n         class=\" footable_parent ninja_table_wrapper loading_ninja_table wp_table_data_press_parent semantic_ui colored_table\">\n                <table data-ninja_table_instance=\"ninja_table_instance_0\" data-footable_id=\"21511\" data-filter-delay=\"1000\" aria-label=\"Estrutura Organizacional\"            id=\"footable_21511\"\n           data-unique_identifier=\"ninja_table_unique_id_2986847146_21511\"\n           class=\" foo-table ninja_footable foo_table_21511 ninja_table_unique_id_2986847146_21511 ui table  white nt_type_legacy_table selectable striped vertical_centered inverted footable-paging-right ninja_table_pro ninja_table_afd_inline ninja_table_has_custom_filter\">\n                <colgroup>\n                            <col class=\"ninja_column_0 \">\n                            <col class=\"ninja_column_1 \">\n                            <col class=\"ninja_column_2 \">\n                            <col class=\"ninja_column_3 \">\n                    <\/colgroup>\n        <thead>\n<tr class=\"footable-header\">\n                                                                        <th scope=\"col\"  class=\"ninja_column_0 ninja_clmn_nm_posttitle \">Descri\u00e7\u00e3o<\/th><th scope=\"col\"  class=\"ninja_column_1 ninja_clmn_nm_postdate \">Data da Publica\u00e7\u00e3o<\/th><th scope=\"col\"  class=\"ninja_column_2 ninja_clmn_nm_estruturaorganizacioano \">Ano<\/th><th scope=\"col\"  class=\"ninja_column_3 ninja_clmn_nm_download \">Download<\/th><\/tr>\n<\/thead>\n<tbody>\n\n        <tr data-row_id=\"0\" class=\"ninja_table_row_0 nt_row_id_0\">\n            <td>LEI N\u00ba 658 de 31 de Janeiro de 2025 - Altera a Lei n\u00ba 654 de 20 de janeiro de 2025, que disp\u00f5e sobre a restrutura\u00e7\u00e3o administrativa, organizacional e institucional da Prefeitura de Magalh\u00e3es de Almeida, Estado do Maranh\u00e3o e d\u00e1 outras provid\u00eancias.<\/td><td>31\/01\/2025<\/td><td>2025<\/td><td><a target=\"_blank\" download class=\"nt_btn nt_rounded_btn\" style=\"color: rgba(255, 255, 255, 1);background-color: rgba(18, 150, 136, 1);border-color: rgba(18, 150, 136, 1);\" rel=\"nofollow sponsored\" href=\"https:\/\/magalhaesdealmeida.ma.gov.br\/transparencia\/wp-content\/uploads\/2025\/03\/Lei-n.o-658.2025-Altera-a-Lei-654-Nova-Estrutura-Administrativa-da-Prefeitura.pdf\">Download<\/a><\/td>        <\/tr>\n            <tr data-row_id=\"1\" class=\"ninja_table_row_1 nt_row_id_1\">\n            <td>LEI N\u00ba 654 de 20 de janeiro de 2025 - Disp\u00f5e sobre reestrutura\u00e7\u00e3o administrativa, organizacional institucional da Prefeitura de Magalh\u00e3es de Almeida, Estado do Maranh\u00e3o e d\u00e1 outras provid\u00eancias.<\/td><td>20\/01\/2025<\/td><td>2025<\/td><td><a target=\"_blank\" download class=\"nt_btn nt_rounded_btn\" style=\"color: rgba(255, 255, 255, 1);background-color: rgba(18, 150, 136, 1);border-color: rgba(18, 150, 136, 1);\" rel=\"nofollow sponsored\" href=\"https:\/\/magalhaesdealmeida.ma.gov.br\/transparencia\/wp-content\/uploads\/2025\/03\/Lei-n.\u00b0-654.2025-Reestruturacao-Administrativa.pdf\">Download<\/a><\/td>        <\/tr>\n            <tr data-row_id=\"2\" class=\"ninja_table_row_2 nt_row_id_2\">\n            <td>Estrutura Organizacional \u2013 LEI N.\u00ba 543\/2022 \u2013 ALTERA A LEI N.\u00b0 534, DE 27 DE DEZEMBRO DE 2021, QUE DISP\u00d5E SOBRE A ESTRUTURA ADMINISTRATIVA, ORGANIZACIONAL E INSTITUCIONAL DA PREFEITURA MUNICIPAL DE MAGALH\u00c3ES DE ALMEIDA, E D\u00c1 OUTRAS PROVID\u00caNCIAS.<\/td><td>24\/02\/2022<\/td><td>2022<\/td><td><a target=\"_blank\" download class=\"nt_btn nt_rounded_btn\" style=\"color: rgba(255, 255, 255, 1);background-color: rgba(18, 150, 136, 1);border-color: rgba(18, 150, 136, 1);\" rel=\"nofollow sponsored\" href=\"https:\/\/magalhaesdealmeida.ma.gov.br\/transparencia\/wp-content\/uploads\/2022\/02\/LEI-N.o-543.2022.pdf\">Download<\/a><\/td>        <\/tr>\n            <tr data-row_id=\"3\" class=\"ninja_table_row_3 nt_row_id_3\">\n            <td>Estrutura Organizacional - LEI N.\u00ba 534\/2021 - DISP\u00d5E SOBRE A REESTRUTURA ADMINISTRATIVA, ORGANIZACIONAL E INSTITUCIONAL DA PREFEITURA MUNICIPAL DE MAGALH\u00c3ES DE ALMEIDA E D\u00c1 OUTRAS PROVID\u00caNCIAS.<\/td><td>27\/12\/2021<\/td><td>2021<\/td><td><a target=\"_blank\" download class=\"nt_btn nt_rounded_btn\" style=\"color: rgba(255, 255, 255, 1);background-color: rgba(18, 150, 136, 1);border-color: rgba(18, 150, 136, 1);\" rel=\"nofollow sponsored\" href=\"https:\/\/magalhaesdealmeida.ma.gov.br\/transparencia\/wp-content\/uploads\/2022\/01\/LEI-No-534-de-27-de-Dezembro-de-2021-Reestruturacao-Administrativa.pdf\">Download<\/a><\/td>        <\/tr>\n            <tr data-row_id=\"4\" class=\"ninja_table_row_4 nt_row_id_4\">\n            <td>Estrutura Organizacional - LEI N\u00ba 429\/2012 - Disp\u00f5e sobre a Reorganiza\u00e7\u00e3o Administrativa do Poder Executivo e d\u00e1 outras provid\u00eancias.<\/td><td>14\/12\/2012<\/td><td>2012<\/td><td><a target=\"_blank\" download class=\"nt_btn nt_rounded_btn\" style=\"color: rgba(255, 255, 255, 1);background-color: rgba(18, 150, 136, 1);border-color: rgba(18, 150, 136, 1);\" rel=\"nofollow sponsored\" href=\"https:\/\/magalhaesdealmeida.ma.gov.br\/transparencia\/wp-content\/uploads\/2021\/06\/LEI-N-429.2012-Dispoe-sobre-a-Reorganizacao-Administrativa-do-Poder-Executivo.pdf\">Download<\/a><\/td>        <\/tr>\n    <\/tbody><!--ninja_tobody_rendering_done-->\n    <\/table>\n    \n    \n    \n<\/div>\n<\/p>\n","protected":false},"excerpt":{"rendered":"<p>Acesse as informa\u00e7\u00f5es da Estrutura Organizacional<\/p>\n","protected":false},"author":1,"featured_media":26922,"parent":0,"menu_order":0,"comment_status":"closed","ping_status":"closed","template":"","meta":{"_acf_changed":false,"footnotes":""},"categories":[1,78],"tags":[],"class_list":["post-9341","page","type-page","status-publish","has-post-thumbnail","hentry","category-exibir-front","category-informacoes-institucionais"],"acf":{"nome":"Estrutura Organizacional","link":"https:\/\/magalhaesdealmeida.ma.gov.br\/transparencia\/estrutura-organizacional\/","icone":"fas fa-file"},"_links":{"self":[{"href":"https:\/\/magalhaesdealmeida.ma.gov.br\/transparencia\/wp-json\/wp\/v2\/pages\/9341","targetHints":{"allow":["GET"]}}],"collection":[{"href":"https:\/\/magalhaesdealmeida.ma.gov.br\/transparencia\/wp-json\/wp\/v2\/pages"}],"about":[{"href":"https:\/\/magalhaesdealmeida.ma.gov.br\/transparencia\/wp-json\/wp\/v2\/types\/page"}],"author":[{"embeddable":true,"href":"https:\/\/magalhaesdealmeida.ma.gov.br\/transparencia\/wp-json\/wp\/v2\/users\/1"}],"replies":[{"embeddable":true,"href":"https:\/\/magalhaesdealmeida.ma.gov.br\/transparencia\/wp-json\/wp\/v2\/comments?post=9341"}],"version-history":[{"count":3,"href":"https:\/\/magalhaesdealmeida.ma.gov.br\/transparencia\/wp-json\/wp\/v2\/pages\/9341\/revisions"}],"predecessor-version":[{"id":21512,"href":"https:\/\/magalhaesdealmeida.ma.gov.br\/transparencia\/wp-json\/wp\/v2\/pages\/9341\/revisions\/21512"}],"wp:featuredmedia":[{"embeddable":true,"href":"https:\/\/magalhaesdealmeida.ma.gov.br\/transparencia\/wp-json\/wp\/v2\/media\/26922"}],"wp:attachment":[{"href":"https:\/\/magalhaesdealmeida.ma.gov.br\/transparencia\/wp-json\/wp\/v2\/media?parent=9341"}],"wp:term":[{"taxonomy":"category","embeddable":true,"href":"https:\/\/magalhaesdealmeida.ma.gov.br\/transparencia\/wp-json\/wp\/v2\/categories?post=9341"},{"taxonomy":"post_tag","embeddable":true,"href":"https:\/\/magalhaesdealmeida.ma.gov.br\/transparencia\/wp-json\/wp\/v2\/tags?post=9341"}],"curies":[{"name":"wp","href":"https:\/\/api.w.org\/{rel}","templated":true}]}}

<p>Acesse as informações da Estrutura Organizacional<br />
<div id="footable_parent_21511"
         class=" footable_parent ninja_table_wrapper loading_ninja_table wp_table_data_press_parent semantic_ui colored_table">
                <table data-ninja_table_instance="ninja_table_instance_0" data-footable_id="21511" data-filter-delay="1000" aria-label="Estrutura Organizacional"            id="footable_21511"
           data-unique_identifier="ninja_table_unique_id_2986847146_21511"
           class=" foo-table ninja_footable foo_table_21511 ninja_table_unique_id_2986847146_21511 ui table  white nt_type_legacy_table selectable striped vertical_centered inverted footable-paging-right ninja_table_pro ninja_table_afd_inline ninja_table_has_custom_filter">
                <colgroup>
                            <col class="ninja_column_0 ">
                            <col class="ninja_column_1 ">
                            <col class="ninja_column_2 ">
                            <col class="ninja_column_3 ">
                    </colgroup>
        <thead>
<tr class="footable-header">
                                                                        <th scope="col"  class="ninja_column_0 ninja_clmn_nm_posttitle ">Descrição</th><th scope="col"  class="ninja_column_1 ninja_clmn_nm_postdate ">Data da Publicação</th><th scope="col"  class="ninja_column_2 ninja_clmn_nm_estruturaorganizacioano ">Ano</th><th scope="col"  class="ninja_column_3 ninja_clmn_nm_download ">Download</th></tr>
</thead>
<tbody>

        <tr data-row_id="0" class="ninja_table_row_0 nt_row_id_0">
            <td>LEI Nº 658 de 31 de Janeiro de 2025 - Altera a Lei nº 654 de 20 de janeiro de 2025, que dispõe sobre a restruturação administrativa, organizacional e institucional da Prefeitura de Magalhães de Almeida, Estado do Maranhão e dá outras providências.</td><td>31/01/2025</td><td>2025</td><td><a target="_blank" download class="nt_btn nt_rounded_btn" style="color: rgba(255, 255, 255, 1);background-color: rgba(18, 150, 136, 1);border-color: rgba(18, 150, 136, 1);" rel="nofollow sponsored" href="https://magalhaesdealmeida.ma.gov.br/transparencia/wp-content/uploads/2025/03/Lei-n.o-658.2025-Altera-a-Lei-654-Nova-Estrutura-Administrativa-da-Prefeitura.pdf">Download</a></td>        </tr>
            <tr data-row_id="1" class="ninja_table_row_1 nt_row_id_1">
            <td>LEI Nº 654 de 20 de janeiro de 2025 - Dispõe sobre reestruturação administrativa, organizacional institucional da Prefeitura de Magalhães de Almeida, Estado do Maranhão e dá outras providências.</td><td>20/01/2025</td><td>2025</td><td><a target="_blank" download class="nt_btn nt_rounded_btn" style="color: rgba(255, 255, 255, 1);background-color: rgba(18, 150, 136, 1);border-color: rgba(18, 150, 136, 1);" rel="nofollow sponsored" href="https://magalhaesdealmeida.ma.gov.br/transparencia/wp-content/uploads/2025/03/Lei-n.°-654.2025-Reestruturacao-Administrativa.pdf">Download</a></td>        </tr>
            <tr data-row_id="2" class="ninja_table_row_2 nt_row_id_2">
            <td>Estrutura Organizacional – LEI N.º 543/2022 – ALTERA A LEI N.° 534, DE 27 DE DEZEMBRO DE 2021, QUE DISPÕE SOBRE A ESTRUTURA ADMINISTRATIVA, ORGANIZACIONAL E INSTITUCIONAL DA PREFEITURA MUNICIPAL DE MAGALHÃES DE ALMEIDA, E DÁ OUTRAS PROVIDÊNCIAS.</td><td>24/02/2022</td><td>2022</td><td><a target="_blank" download class="nt_btn nt_rounded_btn" style="color: rgba(255, 255, 255, 1);background-color: rgba(18, 150, 136, 1);border-color: rgba(18, 150, 136, 1);" rel="nofollow sponsored" href="https://magalhaesdealmeida.ma.gov.br/transparencia/wp-content/uploads/2022/02/LEI-N.o-543.2022.pdf">Download</a></td>        </tr>
            <tr data-row_id="3" class="ninja_table_row_3 nt_row_id_3">
            <td>Estrutura Organizacional - LEI N.º 534/2021 - DISPÕE SOBRE A REESTRUTURA ADMINISTRATIVA, ORGANIZACIONAL E INSTITUCIONAL DA PREFEITURA MUNICIPAL DE MAGALHÃES DE ALMEIDA E DÁ OUTRAS PROVIDÊNCIAS.</td><td>27/12/2021</td><td>2021</td><td><a target="_blank" download class="nt_btn nt_rounded_btn" style="color: rgba(255, 255, 255, 1);background-color: rgba(18, 150, 136, 1);border-color: rgba(18, 150, 136, 1);" rel="nofollow sponsored" href="https://magalhaesdealmeida.ma.gov.br/transparencia/wp-content/uploads/2022/01/LEI-No-534-de-27-de-Dezembro-de-2021-Reestruturacao-Administrativa.pdf">Download</a></td>        </tr>
            <tr data-row_id="4" class="ninja_table_row_4 nt_row_id_4">
            <td>Estrutura Organizacional - LEI Nº 429/2012 - Dispõe sobre a Reorganização Administrativa do Poder Executivo e dá outras providências.</td><td>14/12/2012</td><td>2012</td><td><a target="_blank" download class="nt_btn nt_rounded_btn" style="color: rgba(255, 255, 255, 1);background-color: rgba(18, 150, 136, 1);border-color: rgba(18, 150, 136, 1);" rel="nofollow sponsored" href="https://magalhaesdealmeida.ma.gov.br/transparencia/wp-content/uploads/2021/06/LEI-N-429.2012-Dispoe-sobre-a-Reorganizacao-Administrativa-do-Poder-Executivo.pdf">Download</a></td>        </tr>
    </tbody><!--ninja_tobody_rendering_done-->
    </table>
    
    
    
</div>
</p>

<p>Acesse as informações da Estrutura Organizacional</p>
