{"id":10177,"date":"2021-09-03T16:28:48","date_gmt":"2021-09-03T19:28:48","guid":{"rendered":"https:\/\/magalhaesdealmeida.ma.gov.br\/transparencia\/?post_type=publicacoesdom&#038;p=10177"},"modified":"2021-09-03T16:28:48","modified_gmt":"2021-09-03T19:28:48","slug":"decreto-no-026-2021","status":"publish","type":"publicacoesdom","link":"https:\/\/magalhaesdealmeida.ma.gov.br\/transparencia\/publicacoesdom\/decreto-no-026-2021\/","title":{"rendered":"DECRETO N\u00ba 026\/2021"},"content":{"rendered":"<p>O PREFEITO MUNICIPAL DE MAGALH\u00c3ES DE ALMEIDA, Estado do Maranh\u00e3o, no uso de suas atribui\u00e7\u00f5es legais, <strong>RESOLVE: <\/strong><strong>Art. 1\u00ba &#8211;<\/strong> Fica decretado <strong>ponto facultativo<\/strong> no dia <strong>06 de setembro de 2021<\/strong>, em comemora\u00e7\u00e3o ao dia 07 de setembro dia da independia do Brasil. <strong>Par\u00e1grafo \u00danico \u2013<\/strong> Que os servi\u00e7os essenciais sejam mantidos um quadro m\u00ednimo de servidores necess\u00e1rios ao funcionamento desta Urbe. <strong>Art. 2\u00ba &#8211;<\/strong> Este decreto entra em vigor na data de sua publica\u00e7\u00e3o. Revogadas as disposi\u00e7\u00f5es em contr\u00e1rio. Leia-se, Publique-se e Cumpra-se, em Magalh\u00e3es de Almeida\/MA, 03 de setembro de 2021. Raimundo Nonato Carvalho, Prefeito Municipal.<\/p>\n<p>&nbsp;<\/p>\n","protected":false},"author":4,"template":"","class_list":["post-10177","publicacoesdom","type-publicacoesdom","status-publish","hentry"],"acf":{"tipo_de_publicacao_diario":"23","e_retificacao":"1","origem_do_diario":"Poder Executivo","codigo_verificador":"bd53f653da7eac7c5601522a38466923319dd7bd"},"_links":{"self":[{"href":"https:\/\/magalhaesdealmeida.ma.gov.br\/transparencia\/wp-json\/wp\/v2\/publicacoesdom\/10177","targetHints":{"allow":["GET"]}}],"collection":[{"href":"https:\/\/magalhaesdealmeida.ma.gov.br\/transparencia\/wp-json\/wp\/v2\/publicacoesdom"}],"about":[{"href":"https:\/\/magalhaesdealmeida.ma.gov.br\/transparencia\/wp-json\/wp\/v2\/types\/publicacoesdom"}],"author":[{"embeddable":true,"href":"https:\/\/magalhaesdealmeida.ma.gov.br\/transparencia\/wp-json\/wp\/v2\/users\/4"}],"wp:attachment":[{"href":"https:\/\/magalhaesdealmeida.ma.gov.br\/transparencia\/wp-json\/wp\/v2\/media?parent=10177"}],"curies":[{"name":"wp","href":"https:\/\/api.w.org\/{rel}","templated":true}]}}

DECRETO Nº 026/2021

<p>O PREFEITO MUNICIPAL DE MAGALHÃES DE ALMEIDA, Estado do Maranhão, no uso de suas atribuições legais, <strong>RESOLVE: </strong><strong>Art. 1º &#8211;</strong> Fica decretado <strong>ponto facultativo</strong> no dia <strong>06 de setembro de 2021</strong>, em comemoração ao dia 07 de setembro dia da independia do Brasil. <strong>Parágrafo Único –</strong> Que os serviços essenciais sejam mantidos um quadro mínimo de servidores necessários ao funcionamento desta Urbe. <strong>Art. 2º &#8211;</strong> Este decreto entra em vigor na data de sua publicação. Revogadas as disposições em contrário. Leia-se, Publique-se e Cumpra-se, em Magalhães de Almeida/MA, 03 de setembro de 2021. Raimundo Nonato Carvalho, Prefeito Municipal.</p>
<p>&nbsp;</p>
