{"id":10311,"date":"2021-09-14T16:12:18","date_gmt":"2021-09-14T19:12:18","guid":{"rendered":"https:\/\/magalhaesdealmeida.ma.gov.br\/transparencia\/?post_type=publicacoesdom&#038;p=10311"},"modified":"2021-09-14T16:12:18","modified_gmt":"2021-09-14T19:12:18","slug":"3o-ata-da-sessao-tomada-de-precos-no-005-2021","status":"publish","type":"publicacoesdom","link":"https:\/\/magalhaesdealmeida.ma.gov.br\/transparencia\/publicacoesdom\/3o-ata-da-sessao-tomada-de-precos-no-005-2021\/","title":{"rendered":"3\u00ba ATA DA SESS\u00c3O &#8211; TOMADA DE PRE\u00c7OS N\u00ba 005\/2021"},"content":{"rendered":"<p>\u00c0s 11: 00 (onze) horas e (20) vinte minutos, do dia 14 de setembro de 2021, na sala da Comiss\u00e3o Permanente de Licita\u00e7\u00e3o, situada provisoriamente Rua Manoel Pires de Castro, 279 \u2013 Centro \u2013 Magalh\u00e3es de Almeida\/MA, reuniram-se os membros da Comiss\u00e3o Permanente de Licita\u00e7\u00e3o, designada por Portaria do Poder Executivo Municipal de agosto de 2021, composta por <strong>FRANCIEL PESSOA DA SILVA<\/strong> &#8211; Presidente; <strong>MARIA TAMIRES FREITAS SILVA <\/strong>\u00a0&#8211; Membro e <strong>MAR\u00cdLIA NUNES DA SILVA <\/strong>&#8211; Membro, declinados para da continua\u00e7\u00e3o nos trabalhos suspensos dia 10\/09\/2021, reiniciado os trabalhos para analisar as propostas comerciais apresentadas pelas licitantes: <strong>EVALDO DA SILVA CONSTRU\u00c7\u00d5ES EIRELI<\/strong> e <strong>J B EMPREENDIMENTOS EIRELI<\/strong>, onde foram analisados os valores ofertados como segue: <strong>EVALDO DA SILVA CONSTRU\u00c7\u00d5ES EIRELI<\/strong>, Valor Global Proposto <strong>R$: 349.999,84 (trezentos e quarenta e nove mil, novecentos e noventa e nove reais e oitenta e quatro centavos)<\/strong> e <strong>J B EMPREENDIMENTOS EIRELI<\/strong>, Valor Global Proposto <strong>R$: 390.005,38 (trezentos e noventa mil, cinco reais e trinta e oito centavos),<\/strong> a comiss\u00e3o fazendo refer\u00eancia ao item 8.2.5. do edital que diz (<strong>O julgamento das propostas ser\u00e1 efetuado pela CPL e ser\u00e1 considerada vencedora a licitante que apresentar o MENOR PRE\u00c7O GLOBAL, entre aquelas que cumprirem integralmente as exig\u00eancias contidas neste edital.) <\/strong>enviou ent\u00e3o a proposta da licitante <strong>EVALDO DA SILVA CONSTRU\u00c7\u00d5ES EIRELI<\/strong> para que fosse emitido parecer t\u00e9cnico pela Secretaria Municipal de Obras do munic\u00edpio quanto da sua aceitabilidade, em resposta a secretaria enviou documento apontando que a proposta atende aos requisitos t\u00e9cnicos de admissibilidade, o presidente ent\u00e3o <strong>DECLARA<\/strong> a licitante: <strong>EVALDO DA SILVA CONSTRU\u00c7\u00d5ES EIRELI,<\/strong>\u00a0\u00a0 <strong>HABILITADA<\/strong> e<strong> VENCEDORA<\/strong> do certame. Realizada a comunica\u00e7\u00e3o da habilitada que \u00a0sagrou-se\u00a0 vencedora do certame, o Pregoeiro conceder\u00e1 prazo de\u00a0 03 (tr\u00eas) dias para que os demais licitantes se manifestem acerca do julgamento realizado, direito este concedido conforme o art. 109 da Lei 8.666\/93, e previsto no item 7.2 do instrumento convocat\u00f3rio, diante do resultado final, o presidente determinou a publica\u00e7\u00e3o do resultado via Di\u00e1rio Oficial do Munic\u00edpio de Magalh\u00e3es de Almeida\/MA e via e-mail para as licitantes habilitadas, deu-se por encerrada a sess\u00e3o as 12:00 (doze) horas e cinco minutos, e esta ata vai assinada por mim e pelos outros Membros da Comiss\u00e3o.<br \/>\nPrefeitura Municipal de Magalh\u00e3es de Almeida\/MA, 14 de setembro de 2021. Franciel Pessoa da Silva, Presidente da Comiss\u00e3o de Licita\u00e7\u00e3o.<\/p>\n","protected":false},"author":4,"template":"","class_list":["post-10311","publicacoesdom","type-publicacoesdom","status-publish","hentry"],"acf":{"tipo_de_publicacao_diario":"42","e_retificacao":"1","origem_do_diario":"Poder Executivo","codigo_verificador":"ca7c5c49e0bdddec480cbaaa4bf22b385be92921"},"_links":{"self":[{"href":"https:\/\/magalhaesdealmeida.ma.gov.br\/transparencia\/wp-json\/wp\/v2\/publicacoesdom\/10311","targetHints":{"allow":["GET"]}}],"collection":[{"href":"https:\/\/magalhaesdealmeida.ma.gov.br\/transparencia\/wp-json\/wp\/v2\/publicacoesdom"}],"about":[{"href":"https:\/\/magalhaesdealmeida.ma.gov.br\/transparencia\/wp-json\/wp\/v2\/types\/publicacoesdom"}],"author":[{"embeddable":true,"href":"https:\/\/magalhaesdealmeida.ma.gov.br\/transparencia\/wp-json\/wp\/v2\/users\/4"}],"wp:attachment":[{"href":"https:\/\/magalhaesdealmeida.ma.gov.br\/transparencia\/wp-json\/wp\/v2\/media?parent=10311"}],"curies":[{"name":"wp","href":"https:\/\/api.w.org\/{rel}","templated":true}]}}

3º ATA DA SESSÃO &#8211; TOMADA DE PREÇOS Nº 005/2021

<p>Às 11: 00 (onze) horas e (20) vinte minutos, do dia 14 de setembro de 2021, na sala da Comissão Permanente de Licitação, situada provisoriamente Rua Manoel Pires de Castro, 279 – Centro – Magalhães de Almeida/MA, reuniram-se os membros da Comissão Permanente de Licitação, designada por Portaria do Poder Executivo Municipal de agosto de 2021, composta por <strong>FRANCIEL PESSOA DA SILVA</strong> &#8211; Presidente; <strong>MARIA TAMIRES FREITAS SILVA </strong> &#8211; Membro e <strong>MARÍLIA NUNES DA SILVA </strong>&#8211; Membro, declinados para da continuação nos trabalhos suspensos dia 10/09/2021, reiniciado os trabalhos para analisar as propostas comerciais apresentadas pelas licitantes: <strong>EVALDO DA SILVA CONSTRUÇÕES EIRELI</strong> e <strong>J B EMPREENDIMENTOS EIRELI</strong>, onde foram analisados os valores ofertados como segue: <strong>EVALDO DA SILVA CONSTRUÇÕES EIRELI</strong>, Valor Global Proposto <strong>R$: 349.999,84 (trezentos e quarenta e nove mil, novecentos e noventa e nove reais e oitenta e quatro centavos)</strong> e <strong>J B EMPREENDIMENTOS EIRELI</strong>, Valor Global Proposto <strong>R$: 390.005,38 (trezentos e noventa mil, cinco reais e trinta e oito centavos),</strong> a comissão fazendo referência ao item 8.2.5. do edital que diz (<strong>O julgamento das propostas será efetuado pela CPL e será considerada vencedora a licitante que apresentar o MENOR PREÇO GLOBAL, entre aquelas que cumprirem integralmente as exigências contidas neste edital.) </strong>enviou então a proposta da licitante <strong>EVALDO DA SILVA CONSTRUÇÕES EIRELI</strong> para que fosse emitido parecer técnico pela Secretaria Municipal de Obras do município quanto da sua aceitabilidade, em resposta a secretaria enviou documento apontando que a proposta atende aos requisitos técnicos de admissibilidade, o presidente então <strong>DECLARA</strong> a licitante: <strong>EVALDO DA SILVA CONSTRUÇÕES EIRELI,</strong>   <strong>HABILITADA</strong> e<strong> VENCEDORA</strong> do certame. Realizada a comunicação da habilitada que  sagrou-se  vencedora do certame, o Pregoeiro concederá prazo de  03 (três) dias para que os demais licitantes se manifestem acerca do julgamento realizado, direito este concedido conforme o art. 109 da Lei 8.666/93, e previsto no item 7.2 do instrumento convocatório, diante do resultado final, o presidente determinou a publicação do resultado via Diário Oficial do Município de Magalhães de Almeida/MA e via e-mail para as licitantes habilitadas, deu-se por encerrada a sessão as 12:00 (doze) horas e cinco minutos, e esta ata vai assinada por mim e pelos outros Membros da Comissão.<br />
Prefeitura Municipal de Magalhães de Almeida/MA, 14 de setembro de 2021. Franciel Pessoa da Silva, Presidente da Comissão de Licitação.</p>
