{"id":10992,"date":"2022-01-04T16:17:34","date_gmt":"2022-01-04T19:17:34","guid":{"rendered":"https:\/\/magalhaesdealmeida.ma.gov.br\/transparencia\/?post_type=publicacoesdom&#038;p=10992"},"modified":"2022-01-04T16:17:34","modified_gmt":"2022-01-04T19:17:34","slug":"portaria-n-o-009-2022-gp-de-04-de-janeiro-de-2022","status":"publish","type":"publicacoesdom","link":"https:\/\/magalhaesdealmeida.ma.gov.br\/transparencia\/publicacoesdom\/portaria-n-o-009-2022-gp-de-04-de-janeiro-de-2022\/","title":{"rendered":"PORTARIA N.\u00ba 009\/2022 &#8211; GP DE 04 DE JANEIRO DE 2022"},"content":{"rendered":"<p><strong><u>TERMO DE NOMEA\u00c7\u00c3O<br \/>\n<\/u><\/strong>Institui a Nomea\u00e7\u00e3o da Sra. <strong>LUZIA SANTOS DA SILVA<\/strong>, para o cargo de <strong>SECRET\u00c1RIA MUNICIPAL DE ASSIST\u00caNCIA SOCIAL.<br \/>\n<\/strong>O PREFEITO MUNICIPAL DE MAGALH\u00c3ES DE ALMEIDA, Estado do Maranh\u00e3o, no uso de suas atribui\u00e7\u00f5es legais, <strong><u>RESOLVE<\/u><\/strong><strong>:<br \/>\n<\/strong><strong>Art. 1\u00ba &#8211; NOMEAR<\/strong> a Sra. <strong>LUZIA SANTOS DA SILVA<\/strong>, brasileira, casada, capaz, portadora do CPF 504.489.353-68, para o cargo de <strong>SECRET\u00c1RIA MUNICIPAL DE ASSIST\u00caNCIA SOCIAL.<br \/>\n<\/strong><strong>Art.2\u00b0 &#8211;<\/strong> Delegar nos moldes do Decreto Municipal n\u00b0002\/2022, a compet\u00eancia para nomea\u00e7\u00e3o e exonera\u00e7\u00e3o dos cargos de provimento em comiss\u00e3o desta secretaria, dentro dos limites estabelecidos na Lei Municipal n\u00b0 534\/2021.<br \/>\n<strong>Art. 3\u00ba &#8211;<\/strong> Esta Portaria entra em vigor na data de sua publica\u00e7\u00e3o. Revogadas as disposi\u00e7\u00f5es em contr\u00e1rio.<br \/>\nLeia-se, Publique-se e Cumpra-se, em Magalh\u00e3es de Almeida\/MA, 04 de janeiro de 2022. Raimundo Nonato Carvalho, Prefeito Municipal.<\/p>\n","protected":false},"author":4,"template":"","class_list":["post-10992","publicacoesdom","type-publicacoesdom","status-publish","hentry"],"acf":{"tipo_de_publicacao_diario":"36","e_retificacao":"1","origem_do_diario":"Poder Executivo","codigo_verificador":"ab3c8bab5299f692a42386c2e7841b3a4f2974af"},"_links":{"self":[{"href":"https:\/\/magalhaesdealmeida.ma.gov.br\/transparencia\/wp-json\/wp\/v2\/publicacoesdom\/10992","targetHints":{"allow":["GET"]}}],"collection":[{"href":"https:\/\/magalhaesdealmeida.ma.gov.br\/transparencia\/wp-json\/wp\/v2\/publicacoesdom"}],"about":[{"href":"https:\/\/magalhaesdealmeida.ma.gov.br\/transparencia\/wp-json\/wp\/v2\/types\/publicacoesdom"}],"author":[{"embeddable":true,"href":"https:\/\/magalhaesdealmeida.ma.gov.br\/transparencia\/wp-json\/wp\/v2\/users\/4"}],"wp:attachment":[{"href":"https:\/\/magalhaesdealmeida.ma.gov.br\/transparencia\/wp-json\/wp\/v2\/media?parent=10992"}],"curies":[{"name":"wp","href":"https:\/\/api.w.org\/{rel}","templated":true}]}}

PORTARIA N.º 009/2022 &#8211; GP DE 04 DE JANEIRO DE 2022

<p><strong><u>TERMO DE NOMEAÇÃO<br />
</u></strong>Institui a Nomeação da Sra. <strong>LUZIA SANTOS DA SILVA</strong>, para o cargo de <strong>SECRETÁRIA MUNICIPAL DE ASSISTÊNCIA SOCIAL.<br />
</strong>O PREFEITO MUNICIPAL DE MAGALHÃES DE ALMEIDA, Estado do Maranhão, no uso de suas atribuições legais, <strong><u>RESOLVE</u></strong><strong>:<br />
</strong><strong>Art. 1º &#8211; NOMEAR</strong> a Sra. <strong>LUZIA SANTOS DA SILVA</strong>, brasileira, casada, capaz, portadora do CPF 504.489.353-68, para o cargo de <strong>SECRETÁRIA MUNICIPAL DE ASSISTÊNCIA SOCIAL.<br />
</strong><strong>Art.2° &#8211;</strong> Delegar nos moldes do Decreto Municipal n°002/2022, a competência para nomeação e exoneração dos cargos de provimento em comissão desta secretaria, dentro dos limites estabelecidos na Lei Municipal n° 534/2021.<br />
<strong>Art. 3º &#8211;</strong> Esta Portaria entra em vigor na data de sua publicação. Revogadas as disposições em contrário.<br />
Leia-se, Publique-se e Cumpra-se, em Magalhães de Almeida/MA, 04 de janeiro de 2022. Raimundo Nonato Carvalho, Prefeito Municipal.</p>
