{"id":11455,"date":"2022-01-12T11:16:48","date_gmt":"2022-01-12T14:16:48","guid":{"rendered":"https:\/\/magalhaesdealmeida.ma.gov.br\/transparencia\/?post_type=publicacoesdom&#038;p=11455"},"modified":"2022-01-12T11:16:48","modified_gmt":"2022-01-12T14:16:48","slug":"portaria-n-o-001-2022-semecti-2","status":"publish","type":"publicacoesdom","link":"https:\/\/magalhaesdealmeida.ma.gov.br\/transparencia\/publicacoesdom\/portaria-n-o-001-2022-semecti-2\/","title":{"rendered":"PORTARIA N.\u00ba 001\/2022 &#8211; SEMECTI"},"content":{"rendered":"<p><strong><u>TERMO DE NOMEA\u00c7\u00c3O<br \/>\n<\/u><\/strong><strong>INSTITUE A NOMEA\u00c7\u00c3O DE GESTOR GERAL &#8211; LEI N\u00ba499\/2018<\/strong><br \/>\nO Prefeito Municipal de Magalh\u00e3es de Almeida, Estado do Maranh\u00e3o, no uso de suas atribui\u00e7\u00f5es e de conformidade com a Lei Org\u00e2nica Municipal Capitulo VII, Se\u00e7\u00e3o II, Artigo 65.<br \/>\nConsiderando o disposto no inciso II do art. 9\u00ba da Lei n\u00ba 236 de 02 de janeiro de 1998,<br \/>\n<strong>CONSIDERANDO<\/strong> que o Decreto n\u00b0 002\/2022 regulamentou a Lei Municipal n\u00b0 534\/2021 de modo a possibilitar a delega\u00e7\u00e3o de compet\u00eancia aos secret\u00e1rios municipais e demais cargos equiparados para que procedam \u00e0 nomea\u00e7\u00e3o e exonera\u00e7\u00e3o dos cargos de provimento em comiss\u00e3o de seus respectivos quadros, dentro dos limites estabelecidos na Lei Municipal n\u00b0 534\/2021, <strong>RESOLVE:<br \/>\n<\/strong><strong>Art. 1\u00ba &#8211; NOMEAR<\/strong> a Sra.<strong> Jeilsa Ferreira da Silva<\/strong>, brasileira, casada, maior, capaz, portador do <strong>CPF n\u00ba 013.691.083-11, RG 04751502013-2 SSP MA<\/strong> para <strong>exercer o cargo de GESTOR GERAL, lotado na Secretaria de Educa\u00e7\u00e3o, Ci\u00eancias, Tecnologia e Inova\u00e7\u00e3o.<br \/>\n<\/strong><strong>Art. 2\u00ba &#8211;<\/strong> Esta portaria entra em vigor na data de sua publica\u00e7\u00e3o. Revogadas as disposi\u00e7\u00f5es em contr\u00e1rio.<br \/>\nLeia-se, Publique-se e cumpra-se em Magalh\u00e3es de Almeida\/MA, 06 de janeiro de 2022. Ma\u00e9lio Cesar Freitas dos Santos, SECRET\u00c1RIO DE EDUCA\u00c7\u00c3O, CI\u00caNCIAS, TECNOLOGIA E INOVA\u00c7\u00c3O<\/p>\n","protected":false},"author":4,"template":"","class_list":["post-11455","publicacoesdom","type-publicacoesdom","status-publish","hentry"],"acf":{"tipo_de_publicacao_diario":"36","e_retificacao":"1","origem_do_diario":"Poder Executivo","codigo_verificador":"745769417c86c39b6a1ad5a1ad8ea330cc31b08a"},"_links":{"self":[{"href":"https:\/\/magalhaesdealmeida.ma.gov.br\/transparencia\/wp-json\/wp\/v2\/publicacoesdom\/11455","targetHints":{"allow":["GET"]}}],"collection":[{"href":"https:\/\/magalhaesdealmeida.ma.gov.br\/transparencia\/wp-json\/wp\/v2\/publicacoesdom"}],"about":[{"href":"https:\/\/magalhaesdealmeida.ma.gov.br\/transparencia\/wp-json\/wp\/v2\/types\/publicacoesdom"}],"author":[{"embeddable":true,"href":"https:\/\/magalhaesdealmeida.ma.gov.br\/transparencia\/wp-json\/wp\/v2\/users\/4"}],"wp:attachment":[{"href":"https:\/\/magalhaesdealmeida.ma.gov.br\/transparencia\/wp-json\/wp\/v2\/media?parent=11455"}],"curies":[{"name":"wp","href":"https:\/\/api.w.org\/{rel}","templated":true}]}}

PORTARIA N.º 001/2022 &#8211; SEMECTI

<p><strong><u>TERMO DE NOMEAÇÃO<br />
</u></strong><strong>INSTITUE A NOMEAÇÃO DE GESTOR GERAL &#8211; LEI Nº499/2018</strong><br />
O Prefeito Municipal de Magalhães de Almeida, Estado do Maranhão, no uso de suas atribuições e de conformidade com a Lei Orgânica Municipal Capitulo VII, Seção II, Artigo 65.<br />
Considerando o disposto no inciso II do art. 9º da Lei nº 236 de 02 de janeiro de 1998,<br />
<strong>CONSIDERANDO</strong> que o Decreto n° 002/2022 regulamentou a Lei Municipal n° 534/2021 de modo a possibilitar a delegação de competência aos secretários municipais e demais cargos equiparados para que procedam à nomeação e exoneração dos cargos de provimento em comissão de seus respectivos quadros, dentro dos limites estabelecidos na Lei Municipal n° 534/2021, <strong>RESOLVE:<br />
</strong><strong>Art. 1º &#8211; NOMEAR</strong> a Sra.<strong> Jeilsa Ferreira da Silva</strong>, brasileira, casada, maior, capaz, portador do <strong>CPF nº 013.691.083-11, RG 04751502013-2 SSP MA</strong> para <strong>exercer o cargo de GESTOR GERAL, lotado na Secretaria de Educação, Ciências, Tecnologia e Inovação.<br />
</strong><strong>Art. 2º &#8211;</strong> Esta portaria entra em vigor na data de sua publicação. Revogadas as disposições em contrário.<br />
Leia-se, Publique-se e cumpra-se em Magalhães de Almeida/MA, 06 de janeiro de 2022. Maélio Cesar Freitas dos Santos, SECRETÁRIO DE EDUCAÇÃO, CIÊNCIAS, TECNOLOGIA E INOVAÇÃO</p>
