{"id":11478,"date":"2022-01-12T15:26:16","date_gmt":"2022-01-12T18:26:16","guid":{"rendered":"https:\/\/magalhaesdealmeida.ma.gov.br\/transparencia\/?post_type=publicacoesdom&#038;p=11478"},"modified":"2022-01-12T15:26:16","modified_gmt":"2022-01-12T18:26:16","slug":"portaria-n-o-004-2022-semcidh","status":"publish","type":"publicacoesdom","link":"https:\/\/magalhaesdealmeida.ma.gov.br\/transparencia\/publicacoesdom\/portaria-n-o-004-2022-semcidh\/","title":{"rendered":"PORTARIA N.\u00ba 004\/2022 &#8211; SEMCIDH"},"content":{"rendered":"<p><strong><u>TERMO DE NOMEA\u00c7\u00c3O<br \/>\n<\/u><\/strong><strong>INSTITUE A DESIGNA\u00c7\u00c3O DE COORDENADORA DE EXPEDI\u00c7\u00c3O DE DOCUMENTOS (DAS-2)<\/strong><br \/>\nO Prefeito Municipal de Magalh\u00e3es de Almeida, Estado do Maranh\u00e3o, no uso de suas atribui\u00e7\u00f5es e de conformidade com a Lei Org\u00e2nica Municipal Capitulo VII, Se\u00e7\u00e3o II, Artigo 65.<br \/>\nConsiderando o disposto no inciso II do art. 9\u00ba da Lei n\u00ba 236 de 02 de janeiro de 1998,<br \/>\n<strong>CONSIDERANDO<\/strong> que o Decreto n\u00b0 002\/2022 regulamentou a Lei Municipal n\u00b0 534\/2021 de modo a possibilitar a delega\u00e7\u00e3o de compet\u00eancia aos secret\u00e1rios municipais e demais cargos equiparados para que procedam \u00e0 nomea\u00e7\u00e3o e exonera\u00e7\u00e3o dos cargos de provimento em comiss\u00e3o de seus respectivos quadros, dentro dos limites estabelecidos na Lei Municipal n\u00b0 534\/2021, <strong>RESOLVE:<br \/>\n<\/strong><strong>Art. 1\u00ba &#8211; DESIGNAR<\/strong> a Sra.<strong> MARCELINA BATISTA DE SOUSA<\/strong>, brasileira, solteira, maior, capaz, portadora do <strong>CPF n\u00ba 782.546.553-91, RG 000037674094-9 SSP MA, servidora p\u00fablica municipal efetiva, matr\u00edcula n\u00ba 17-1,<\/strong> para <strong>exercer o cargo de COORDENADORA DE EXPEDI\u00c7\u00c3O DE DOCUMENTOS (DAS-2), lotada na Secretaria Municipal de Cidadania e Direitos Humanos.<br \/>\n<\/strong><strong>Art. 2\u00ba &#8211;<\/strong> Esta portaria entra em vigor na data de sua publica\u00e7\u00e3o. Revogadas as disposi\u00e7\u00f5es em contr\u00e1rio.<br \/>\nLeia-se, Publique-se e cumpra-se em Magalh\u00e3es de Almeida\/MA, 12 de janeiro de 2022. LA\u00c9RCIO DE CARVALHO LIMA, SECRET\u00c1RIO MUNICIPAL DE CIDADANIA E DIREITOS HUMANOS.<\/p>\n","protected":false},"author":4,"template":"","class_list":["post-11478","publicacoesdom","type-publicacoesdom","status-publish","hentry"],"acf":{"tipo_de_publicacao_diario":"36","e_retificacao":"1","origem_do_diario":"Poder Executivo","codigo_verificador":"1dc1275b255c734c0711509f4b379ff80144852f"},"_links":{"self":[{"href":"https:\/\/magalhaesdealmeida.ma.gov.br\/transparencia\/wp-json\/wp\/v2\/publicacoesdom\/11478","targetHints":{"allow":["GET"]}}],"collection":[{"href":"https:\/\/magalhaesdealmeida.ma.gov.br\/transparencia\/wp-json\/wp\/v2\/publicacoesdom"}],"about":[{"href":"https:\/\/magalhaesdealmeida.ma.gov.br\/transparencia\/wp-json\/wp\/v2\/types\/publicacoesdom"}],"author":[{"embeddable":true,"href":"https:\/\/magalhaesdealmeida.ma.gov.br\/transparencia\/wp-json\/wp\/v2\/users\/4"}],"wp:attachment":[{"href":"https:\/\/magalhaesdealmeida.ma.gov.br\/transparencia\/wp-json\/wp\/v2\/media?parent=11478"}],"curies":[{"name":"wp","href":"https:\/\/api.w.org\/{rel}","templated":true}]}}

PORTARIA N.º 004/2022 &#8211; SEMCIDH

<p><strong><u>TERMO DE NOMEAÇÃO<br />
</u></strong><strong>INSTITUE A DESIGNAÇÃO DE COORDENADORA DE EXPEDIÇÃO DE DOCUMENTOS (DAS-2)</strong><br />
O Prefeito Municipal de Magalhães de Almeida, Estado do Maranhão, no uso de suas atribuições e de conformidade com a Lei Orgânica Municipal Capitulo VII, Seção II, Artigo 65.<br />
Considerando o disposto no inciso II do art. 9º da Lei nº 236 de 02 de janeiro de 1998,<br />
<strong>CONSIDERANDO</strong> que o Decreto n° 002/2022 regulamentou a Lei Municipal n° 534/2021 de modo a possibilitar a delegação de competência aos secretários municipais e demais cargos equiparados para que procedam à nomeação e exoneração dos cargos de provimento em comissão de seus respectivos quadros, dentro dos limites estabelecidos na Lei Municipal n° 534/2021, <strong>RESOLVE:<br />
</strong><strong>Art. 1º &#8211; DESIGNAR</strong> a Sra.<strong> MARCELINA BATISTA DE SOUSA</strong>, brasileira, solteira, maior, capaz, portadora do <strong>CPF nº 782.546.553-91, RG 000037674094-9 SSP MA, servidora pública municipal efetiva, matrícula nº 17-1,</strong> para <strong>exercer o cargo de COORDENADORA DE EXPEDIÇÃO DE DOCUMENTOS (DAS-2), lotada na Secretaria Municipal de Cidadania e Direitos Humanos.<br />
</strong><strong>Art. 2º &#8211;</strong> Esta portaria entra em vigor na data de sua publicação. Revogadas as disposições em contrário.<br />
Leia-se, Publique-se e cumpra-se em Magalhães de Almeida/MA, 12 de janeiro de 2022. LAÉRCIO DE CARVALHO LIMA, SECRETÁRIO MUNICIPAL DE CIDADANIA E DIREITOS HUMANOS.</p>
