{"id":12084,"date":"2022-02-02T10:46:24","date_gmt":"2022-02-02T13:46:24","guid":{"rendered":"https:\/\/magalhaesdealmeida.ma.gov.br\/transparencia\/?post_type=publicacoesdom&#038;p=12084"},"modified":"2022-02-02T10:46:24","modified_gmt":"2022-02-02T13:46:24","slug":"portaria-n-o-024-2022-semus","status":"publish","type":"publicacoesdom","link":"https:\/\/magalhaesdealmeida.ma.gov.br\/transparencia\/publicacoesdom\/portaria-n-o-024-2022-semus\/","title":{"rendered":"PORTARIA N.\u00ba 024\/2022 &#8211; SEMUS"},"content":{"rendered":"<p><strong>TERMO DE NOMEA\u00c7\u00c3O<br \/>\n<\/strong><strong>INSTITUE A NOMEA\u00c7\u00c3O DO COORDENADOR DO PROGRAMA DE AGENTES DE SA\u00daDE- PAS<br \/>\n<\/strong>O Prefeito Municipal de Magalh\u00e3es de Almeida, Estado do Maranh\u00e3o, no uso de suas atribui\u00e7\u00f5es e de conformidade com a Lei Org\u00e2nica Municipal, Cap\u00edtulo VII, Se\u00e7\u00e3o II, Artigo 65.<br \/>\n<strong>CONSIDERANDO<\/strong> o disposto no inciso II do art. 9\u00ba da Lei n\u00ba 236 de 02 de janeiro de 1998.<br \/>\n<strong>CONSIDERANDO<\/strong> que o Decreto n\u00b0 002\/2022 regulamentou a Lei Municipal n\u00b0 534\/2021 de modo a possibilitar a delega\u00e7\u00e3o de compet\u00eancia aos secret\u00e1rios municipais e demais cargos equiparados para que procedam \u00e0 nomea\u00e7\u00e3o e exonera\u00e7\u00e3o dos cargos de provimento em comiss\u00e3o de seus respectivos quadros, dentro dos limites estabelecidos na Lei Municipal n\u00b0 534\/2021, <strong>RESOLVE:<br \/>\n<\/strong><strong>Art. 1\u00ba &#8211; NOMEAR o Sr. \u00c1DSON MONTALV\u00c3O OLIVEIRA<\/strong>, brasileiro, casado, maior, capaz, portador do CPF n\u00ba 605.406.481-91, RG n\u00ba 1340113 SSP\/DF para exercer o cargo de COORDENADOR DO PROGRAMA DE AGENTES DE SA\u00daDE- PAS, lotado na Secretaria Municipal de Sa\u00fade.<br \/>\n<strong>Art. 2\u00ba &#8211;<\/strong> Esta portaria entra em vigor na data de sua publica\u00e7\u00e3o. Revogadas as disposi\u00e7\u00f5es em contr\u00e1rio.<br \/>\nLeia-se, Publique-se e cumpra-se em Magalh\u00e3es de Almeida\/MA, 01 de fevereiro de 2022. THAMIRES ALBUQUERQUE DE CARVALHO, Secret\u00e1ria Municipal de Sa\u00fade<\/p>\n","protected":false},"author":4,"template":"","class_list":["post-12084","publicacoesdom","type-publicacoesdom","status-publish","hentry"],"acf":{"tipo_de_publicacao_diario":"36","e_retificacao":"1","origem_do_diario":"Poder Executivo","codigo_verificador":"73e5050d88120f6d9abd2f1500c532dfb0007eff"},"_links":{"self":[{"href":"https:\/\/magalhaesdealmeida.ma.gov.br\/transparencia\/wp-json\/wp\/v2\/publicacoesdom\/12084","targetHints":{"allow":["GET"]}}],"collection":[{"href":"https:\/\/magalhaesdealmeida.ma.gov.br\/transparencia\/wp-json\/wp\/v2\/publicacoesdom"}],"about":[{"href":"https:\/\/magalhaesdealmeida.ma.gov.br\/transparencia\/wp-json\/wp\/v2\/types\/publicacoesdom"}],"author":[{"embeddable":true,"href":"https:\/\/magalhaesdealmeida.ma.gov.br\/transparencia\/wp-json\/wp\/v2\/users\/4"}],"wp:attachment":[{"href":"https:\/\/magalhaesdealmeida.ma.gov.br\/transparencia\/wp-json\/wp\/v2\/media?parent=12084"}],"curies":[{"name":"wp","href":"https:\/\/api.w.org\/{rel}","templated":true}]}}

PORTARIA N.º 024/2022 &#8211; SEMUS

<p><strong>TERMO DE NOMEAÇÃO<br />
</strong><strong>INSTITUE A NOMEAÇÃO DO COORDENADOR DO PROGRAMA DE AGENTES DE SAÚDE- PAS<br />
</strong>O Prefeito Municipal de Magalhães de Almeida, Estado do Maranhão, no uso de suas atribuições e de conformidade com a Lei Orgânica Municipal, Capítulo VII, Seção II, Artigo 65.<br />
<strong>CONSIDERANDO</strong> o disposto no inciso II do art. 9º da Lei nº 236 de 02 de janeiro de 1998.<br />
<strong>CONSIDERANDO</strong> que o Decreto n° 002/2022 regulamentou a Lei Municipal n° 534/2021 de modo a possibilitar a delegação de competência aos secretários municipais e demais cargos equiparados para que procedam à nomeação e exoneração dos cargos de provimento em comissão de seus respectivos quadros, dentro dos limites estabelecidos na Lei Municipal n° 534/2021, <strong>RESOLVE:<br />
</strong><strong>Art. 1º &#8211; NOMEAR o Sr. ÁDSON MONTALVÃO OLIVEIRA</strong>, brasileiro, casado, maior, capaz, portador do CPF nº 605.406.481-91, RG nº 1340113 SSP/DF para exercer o cargo de COORDENADOR DO PROGRAMA DE AGENTES DE SAÚDE- PAS, lotado na Secretaria Municipal de Saúde.<br />
<strong>Art. 2º &#8211;</strong> Esta portaria entra em vigor na data de sua publicação. Revogadas as disposições em contrário.<br />
Leia-se, Publique-se e cumpra-se em Magalhães de Almeida/MA, 01 de fevereiro de 2022. THAMIRES ALBUQUERQUE DE CARVALHO, Secretária Municipal de Saúde</p>
