{"id":12881,"date":"2022-02-23T10:45:46","date_gmt":"2022-02-23T13:45:46","guid":{"rendered":"https:\/\/magalhaesdealmeida.ma.gov.br\/transparencia\/?post_type=publicacoesdom&#038;p=12881"},"modified":"2022-02-23T10:49:07","modified_gmt":"2022-02-23T13:49:07","slug":"convocacao-do-concurso-2018-n-o-003-2022-semas","status":"publish","type":"publicacoesdom","link":"https:\/\/magalhaesdealmeida.ma.gov.br\/transparencia\/publicacoesdom\/convocacao-do-concurso-2018-n-o-003-2022-semas\/","title":{"rendered":"CONVOCA\u00c7\u00c3O DO CONCURSO 2018 N.\u00ba 003\/2022 \u2013 SEMAD"},"content":{"rendered":"<p>A Secretaria Municipal de Administra\u00e7\u00e3o, <strong><u>CONVOCA <\/u><\/strong>o senhor abaixo relacionado a comparecer no per\u00edodo de <strong>23.02.2022 \u00e0 03.03.2022<\/strong>, munido de toda sua documenta\u00e7\u00e3o exigidas na Se\u00e7\u00e3o II. Item 2.23.2 e 2.3 do Edital n\u00ba 01\/2018. Avisa, ainda, que o n\u00e3o comparecimento no per\u00edodo marcado, ensejara no chamamento dos aprovados em ordem de classifica\u00e7\u00e3o.<br \/>\n<strong><u>GUARDA CIVIL MUNICIPAL:<br \/>\n<\/u><\/strong><strong>433 \u2013 FERNANDO ALBERTO DE OLIVEIRA LIMA<br \/>\n<\/strong>Magalh\u00e3es de Almeida\/MA, 23 de fevereiro de 2022. Jo\u00e3o Ari de Vasconcelos, Secret\u00e1rio Municipal de Administra\u00e7\u00e3o.<\/p>\n","protected":false},"author":4,"template":"","class_list":["post-12881","publicacoesdom","type-publicacoesdom","status-publish","hentry"],"acf":{"tipo_de_publicacao_diario":"18","e_retificacao":"1","origem_do_diario":"Poder Executivo","codigo_verificador":"b2426eb18326209a3e542ff214c6f77ca9dcde07"},"_links":{"self":[{"href":"https:\/\/magalhaesdealmeida.ma.gov.br\/transparencia\/wp-json\/wp\/v2\/publicacoesdom\/12881","targetHints":{"allow":["GET"]}}],"collection":[{"href":"https:\/\/magalhaesdealmeida.ma.gov.br\/transparencia\/wp-json\/wp\/v2\/publicacoesdom"}],"about":[{"href":"https:\/\/magalhaesdealmeida.ma.gov.br\/transparencia\/wp-json\/wp\/v2\/types\/publicacoesdom"}],"author":[{"embeddable":true,"href":"https:\/\/magalhaesdealmeida.ma.gov.br\/transparencia\/wp-json\/wp\/v2\/users\/4"}],"wp:attachment":[{"href":"https:\/\/magalhaesdealmeida.ma.gov.br\/transparencia\/wp-json\/wp\/v2\/media?parent=12881"}],"curies":[{"name":"wp","href":"https:\/\/api.w.org\/{rel}","templated":true}]}}

CONVOCAÇÃO DO CONCURSO 2018 N.º 003/2022 – SEMAD

<p>A Secretaria Municipal de Administração, <strong><u>CONVOCA </u></strong>o senhor abaixo relacionado a comparecer no período de <strong>23.02.2022 à 03.03.2022</strong>, munido de toda sua documentação exigidas na Seção II. Item 2.23.2 e 2.3 do Edital nº 01/2018. Avisa, ainda, que o não comparecimento no período marcado, ensejara no chamamento dos aprovados em ordem de classificação.<br />
<strong><u>GUARDA CIVIL MUNICIPAL:<br />
</u></strong><strong>433 – FERNANDO ALBERTO DE OLIVEIRA LIMA<br />
</strong>Magalhães de Almeida/MA, 23 de fevereiro de 2022. João Ari de Vasconcelos, Secretário Municipal de Administração.</p>
