{"id":13169,"date":"2022-03-14T11:22:42","date_gmt":"2022-03-14T14:22:42","guid":{"rendered":"https:\/\/magalhaesdealmeida.ma.gov.br\/transparencia\/?post_type=publicacoesdom&#038;p=13169"},"modified":"2022-03-14T11:23:04","modified_gmt":"2022-03-14T14:23:04","slug":"portaria-n-o-117-2022-semecti","status":"publish","type":"publicacoesdom","link":"https:\/\/magalhaesdealmeida.ma.gov.br\/transparencia\/publicacoesdom\/portaria-n-o-117-2022-semecti\/","title":{"rendered":"PORTARIA N.\u00ba 117\/2022 &#8211; SEMECTI"},"content":{"rendered":"<p><strong>RETIFICA dados de CPF e RG <\/strong>na Nomea\u00e7\u00e3o do Sr. <strong>ANT\u00d4NIO CARLOS ALVES LIMA<\/strong>, para o cargo de <strong>COORDENADOR DE PLANEJAMENTO DAS A\u00c7\u00d5ES ARTICULADAS DA EDUCA\u00c7\u00c3O<\/strong>.<br \/>\n<strong>INSTITUI A NOMEA\u00c7\u00c3O DE COORDENADOR DE PLANEJAMENTO DAS A\u00c7\u00d5ES ARTICULADAS DA EDUCA\u00c7\u00c3O<br \/>\n<\/strong>O Prefeito Municipal de Magalh\u00e3es de Almeida, Estado do Maranh\u00e3o, no uso de suas atribui\u00e7\u00f5es e de conformidade com a Lei Org\u00e2nica Municipal Capitulo VII, Se\u00e7\u00e3o II, Artigo 65.<br \/>\nConsiderando o disposto no inciso II do art. 9\u00ba da Lei n\u00ba 236 de 02 de janeiro de 1998,<br \/>\n<strong>CONSIDERANDO<\/strong> que o Decreto n\u00b0 002\/2022 regulamentou a Lei Municipal n\u00b0 534\/2021 de modo a possibilitar a delega\u00e7\u00e3o de compet\u00eancia aos secret\u00e1rios municipais e demais cargos equiparados para que procedam \u00e0 nomea\u00e7\u00e3o e exonera\u00e7\u00e3o dos cargos de provimento em comiss\u00e3o de seus respectivos quadros, dentro dos limites estabelecidos na Lei Municipal n\u00b0 534\/2021, <strong><u>RESOLVE:<br \/>\n<\/u><\/strong><strong>Artigo 1\u00ba &#8211; RETIFICAR PORTARIA n\u00ba 067\/2022 de 11 de janeiro de 2022.<br \/>\n<\/strong><strong>Onde se l\u00ea: <\/strong>\u201cNOMEAR o Sr. Ant\u00f4nio Carlos Alves Lima, casado, maior, capaz, portador do <strong>CPF n\u00ba 033.963.063-10, RG 2205847, SSP PI<\/strong> para <strong>exercer o cargo de COORDENADOR DE PLANEJAMENTO DAS A\u00c7\u00d5ES ARTICULADAS DA EDUCA\u00c7\u00c3O (DAS-2)<\/strong>,<strong> lotado na Secretaria de Educa\u00e7\u00e3o, Ci\u00eancias, Tecnologia e Inova\u00e7\u00e3o\u201d<br \/>\n<\/strong><strong><u>Leia-se: <\/u><\/strong>\u201cNOMEAR o Sr. Ant\u00f4nio Carlos Alves Lima, casado, maior, capaz, portador do <strong>CPF n\u00ba 033.693.063-10, RG 2805847, SSP PI<\/strong> para <strong>exercer o cargo de COORDENADOR DE PLANEJAMENTO DAS A\u00c7\u00d5ES ARTICULADAS DA EDUCA\u00c7\u00c3O (DAS-2)<\/strong>,<strong> lotado na Secretaria de Educa\u00e7\u00e3o, Ci\u00eancias, Tecnologia e Inova\u00e7\u00e3o\u201d<br \/>\n<\/strong><strong>Art. 2\u00ba &#8211;<\/strong> Esta portaria entra em vigor na data de sua publica\u00e7\u00e3o. Revogadas as disposi\u00e7\u00f5es em contr\u00e1rio.<br \/>\nLeia-se, Publique-se e cumpra-se em Magalh\u00e3es de Almeida\/MA, 07 de mar\u00e7o de 2022. Ma\u00e9lio Cesar Freitas dos Santos, SECRET\u00c1RIO DE EDUCA\u00c7\u00c3O, CI\u00caNCIAS, TECNOLOGIA E INOVA\u00c7\u00c3O.<\/p>\n","protected":false},"author":4,"template":"","class_list":["post-13169","publicacoesdom","type-publicacoesdom","status-publish","hentry"],"acf":{"tipo_de_publicacao_diario":"63: Retifica\u00e7\u00e3o","e_retificacao":"1","origem_do_diario":"Poder Executivo","codigo_verificador":"75233108f344d9811d5debc920be9bc66e88613d"},"_links":{"self":[{"href":"https:\/\/magalhaesdealmeida.ma.gov.br\/transparencia\/wp-json\/wp\/v2\/publicacoesdom\/13169","targetHints":{"allow":["GET"]}}],"collection":[{"href":"https:\/\/magalhaesdealmeida.ma.gov.br\/transparencia\/wp-json\/wp\/v2\/publicacoesdom"}],"about":[{"href":"https:\/\/magalhaesdealmeida.ma.gov.br\/transparencia\/wp-json\/wp\/v2\/types\/publicacoesdom"}],"author":[{"embeddable":true,"href":"https:\/\/magalhaesdealmeida.ma.gov.br\/transparencia\/wp-json\/wp\/v2\/users\/4"}],"wp:attachment":[{"href":"https:\/\/magalhaesdealmeida.ma.gov.br\/transparencia\/wp-json\/wp\/v2\/media?parent=13169"}],"curies":[{"name":"wp","href":"https:\/\/api.w.org\/{rel}","templated":true}]}}

PORTARIA N.º 117/2022 &#8211; SEMECTI

<p><strong>RETIFICA dados de CPF e RG </strong>na Nomeação do Sr. <strong>ANTÔNIO CARLOS ALVES LIMA</strong>, para o cargo de <strong>COORDENADOR DE PLANEJAMENTO DAS AÇÕES ARTICULADAS DA EDUCAÇÃO</strong>.<br />
<strong>INSTITUI A NOMEAÇÃO DE COORDENADOR DE PLANEJAMENTO DAS AÇÕES ARTICULADAS DA EDUCAÇÃO<br />
</strong>O Prefeito Municipal de Magalhães de Almeida, Estado do Maranhão, no uso de suas atribuições e de conformidade com a Lei Orgânica Municipal Capitulo VII, Seção II, Artigo 65.<br />
Considerando o disposto no inciso II do art. 9º da Lei nº 236 de 02 de janeiro de 1998,<br />
<strong>CONSIDERANDO</strong> que o Decreto n° 002/2022 regulamentou a Lei Municipal n° 534/2021 de modo a possibilitar a delegação de competência aos secretários municipais e demais cargos equiparados para que procedam à nomeação e exoneração dos cargos de provimento em comissão de seus respectivos quadros, dentro dos limites estabelecidos na Lei Municipal n° 534/2021, <strong><u>RESOLVE:<br />
</u></strong><strong>Artigo 1º &#8211; RETIFICAR PORTARIA nº 067/2022 de 11 de janeiro de 2022.<br />
</strong><strong>Onde se lê: </strong>“NOMEAR o Sr. Antônio Carlos Alves Lima, casado, maior, capaz, portador do <strong>CPF nº 033.963.063-10, RG 2205847, SSP PI</strong> para <strong>exercer o cargo de COORDENADOR DE PLANEJAMENTO DAS AÇÕES ARTICULADAS DA EDUCAÇÃO (DAS-2)</strong>,<strong> lotado na Secretaria de Educação, Ciências, Tecnologia e Inovação”<br />
</strong><strong><u>Leia-se: </u></strong>“NOMEAR o Sr. Antônio Carlos Alves Lima, casado, maior, capaz, portador do <strong>CPF nº 033.693.063-10, RG 2805847, SSP PI</strong> para <strong>exercer o cargo de COORDENADOR DE PLANEJAMENTO DAS AÇÕES ARTICULADAS DA EDUCAÇÃO (DAS-2)</strong>,<strong> lotado na Secretaria de Educação, Ciências, Tecnologia e Inovação”<br />
</strong><strong>Art. 2º &#8211;</strong> Esta portaria entra em vigor na data de sua publicação. Revogadas as disposições em contrário.<br />
Leia-se, Publique-se e cumpra-se em Magalhães de Almeida/MA, 07 de março de 2022. Maélio Cesar Freitas dos Santos, SECRETÁRIO DE EDUCAÇÃO, CIÊNCIAS, TECNOLOGIA E INOVAÇÃO.</p>

63: Retificação
