{"id":13538,"date":"2022-04-06T14:48:18","date_gmt":"2022-04-06T17:48:18","guid":{"rendered":"https:\/\/magalhaesdealmeida.ma.gov.br\/transparencia\/?post_type=publicacoesdom&#038;p=13538"},"modified":"2022-04-06T14:48:18","modified_gmt":"2022-04-06T17:48:18","slug":"portaria-n-o-303-2022-semecti","status":"publish","type":"publicacoesdom","link":"https:\/\/magalhaesdealmeida.ma.gov.br\/transparencia\/publicacoesdom\/portaria-n-o-303-2022-semecti\/","title":{"rendered":"PORTARIA N.\u00ba 303\/2022 &#8211; SEMECTI"},"content":{"rendered":"<p>O Secret\u00e1rio Municipal de Educa\u00e7\u00e3o de Magalh\u00e3es de Almeida no uso de suas atribui\u00e7\u00f5es legais e considerando a necessidade de reestrutura\u00e7\u00e3o do quadro de profissionais, <strong>RESOLVE:<br \/>\n<\/strong><strong>1\u00ba &#8211; RELOTAR:<\/strong> a servidora <strong>FRANCISCA MARIA DA SILVA,<\/strong> CPF n\u00ba 000.068.836-30, para exercer a fun\u00e7\u00e3o de professora com carga hor\u00e1ria de 20h, no turno vespertino na Escola Municipal Cust\u00f3dio Lima, situada na zona rural deste munic\u00edpio.<br \/>\nMagalh\u00e3es de Almeida\/MA, 06 de abril de 2022. Ma\u00e9lio C\u00e9sar Freitas dos Santos, Secret\u00e1rio Municipal de Educa\u00e7\u00e3o.<\/p>\n","protected":false},"author":4,"template":"","class_list":["post-13538","publicacoesdom","type-publicacoesdom","status-publish","hentry"],"acf":{"tipo_de_publicacao_diario":"41","e_retificacao":"1","origem_do_diario":"Poder Executivo","codigo_verificador":"59ebfc0f6aaf802cb190525be64f7d91b0faddbe"},"_links":{"self":[{"href":"https:\/\/magalhaesdealmeida.ma.gov.br\/transparencia\/wp-json\/wp\/v2\/publicacoesdom\/13538","targetHints":{"allow":["GET"]}}],"collection":[{"href":"https:\/\/magalhaesdealmeida.ma.gov.br\/transparencia\/wp-json\/wp\/v2\/publicacoesdom"}],"about":[{"href":"https:\/\/magalhaesdealmeida.ma.gov.br\/transparencia\/wp-json\/wp\/v2\/types\/publicacoesdom"}],"author":[{"embeddable":true,"href":"https:\/\/magalhaesdealmeida.ma.gov.br\/transparencia\/wp-json\/wp\/v2\/users\/4"}],"wp:attachment":[{"href":"https:\/\/magalhaesdealmeida.ma.gov.br\/transparencia\/wp-json\/wp\/v2\/media?parent=13538"}],"curies":[{"name":"wp","href":"https:\/\/api.w.org\/{rel}","templated":true}]}}

PORTARIA N.º 303/2022 &#8211; SEMECTI

<p>O Secretário Municipal de Educação de Magalhães de Almeida no uso de suas atribuições legais e considerando a necessidade de reestruturação do quadro de profissionais, <strong>RESOLVE:<br />
</strong><strong>1º &#8211; RELOTAR:</strong> a servidora <strong>FRANCISCA MARIA DA SILVA,</strong> CPF nº 000.068.836-30, para exercer a função de professora com carga horária de 20h, no turno vespertino na Escola Municipal Custódio Lima, situada na zona rural deste município.<br />
Magalhães de Almeida/MA, 06 de abril de 2022. Maélio César Freitas dos Santos, Secretário Municipal de Educação.</p>
