{"id":13591,"date":"2022-04-11T15:11:33","date_gmt":"2022-04-11T18:11:33","guid":{"rendered":"https:\/\/magalhaesdealmeida.ma.gov.br\/transparencia\/?post_type=publicacoesdom&#038;p=13591"},"modified":"2022-04-11T16:06:40","modified_gmt":"2022-04-11T19:06:40","slug":"convocatoria","status":"publish","type":"publicacoesdom","link":"https:\/\/magalhaesdealmeida.ma.gov.br\/transparencia\/publicacoesdom\/convocatoria\/","title":{"rendered":"CONVOCATORIA &#8211; CMDCA DO MUNIC\u00cdPIO DE MAGALH\u00c3ES DE ALMEIDA \u2013 MA"},"content":{"rendered":"<p>O Conselho Municipal dos Direitos da Crian\u00e7a e do Adolescente de Magalh\u00e3es de Almeida\/MA, no uso de suas atribui\u00e7\u00f5es regimentais, \u00d3rg\u00e3o deliberativo e<br \/>\ncontrolador das a\u00e7\u00f5es em todos os n\u00edveis da pol\u00edtica social \u00e0 Crian\u00e7a e ao Adolescente, vem por meio deste <strong>CONVOCAR<\/strong> a Senhora <strong>YASMIM ARA\u00daJO COELHO<\/strong>, primeiro suplente do Conselho Tutelar para assumir de forma permanente como Conselheiro titular do conselho Tutelar de Magalh\u00e3es de<br \/>\nAlmeida\/MA de 01 de maio de 2022 at\u00e9 a vig\u00eancia do mandato em 31 de dezembro 2023.<br \/>\nVossa Senhoria dever\u00e1 comparecer a este conselho em <strong>18 de abril de 2022<\/strong> para os procedimentos legais.<br \/>\nCaso o conselheiro aceite a convocat\u00f3ria dever\u00e1 providenciar os documentos de identifica\u00e7\u00e3o pessoal e comprovante atestando resid\u00eancia no munic\u00edpio.<br \/>\nPresid\u00eancia do Conselho de Direito da Crian\u00e7a e do Adolescente de Magalh\u00e3es de Almeida\/MA, 11 de abril de 2022.<br \/>\nAtenciosamente, Lara Elisabeth Costa Carvalho.<\/p>\n","protected":false},"author":4,"template":"","class_list":["post-13591","publicacoesdom","type-publicacoesdom","status-publish","hentry"],"acf":{"tipo_de_publicacao_diario":"62","e_retificacao":"1","origem_do_diario":"Poder Executivo","codigo_verificador":"f8a92d86650a38b40c93d7b3fcd97aa319cd813c"},"_links":{"self":[{"href":"https:\/\/magalhaesdealmeida.ma.gov.br\/transparencia\/wp-json\/wp\/v2\/publicacoesdom\/13591","targetHints":{"allow":["GET"]}}],"collection":[{"href":"https:\/\/magalhaesdealmeida.ma.gov.br\/transparencia\/wp-json\/wp\/v2\/publicacoesdom"}],"about":[{"href":"https:\/\/magalhaesdealmeida.ma.gov.br\/transparencia\/wp-json\/wp\/v2\/types\/publicacoesdom"}],"author":[{"embeddable":true,"href":"https:\/\/magalhaesdealmeida.ma.gov.br\/transparencia\/wp-json\/wp\/v2\/users\/4"}],"wp:attachment":[{"href":"https:\/\/magalhaesdealmeida.ma.gov.br\/transparencia\/wp-json\/wp\/v2\/media?parent=13591"}],"curies":[{"name":"wp","href":"https:\/\/api.w.org\/{rel}","templated":true}]}}

CONVOCATORIA &#8211; CMDCA DO MUNICÍPIO DE MAGALHÃES DE ALMEIDA – MA

<p>O Conselho Municipal dos Direitos da Criança e do Adolescente de Magalhães de Almeida/MA, no uso de suas atribuições regimentais, Órgão deliberativo e<br />
controlador das ações em todos os níveis da política social à Criança e ao Adolescente, vem por meio deste <strong>CONVOCAR</strong> a Senhora <strong>YASMIM ARAÚJO COELHO</strong>, primeiro suplente do Conselho Tutelar para assumir de forma permanente como Conselheiro titular do conselho Tutelar de Magalhães de<br />
Almeida/MA de 01 de maio de 2022 até a vigência do mandato em 31 de dezembro 2023.<br />
Vossa Senhoria deverá comparecer a este conselho em <strong>18 de abril de 2022</strong> para os procedimentos legais.<br />
Caso o conselheiro aceite a convocatória deverá providenciar os documentos de identificação pessoal e comprovante atestando residência no município.<br />
Presidência do Conselho de Direito da Criança e do Adolescente de Magalhães de Almeida/MA, 11 de abril de 2022.<br />
Atenciosamente, Lara Elisabeth Costa Carvalho.</p>
