{"id":14047,"date":"2022-05-02T11:14:15","date_gmt":"2022-05-02T14:14:15","guid":{"rendered":"https:\/\/magalhaesdealmeida.ma.gov.br\/transparencia\/?post_type=publicacoesdom&#038;p=14047"},"modified":"2022-05-02T11:14:15","modified_gmt":"2022-05-02T14:14:15","slug":"portaria-n-o-007-2022-semcidh","status":"publish","type":"publicacoesdom","link":"https:\/\/magalhaesdealmeida.ma.gov.br\/transparencia\/publicacoesdom\/portaria-n-o-007-2022-semcidh\/","title":{"rendered":"PORTARIA N.\u00ba 007\/2022 &#8211; SEMCIDH"},"content":{"rendered":"<p><strong><u>TERMO DE NOMEA\u00c7\u00c3O<br \/>\n<\/u>INSTITUE A NOMEA\u00c7\u00c3O DE ASSESSORA DE APOIO T\u00c9CNICO ADMINISTRATIVO (DAI)<\/strong><br \/>\nO Prefeito Municipal de Magalh\u00e3es de Almeida, Estado do Maranh\u00e3o, no uso de suas atribui\u00e7\u00f5es e de conformidade com a Lei Org\u00e2nica Municipal art. 47, inciso II e art. 67, inciso VIII.<br \/>\nConsiderando o disposto no inciso II do art. 9\u00ba da Lei n\u00ba 236 de 02 de janeiro de 1998,<br \/>\n<strong>CONSIDERANDO<\/strong> que o Decreto n\u00b0 002\/2022 regulamentou a Lei Municipal n\u00b0 534\/2021 de modo a possibilitar a delega\u00e7\u00e3o de compet\u00eancia aos secret\u00e1rios municipais e demais cargos equiparados para que procedam \u00e0 nomea\u00e7\u00e3o e exonera\u00e7\u00e3o dos cargos de provimento em comiss\u00e3o de seus respectivos quadros, dentro dos limites estabelecidos na Lei Municipal n\u00b0 534\/2021, <strong>RESOLVE:<\/strong><br \/>\n<strong>Art. 1\u00ba &#8211; NOMEAR<\/strong> a Sra.<strong> ANA PAULA LIMA DOS SANTOS<\/strong>, brasileira, casada, maior, capaz, portadora do <strong>CPF n\u00ba 059.932.625-59, RG 074182462021-4 SSP MA<\/strong> para <strong>exercer o cargo de<\/strong> <strong>ASSESSORA DE APOIO T\u00c9CNICO ADMINISTRATIVO (DAI), lotada na Secretaria Municipal de Cidadania e Direitos Humanos.<br \/>\n<\/strong><strong>Art. 2\u00ba<\/strong> &#8211; Esta portaria entra em vigor na data de sua publica\u00e7\u00e3o. Revogadas as disposi\u00e7\u00f5es em contr\u00e1rio.<br \/>\nLeia-se, Publique-se e cumpra-se em Magalh\u00e3es de Almeida\/MA, 02 de maio de 2022. LA\u00c9RCIO DE CARVALHO LIMA, SECRET\u00c1RIO MUNICIPAL DE CIDADANIA E DIREITOS HUMANOS.<\/p>\n","protected":false},"author":4,"template":"","class_list":["post-14047","publicacoesdom","type-publicacoesdom","status-publish","hentry"],"acf":{"tipo_de_publicacao_diario":"36","e_retificacao":"1","origem_do_diario":"Poder Executivo","codigo_verificador":"f5d39fcbd2e501c364a0860a604c09ef5dde52a6"},"_links":{"self":[{"href":"https:\/\/magalhaesdealmeida.ma.gov.br\/transparencia\/wp-json\/wp\/v2\/publicacoesdom\/14047","targetHints":{"allow":["GET"]}}],"collection":[{"href":"https:\/\/magalhaesdealmeida.ma.gov.br\/transparencia\/wp-json\/wp\/v2\/publicacoesdom"}],"about":[{"href":"https:\/\/magalhaesdealmeida.ma.gov.br\/transparencia\/wp-json\/wp\/v2\/types\/publicacoesdom"}],"author":[{"embeddable":true,"href":"https:\/\/magalhaesdealmeida.ma.gov.br\/transparencia\/wp-json\/wp\/v2\/users\/4"}],"wp:attachment":[{"href":"https:\/\/magalhaesdealmeida.ma.gov.br\/transparencia\/wp-json\/wp\/v2\/media?parent=14047"}],"curies":[{"name":"wp","href":"https:\/\/api.w.org\/{rel}","templated":true}]}}

PORTARIA N.º 007/2022 &#8211; SEMCIDH

<p><strong><u>TERMO DE NOMEAÇÃO<br />
</u>INSTITUE A NOMEAÇÃO DE ASSESSORA DE APOIO TÉCNICO ADMINISTRATIVO (DAI)</strong><br />
O Prefeito Municipal de Magalhães de Almeida, Estado do Maranhão, no uso de suas atribuições e de conformidade com a Lei Orgânica Municipal art. 47, inciso II e art. 67, inciso VIII.<br />
Considerando o disposto no inciso II do art. 9º da Lei nº 236 de 02 de janeiro de 1998,<br />
<strong>CONSIDERANDO</strong> que o Decreto n° 002/2022 regulamentou a Lei Municipal n° 534/2021 de modo a possibilitar a delegação de competência aos secretários municipais e demais cargos equiparados para que procedam à nomeação e exoneração dos cargos de provimento em comissão de seus respectivos quadros, dentro dos limites estabelecidos na Lei Municipal n° 534/2021, <strong>RESOLVE:</strong><br />
<strong>Art. 1º &#8211; NOMEAR</strong> a Sra.<strong> ANA PAULA LIMA DOS SANTOS</strong>, brasileira, casada, maior, capaz, portadora do <strong>CPF nº 059.932.625-59, RG 074182462021-4 SSP MA</strong> para <strong>exercer o cargo de</strong> <strong>ASSESSORA DE APOIO TÉCNICO ADMINISTRATIVO (DAI), lotada na Secretaria Municipal de Cidadania e Direitos Humanos.<br />
</strong><strong>Art. 2º</strong> &#8211; Esta portaria entra em vigor na data de sua publicação. Revogadas as disposições em contrário.<br />
Leia-se, Publique-se e cumpra-se em Magalhães de Almeida/MA, 02 de maio de 2022. LAÉRCIO DE CARVALHO LIMA, SECRETÁRIO MUNICIPAL DE CIDADANIA E DIREITOS HUMANOS.</p>
