{"id":14607,"date":"2022-05-11T10:55:34","date_gmt":"2022-05-11T13:55:34","guid":{"rendered":"https:\/\/magalhaesdealmeida.ma.gov.br\/transparencia\/?post_type=publicacoesdom&#038;p=14607"},"modified":"2022-05-11T10:55:34","modified_gmt":"2022-05-11T13:55:34","slug":"lei-n-o-545-2022","status":"publish","type":"publicacoesdom","link":"https:\/\/magalhaesdealmeida.ma.gov.br\/transparencia\/publicacoesdom\/lei-n-o-545-2022\/","title":{"rendered":"LEI N.\u00ba 545\/2022"},"content":{"rendered":"<p><strong>DISP\u00d5E SOBRE A CRIA\u00c7\u00c3O DA SEMANA MUNICIPAL DA AGRICULTURA FAMILIAR NO MUNIC\u00cdPIO DE MAGALH\u00c3ES DE ALMEIDA-MA, E D\u00c1 OUTRAS PROVIDENCIAS.<br \/>\n<\/strong>O PREFEITO MUNICIPAL DE MAGALH\u00c3ES DE ALMEIDA, ESTADO DO MARANH\u00c3O, no uso de suas atribui\u00e7\u00f5es que lhe s\u00e3o conferidas por Lei, <strong>FA\u00c7O SABER<\/strong> que a C\u00e2mara Municipal de Vereadores aprovou e eu <strong>SANCIONO<\/strong> a seguinte Lei:<br \/>\n<strong>Art. 1\u00b0 &#8211; <\/strong>Fica institu\u00edda a \u201cSemana Municipal da Agricultura Familiar de Magalh\u00e3es de Almeida\u201d, a ser celebrada, anualmente, na semana que compreender o dia (24) vinte e quatro de julho (dia em que foi publicada a Lei n\u00ba 11.326\/2006 Lei da Agricultura Familiar e Empreendimentos Familiares Rurais) e o dia (28) vinte e oito de julho (Dia Nacional do Agricultor Familiar).<br \/>\n<strong>Art. 2\u00b0 &#8211; <\/strong>S\u00e3o objetivos fundamentais da agricultura Familiar:<br \/>\n<strong>I &#8211; <\/strong>Mostrar as vantagens econ\u00f4micas, ecol\u00f3gicas e sociais do modelo sustent\u00e1vel da agricultura familiar.<br \/>\n<strong>II &#8211; <\/strong>Ampliar os conhecimentos t\u00e9cnicos dos produtos rurais atrav\u00e9s de cursos, encontros, palestras, debates e workshops.<br \/>\n<strong>Art. 3\u00ba- <\/strong>A \u201cSemana Municipal da Agricultura Familiar\u201d possuir\u00e1 como finalidade:<br \/>\n<strong>I &#8211; <\/strong>Sensibilizar os moradores quanto ao tema e homenagear os agricultores da regi\u00e3o;<br \/>\n<strong>II &#8211; <\/strong>Dar incentivos para que sejam criadas pol\u00edticas p\u00fablicas que fortale\u00e7am a agricultura familiar;<br \/>\n<strong>III &#8211; <\/strong>Estimular e apoiar o crescimento da agricultura familiar, bem como, apoiar as op\u00e7\u00f5es associativas e cooperativas de produ\u00e7\u00e3o, gest\u00e3o e comercializa\u00e7\u00e3o;<br \/>\n<strong>IV &#8211; <\/strong>Proporcionar alternativas para o agricultor familiar;<br \/>\n<strong>V &#8211; <\/strong>Incrementar a educa\u00e7\u00e3o t\u00e9cnica, a cadeia produtiva da agricultura familiar e os aspectos gastron\u00f4micos e culturais dos Agricultores Familiares,<br \/>\n<strong>VI \u2013 <\/strong>Expor e divulgar a produ\u00e7\u00e3o dos Agricultores Familiares, Artes\u00f5es e Pescadores do Munic\u00edpio de Magalh\u00e3es de Almeida; e<br \/>\n<strong>VII &#8211; <\/strong>Estabelecer um local onde os agricultores possam estar discutindo assuntos da regi\u00e3o concernentes a agricultura familiar e a sua evolu\u00e7\u00e3o.<br \/>\n<strong>Art. 4\u00b0 &#8211; <\/strong>As comemora\u00e7\u00f5es referentes \u00e0 \u201cSemana Municipal da Agricultura Familiar\u201d, objetivo desta Lei, passam a integrar o Calend\u00e1rio Oficial de Datas Comemorativas e Eventos realizados pelo Munic\u00edpio de Magalh\u00e3es de Almeida, objetivando a promo\u00e7\u00e3o e reconhecimento dos agricultores das zonas urbana e rural.<br \/>\n<strong>Art. 5\u00b0 &#8211; <\/strong>A fim de proporcionar as a\u00e7\u00f5es e objetivos previstos nesta Lei, o Munic\u00edpio poder\u00e1 realizar parcerias com outras entidades e \u00f3rg\u00e3os p\u00fablicos, como organiza\u00e7\u00f5es da sociedade civil, funda\u00e7\u00f5es de direito p\u00fablico ou privado e institui\u00e7\u00f5es de ensino.<br \/>\n<strong>Art. 6\u00b0 &#8211; <\/strong>As despesas decorrentes da execu\u00e7\u00e3o desta lei correr\u00e3o por conta das dota\u00e7\u00f5es or\u00e7ament\u00e1rias pr\u00f3prias, suplementadas, se necess\u00e1rio.<br \/>\n<strong>Art. 7\u00ba &#8211; <\/strong>O Poder Executivo regulamentar\u00e1 a presente Lei, no que couber, no prazo m\u00e1ximo de 120 (cento e vinte) dias, contados da data de sua publica\u00e7\u00e3o.<br \/>\n<strong>Art. 8\u00ba <\/strong>&#8211; Esta Lei entra em vigor na data de sua publica\u00e7\u00e3o.<br \/>\n<strong>Art. 9\u00b0 <\/strong>&#8211; Revogam-se as disposi\u00e7\u00f5es em contr\u00e1rio.<br \/>\nPal\u00e1cio Benedito Lima e Silva, Gabinete do Prefeito Municipal de Magalh\u00e3es de Almeida \u2013 MA, em 10 de maio de 2022. RAIMUNDO NONATO CARVALHO, Prefeito Municipal.<\/p>\n","protected":false},"author":4,"template":"","class_list":["post-14607","publicacoesdom","type-publicacoesdom","status-publish","hentry"],"acf":{"tipo_de_publicacao_diario":"34","e_retificacao":"1","origem_do_diario":"Poder Executivo","codigo_verificador":"a756107d163178f9acf2baa2aa8e1716e462ce9a"},"_links":{"self":[{"href":"https:\/\/magalhaesdealmeida.ma.gov.br\/transparencia\/wp-json\/wp\/v2\/publicacoesdom\/14607","targetHints":{"allow":["GET"]}}],"collection":[{"href":"https:\/\/magalhaesdealmeida.ma.gov.br\/transparencia\/wp-json\/wp\/v2\/publicacoesdom"}],"about":[{"href":"https:\/\/magalhaesdealmeida.ma.gov.br\/transparencia\/wp-json\/wp\/v2\/types\/publicacoesdom"}],"author":[{"embeddable":true,"href":"https:\/\/magalhaesdealmeida.ma.gov.br\/transparencia\/wp-json\/wp\/v2\/users\/4"}],"wp:attachment":[{"href":"https:\/\/magalhaesdealmeida.ma.gov.br\/transparencia\/wp-json\/wp\/v2\/media?parent=14607"}],"curies":[{"name":"wp","href":"https:\/\/api.w.org\/{rel}","templated":true}]}}

LEI N.º 545/2022

<p><strong>DISPÕE SOBRE A CRIAÇÃO DA SEMANA MUNICIPAL DA AGRICULTURA FAMILIAR NO MUNICÍPIO DE MAGALHÃES DE ALMEIDA-MA, E DÁ OUTRAS PROVIDENCIAS.<br />
</strong>O PREFEITO MUNICIPAL DE MAGALHÃES DE ALMEIDA, ESTADO DO MARANHÃO, no uso de suas atribuições que lhe são conferidas por Lei, <strong>FAÇO SABER</strong> que a Câmara Municipal de Vereadores aprovou e eu <strong>SANCIONO</strong> a seguinte Lei:<br />
<strong>Art. 1° &#8211; </strong>Fica instituída a “Semana Municipal da Agricultura Familiar de Magalhães de Almeida”, a ser celebrada, anualmente, na semana que compreender o dia (24) vinte e quatro de julho (dia em que foi publicada a Lei nº 11.326/2006 Lei da Agricultura Familiar e Empreendimentos Familiares Rurais) e o dia (28) vinte e oito de julho (Dia Nacional do Agricultor Familiar).<br />
<strong>Art. 2° &#8211; </strong>São objetivos fundamentais da agricultura Familiar:<br />
<strong>I &#8211; </strong>Mostrar as vantagens econômicas, ecológicas e sociais do modelo sustentável da agricultura familiar.<br />
<strong>II &#8211; </strong>Ampliar os conhecimentos técnicos dos produtos rurais através de cursos, encontros, palestras, debates e workshops.<br />
<strong>Art. 3º- </strong>A “Semana Municipal da Agricultura Familiar” possuirá como finalidade:<br />
<strong>I &#8211; </strong>Sensibilizar os moradores quanto ao tema e homenagear os agricultores da região;<br />
<strong>II &#8211; </strong>Dar incentivos para que sejam criadas políticas públicas que fortaleçam a agricultura familiar;<br />
<strong>III &#8211; </strong>Estimular e apoiar o crescimento da agricultura familiar, bem como, apoiar as opções associativas e cooperativas de produção, gestão e comercialização;<br />
<strong>IV &#8211; </strong>Proporcionar alternativas para o agricultor familiar;<br />
<strong>V &#8211; </strong>Incrementar a educação técnica, a cadeia produtiva da agricultura familiar e os aspectos gastronômicos e culturais dos Agricultores Familiares,<br />
<strong>VI – </strong>Expor e divulgar a produção dos Agricultores Familiares, Artesões e Pescadores do Município de Magalhães de Almeida; e<br />
<strong>VII &#8211; </strong>Estabelecer um local onde os agricultores possam estar discutindo assuntos da região concernentes a agricultura familiar e a sua evolução.<br />
<strong>Art. 4° &#8211; </strong>As comemorações referentes à “Semana Municipal da Agricultura Familiar”, objetivo desta Lei, passam a integrar o Calendário Oficial de Datas Comemorativas e Eventos realizados pelo Município de Magalhães de Almeida, objetivando a promoção e reconhecimento dos agricultores das zonas urbana e rural.<br />
<strong>Art. 5° &#8211; </strong>A fim de proporcionar as ações e objetivos previstos nesta Lei, o Município poderá realizar parcerias com outras entidades e órgãos públicos, como organizações da sociedade civil, fundações de direito público ou privado e instituições de ensino.<br />
<strong>Art. 6° &#8211; </strong>As despesas decorrentes da execução desta lei correrão por conta das dotações orçamentárias próprias, suplementadas, se necessário.<br />
<strong>Art. 7º &#8211; </strong>O Poder Executivo regulamentará a presente Lei, no que couber, no prazo máximo de 120 (cento e vinte) dias, contados da data de sua publicação.<br />
<strong>Art. 8º </strong>&#8211; Esta Lei entra em vigor na data de sua publicação.<br />
<strong>Art. 9° </strong>&#8211; Revogam-se as disposições em contrário.<br />
Palácio Benedito Lima e Silva, Gabinete do Prefeito Municipal de Magalhães de Almeida – MA, em 10 de maio de 2022. RAIMUNDO NONATO CARVALHO, Prefeito Municipal.</p>
