{"id":14759,"date":"2022-05-12T11:32:30","date_gmt":"2022-05-12T14:32:30","guid":{"rendered":"https:\/\/magalhaesdealmeida.ma.gov.br\/transparencia\/?post_type=publicacoesdom&#038;p=14759"},"modified":"2022-05-12T11:32:30","modified_gmt":"2022-05-12T14:32:30","slug":"portaria-n-o-063-2022-gab","status":"publish","type":"publicacoesdom","link":"https:\/\/magalhaesdealmeida.ma.gov.br\/transparencia\/publicacoesdom\/portaria-n-o-063-2022-gab\/","title":{"rendered":"PORTARIA N.\u00ba 063\/2022 &#8211; GAB"},"content":{"rendered":"<p>O PREFEITO MUNICIPAL DE MAGALH\u00c3ES DE ALMEIDA, Estado do Maranh\u00e3o no uso de suas atribui\u00e7\u00f5es que lhe confere o art. 117 e seguintes da Lei 236\/1998 de 02 de janeiro de 1998, <strong>RESOLVE:<\/strong><br \/>\n<strong>Art. 1\u00ba &#8211;<\/strong> Determinar a instaura\u00e7\u00e3o de Processo Administrativo Disciplinar , para apurar o <strong>des\u00eddia,\u00a0 indisciplina, abandono de cargo, a inassiduidade habitual, e\u00a0 insubordina\u00e7\u00e3o grave ao servi\u00e7o, <\/strong>conforme noticias, denuncias e parecer apresentados no Processo Administrativo Disciplinar n\u00ba 001\/2021, contra <strong>SAMUEL CORREIA GOMES,<\/strong> Agente Comunit\u00e1rio de Sa\u00fade, Matricula 770, fatos que caracterizam as infra\u00e7\u00f5es previstas nos incusos II, III e VI do art. 106 da Lei 236 de 02 de janeiro de 1998.<br \/>\n<strong>Art. 2\u00ba &#8211;<\/strong> Designar os servidores efetivos, <strong>MARIA HELENA DE SOUSA SANTOS<\/strong> <strong>Matricula 1637<\/strong>, <strong>LUANA RODRIGUES NUNES Matricula 679<\/strong> e <strong>ERBENE SILVA ZEIDAN Matricula 803<\/strong>, \u00a0para sob a presid\u00eancia do primeiro, constitu\u00edrem a Comiss\u00e3o Processante, incumbida de apurar as poss\u00edveis irregularidades referente aos atos e fatos que constam no artigo anterior, bem como as demais infra\u00e7\u00f5es conexas que emergirem no decorrer do apurat\u00f3rio.<br \/>\n<strong>Art. 3\u00ba &#8211;\u00a0 Fixar o prazo de 60 (sessenta) dias para a conclus\u00e3o dos trabalho<\/strong>.<br \/>\n<strong>Art. 4\u00ba &#8211;<\/strong> Esta Portaria entra em vigor na data de suas publica\u00e7\u00e3o. Revogadas as disposi\u00e7\u00f5es anteriores.<br \/>\nLeia-se, Publique-se e Cumpra-se, Prefeitura Municipal de \u00a0Magalh\u00e3es \u00a0de Almeida\/MA, \u00a012 de maio de 2022. RAIMUNDO NONATO CARVALHO, Prefeito Municipal.<\/p>\n","protected":false},"author":4,"template":"","class_list":["post-14759","publicacoesdom","type-publicacoesdom","status-publish","hentry"],"acf":{"tipo_de_publicacao_diario":"41","e_retificacao":"1","origem_do_diario":"Poder Executivo","codigo_verificador":"5ac40f8699247b2142c2c3e852edfb06433eb38b"},"_links":{"self":[{"href":"https:\/\/magalhaesdealmeida.ma.gov.br\/transparencia\/wp-json\/wp\/v2\/publicacoesdom\/14759","targetHints":{"allow":["GET"]}}],"collection":[{"href":"https:\/\/magalhaesdealmeida.ma.gov.br\/transparencia\/wp-json\/wp\/v2\/publicacoesdom"}],"about":[{"href":"https:\/\/magalhaesdealmeida.ma.gov.br\/transparencia\/wp-json\/wp\/v2\/types\/publicacoesdom"}],"author":[{"embeddable":true,"href":"https:\/\/magalhaesdealmeida.ma.gov.br\/transparencia\/wp-json\/wp\/v2\/users\/4"}],"wp:attachment":[{"href":"https:\/\/magalhaesdealmeida.ma.gov.br\/transparencia\/wp-json\/wp\/v2\/media?parent=14759"}],"curies":[{"name":"wp","href":"https:\/\/api.w.org\/{rel}","templated":true}]}}

PORTARIA N.º 063/2022 &#8211; GAB

<p>O PREFEITO MUNICIPAL DE MAGALHÃES DE ALMEIDA, Estado do Maranhão no uso de suas atribuições que lhe confere o art. 117 e seguintes da Lei 236/1998 de 02 de janeiro de 1998, <strong>RESOLVE:</strong><br />
<strong>Art. 1º &#8211;</strong> Determinar a instauração de Processo Administrativo Disciplinar , para apurar o <strong>desídia,  indisciplina, abandono de cargo, a inassiduidade habitual, e  insubordinação grave ao serviço, </strong>conforme noticias, denuncias e parecer apresentados no Processo Administrativo Disciplinar nº 001/2021, contra <strong>SAMUEL CORREIA GOMES,</strong> Agente Comunitário de Saúde, Matricula 770, fatos que caracterizam as infrações previstas nos incusos II, III e VI do art. 106 da Lei 236 de 02 de janeiro de 1998.<br />
<strong>Art. 2º &#8211;</strong> Designar os servidores efetivos, <strong>MARIA HELENA DE SOUSA SANTOS</strong> <strong>Matricula 1637</strong>, <strong>LUANA RODRIGUES NUNES Matricula 679</strong> e <strong>ERBENE SILVA ZEIDAN Matricula 803</strong>,  para sob a presidência do primeiro, constituírem a Comissão Processante, incumbida de apurar as possíveis irregularidades referente aos atos e fatos que constam no artigo anterior, bem como as demais infrações conexas que emergirem no decorrer do apuratório.<br />
<strong>Art. 3º &#8211;  Fixar o prazo de 60 (sessenta) dias para a conclusão dos trabalho</strong>.<br />
<strong>Art. 4º &#8211;</strong> Esta Portaria entra em vigor na data de suas publicação. Revogadas as disposições anteriores.<br />
Leia-se, Publique-se e Cumpra-se, Prefeitura Municipal de  Magalhães  de Almeida/MA,  12 de maio de 2022. RAIMUNDO NONATO CARVALHO, Prefeito Municipal.</p>
