{"id":14967,"date":"2022-06-01T11:43:01","date_gmt":"2022-06-01T14:43:01","guid":{"rendered":"https:\/\/magalhaesdealmeida.ma.gov.br\/transparencia\/?post_type=publicacoesdom&#038;p=14967"},"modified":"2022-06-01T11:43:01","modified_gmt":"2022-06-01T14:43:01","slug":"aviso-de-revogacao-de-licitacao-tomada-de-preco-n-o-002-2022","status":"publish","type":"publicacoesdom","link":"https:\/\/magalhaesdealmeida.ma.gov.br\/transparencia\/publicacoesdom\/aviso-de-revogacao-de-licitacao-tomada-de-preco-n-o-002-2022\/","title":{"rendered":"AVISO DE REVOGA\u00c7\u00c3O DE LICITA\u00c7\u00c3O TOMADA DE PRE\u00c7O N.\u00ba 002\/2022"},"content":{"rendered":"<p>O Pregoeiro\/Presidente da CPL da Prefeitura Municipal de MAGALH\u00c3ES DE ALMEIDA, Estado do Maranh\u00e3o, torna p\u00fablico, para conhecimento dos interessados que foi <strong>REVOGADO<\/strong> a <strong>TOMADA DE PRE\u00c7OS N.\u00ba 002\/2022,<\/strong> sob a \u00e9gide da Lei n.\u00ba 8.666\/93, e suas altera\u00e7\u00f5es posteriores, que tem por objeto <strong>contrata\u00e7\u00e3o de empresa para execu\u00e7\u00e3o dos servi\u00e7os de constru\u00e7\u00e3o de UBS no munic\u00edpio de Magalh\u00e3es de Almeida\/MA<\/strong>, o certame se realizaria no dia 03 de junho de 2022, \u00e1s 08:30 horas (hor\u00e1rio de Bras\u00edlia), ressalta-se que a revoga\u00e7\u00e3o est\u00e1 fundamentada no art. 49 da Lei Federal n\u00ba 8666\/93 c\/c art. 9\u00ba da Lei Federal 10.520\/02, na S\u00famula 473 do Supremo Tribunal. Nesse sentido, tendo em vista raz\u00f5es de interesse p\u00fablico decorrente de fato superveniente, necess\u00e1rio que seja a licita\u00e7\u00e3o revogada para que se proceda a uma melhor an\u00e1lise de todos os termos do edital, a fim de que seja a licita\u00e7\u00e3o promovida da forma que melhor atenda \u00e0s necessidades da Administra\u00e7\u00e3o.<br \/>\nPrefeitura Municipal de Magalh\u00e3es de Almeida\/MA, 31 de maio de 2022, Franciel Pessoa da Silva, Pregoeiro Oficial Municipal.<\/p>\n","protected":false},"author":4,"template":"","class_list":["post-14967","publicacoesdom","type-publicacoesdom","status-publish","hentry"],"acf":{"tipo_de_publicacao_diario":"55","e_retificacao":"1","origem_do_diario":"Poder Executivo","codigo_verificador":"c70227d5c87089fba81371e889c4a3c291c9c505"},"_links":{"self":[{"href":"https:\/\/magalhaesdealmeida.ma.gov.br\/transparencia\/wp-json\/wp\/v2\/publicacoesdom\/14967","targetHints":{"allow":["GET"]}}],"collection":[{"href":"https:\/\/magalhaesdealmeida.ma.gov.br\/transparencia\/wp-json\/wp\/v2\/publicacoesdom"}],"about":[{"href":"https:\/\/magalhaesdealmeida.ma.gov.br\/transparencia\/wp-json\/wp\/v2\/types\/publicacoesdom"}],"author":[{"embeddable":true,"href":"https:\/\/magalhaesdealmeida.ma.gov.br\/transparencia\/wp-json\/wp\/v2\/users\/4"}],"wp:attachment":[{"href":"https:\/\/magalhaesdealmeida.ma.gov.br\/transparencia\/wp-json\/wp\/v2\/media?parent=14967"}],"curies":[{"name":"wp","href":"https:\/\/api.w.org\/{rel}","templated":true}]}}

AVISO DE REVOGAÇÃO DE LICITAÇÃO TOMADA DE PREÇO N.º 002/2022

<p>O Pregoeiro/Presidente da CPL da Prefeitura Municipal de MAGALHÃES DE ALMEIDA, Estado do Maranhão, torna público, para conhecimento dos interessados que foi <strong>REVOGADO</strong> a <strong>TOMADA DE PREÇOS N.º 002/2022,</strong> sob a égide da Lei n.º 8.666/93, e suas alterações posteriores, que tem por objeto <strong>contratação de empresa para execução dos serviços de construção de UBS no município de Magalhães de Almeida/MA</strong>, o certame se realizaria no dia 03 de junho de 2022, ás 08:30 horas (horário de Brasília), ressalta-se que a revogação está fundamentada no art. 49 da Lei Federal nº 8666/93 c/c art. 9º da Lei Federal 10.520/02, na Súmula 473 do Supremo Tribunal. Nesse sentido, tendo em vista razões de interesse público decorrente de fato superveniente, necessário que seja a licitação revogada para que se proceda a uma melhor análise de todos os termos do edital, a fim de que seja a licitação promovida da forma que melhor atenda às necessidades da Administração.<br />
Prefeitura Municipal de Magalhães de Almeida/MA, 31 de maio de 2022, Franciel Pessoa da Silva, Pregoeiro Oficial Municipal.</p>
