{"id":15127,"date":"2022-06-23T14:49:22","date_gmt":"2022-06-23T17:49:22","guid":{"rendered":"https:\/\/magalhaesdealmeida.ma.gov.br\/transparencia\/?post_type=publicacoesdom&#038;p=15127"},"modified":"2022-06-23T14:49:22","modified_gmt":"2022-06-23T17:49:22","slug":"lei-n-o-547-2022","status":"publish","type":"publicacoesdom","link":"https:\/\/magalhaesdealmeida.ma.gov.br\/transparencia\/publicacoesdom\/lei-n-o-547-2022\/","title":{"rendered":"LEI N.\u00ba 547\/2022"},"content":{"rendered":"<p><strong>Disp\u00f5e sobre a autoriza\u00e7\u00e3o para a doa\u00e7\u00e3o de Cestas B\u00e1sicas e Botij\u00e3o de G\u00e1s \u00e0 Fam\u00edlias carentes residentes no Munic\u00edpio de Magalh\u00e3es de Almeida e d\u00e1 outras provid\u00eancias.<br \/>\n<\/strong><strong>O PREFEITO MUNICIPAL DE MAGALH\u00c3ES DE ALMEIDA, ESTADO DO MARANH\u00c3O<\/strong>, no uso de suas atribui\u00e7\u00f5es que lhe s\u00e3o conferidas por Lei, <strong>FA\u00c7O SABER <\/strong>que a C\u00e2mara Municipal de Vereadores aprovou e eu <strong>SANCIONO <\/strong>a seguinte Lei:<br \/>\n<strong>Art. 1\u00ba &#8211;<\/strong> As fam\u00edlias reconhecidamente carentes, residentes no Munic\u00edpio, com renda mensal per capita inferior a 1\/4 do sal\u00e1rio m\u00ednimo vigente, que comprovem a impossibilidade de sua adequada manuten\u00e7\u00e3o, poder\u00e3o contar com o fornecimento de Cesta B\u00e1sica e botij\u00e3o de g\u00e1s pelo Poder P\u00fablico Municipal.<br \/>\n<strong>\u00a71\u00ba &#8211;<\/strong> O benef\u00edcio de que trata esta Lei ser\u00e1 concedido mediante a comprova\u00e7\u00e3o, junto \u00e0 Secretaria Municipal de Assist\u00eancia Social, da condi\u00e7\u00e3o de fam\u00edlia carente acima descrita.<br \/>\n<strong>I \u2013<\/strong> Cada fam\u00edlia poder\u00e1 receber at\u00e9 12 (doze) cestas b\u00e1sicas anualmente;<br \/>\n<strong>II &#8211;<\/strong> Cada fam\u00edlia poder\u00e1 receber at\u00e9 06 (seis) botij\u00f5es de g\u00e1s (GPL), anualmente.<br \/>\n<strong>\u00a72\u00ba &#8211;<\/strong> Na sele\u00e7\u00e3o das fam\u00edlias beneficiadas, observar-se-\u00e3o, pela ordem, os seguintes crit\u00e9rios de prefer\u00eancia:<br \/>\n<strong>I &#8211;<\/strong> crian\u00e7as e nutrizes;<br \/>\n<strong>II &#8211;<\/strong> pessoas doentes e em uso de medicamentos;<br \/>\n<strong>III &#8211;<\/strong> n\u00famero de integrantes;<br \/>\n<strong>IV &#8211;<\/strong> menor renda familiar per capta;<br \/>\n<strong>V &#8211;<\/strong> outros crit\u00e9rios estabelecidos em Resolu\u00e7\u00e3o da Secretaria Municipal de A\u00e7\u00e3o Social.<br \/>\n<strong>\u00a73\u00ba &#8211;<\/strong> Observadas as condi\u00e7\u00f5es dos artigos acima, as doa\u00e7\u00f5es destinadas exclusivamente \u00e0s fam\u00edlias que se obede\u00e7am tamb\u00e9m aos seguintes par\u00e2metros:<br \/>\n<strong>I &#8211;<\/strong> apresentar, comprovante de matricula escolar e freq\u00fc\u00eancia igual ou superior a 90% das aulas mensais de todos os filhos, ou dependentes entre 7 (sete) e 14 ( quatorze) anos, em escola p\u00fablica ou programas assistenciais;<br \/>\n<strong>II &#8211;<\/strong> apresente comprovante de resid\u00eancia perman\u00eancia ou viv\u00eancia no Munic\u00edpio de no m\u00ednimo, 03 (tr\u00eas) anos;<br \/>\n<strong>III &#8211;<\/strong> idosos, deficientes ou aposentados, cuja renda n\u00e3o ultrapasse o disposto no art. 1\u00ba desta Lei;<br \/>\n<strong>IV &#8211;<\/strong> Est\u00e1 inscrito no CAD \u00fanico.<br \/>\n<strong>\u00a74\u00ba &#8211;<\/strong> Para efeito desta Lei, considera-se fam\u00edlia a unidade nuclear eventualmente ampliada por outros indiv\u00edduos que com ela possuam la\u00e7os de parentesco, que forme um grupo dom\u00e9stico, vivendo sob o mesmo teto e mantendo sua economia pela constitui\u00e7\u00e3o de seus membros.<br \/>\n<strong>Art. 2\u00ba &#8211;<\/strong> A Cesta B\u00e1sica de que trata esta Lei ser\u00e1 constitu\u00edda por alimentos destinados \u00e0 nutri\u00e7\u00e3o b\u00e1sica, definidos pelo profissional em Nutri\u00e7\u00e3o.<br \/>\n<strong>Par\u00e1grafo \u00danico &#8211;<\/strong> Para fins do disposto no caput, os referidos profissionais dever\u00e3o conjugar, em especial, as necessidades nutricionais \u00e0 sazonalidade dos alimentos dispon\u00edveis, a composi\u00e7\u00e3o das cestas b\u00e1sicas e a minimiza\u00e7\u00e3o do valor global dessas, em raz\u00e3o da substitui\u00e7\u00e3o de determinados alimentos por outros de teor nutricional id\u00eantico, por\u00e9m menos onerosos.<br \/>\n<strong>Art. 3\u00ba &#8211;<\/strong> A distribui\u00e7\u00e3o das Cestas B\u00e1sicas de que trata esta Lei ser\u00e1 efetuada na Secretaria Municipal de Assist\u00eancia Social ou por outro setor administrativo que o Chefe do Poder Executivo determinar.<br \/>\n<strong>Art. 4\u00ba &#8211;<\/strong> O Poder Executivo Municipal, observado a disponibilidade financeira, dever\u00e1 baixar o ato administrativo pr\u00f3prio fixando o n\u00famero de cestas b\u00e1sicas de alimentos para atender mensalmente com a execu\u00e7\u00e3o desta Lei.<br \/>\n<strong>Art. 5\u00ba &#8211;<\/strong> O enquadramento da fam\u00edlia n\u00e3o gera direito ao recebimento do beneficio a que se refere o artigo 1\u00ba desta Lei, ficando sua concess\u00e3o vinculada a exist\u00eancia de disponibilidade financeira e aquisi\u00e7\u00e3o das cestas b\u00e1sicas.<br \/>\n<strong>Art. 6\u00ba &#8211;<\/strong> Poder\u00e1 o Poder Executivo regulamentar a presente Lei, sem preju\u00edzo da vig\u00eancia dos dispositivos nela descritos.<br \/>\n<strong>Art. 7\u00ba &#8211;<\/strong> As despesas decorrentes da execu\u00e7\u00e3o da presente Lei, correr\u00e3o por conta da dota\u00e7\u00e3o or\u00e7ament\u00e1ria pr\u00f3pria, suplementadas se necess\u00e1rio.<br \/>\n<strong>Art. 8\u00ba &#8211;<\/strong> A presente Lei entra em vigor a partir de sua publica\u00e7\u00e3o, revogadas todas as disposi\u00e7\u00f5es em contr\u00e1rio.<br \/>\nPal\u00e1cio Benedito Lima e Silva, Gabinete do Prefeito Municipal de Magalh\u00e3es de Almeida \u2013 MA, 10 de junho de 2022. RAIMUNDO NONATO CARVALHO, Prefeito Municipal.<\/p>\n","protected":false},"author":4,"template":"","class_list":["post-15127","publicacoesdom","type-publicacoesdom","status-publish","hentry"],"acf":{"tipo_de_publicacao_diario":"34","e_retificacao":"1","origem_do_diario":"Poder Executivo","codigo_verificador":"162729d7d93ae98fa0f851bb7220ff474b68c32a"},"_links":{"self":[{"href":"https:\/\/magalhaesdealmeida.ma.gov.br\/transparencia\/wp-json\/wp\/v2\/publicacoesdom\/15127","targetHints":{"allow":["GET"]}}],"collection":[{"href":"https:\/\/magalhaesdealmeida.ma.gov.br\/transparencia\/wp-json\/wp\/v2\/publicacoesdom"}],"about":[{"href":"https:\/\/magalhaesdealmeida.ma.gov.br\/transparencia\/wp-json\/wp\/v2\/types\/publicacoesdom"}],"author":[{"embeddable":true,"href":"https:\/\/magalhaesdealmeida.ma.gov.br\/transparencia\/wp-json\/wp\/v2\/users\/4"}],"wp:attachment":[{"href":"https:\/\/magalhaesdealmeida.ma.gov.br\/transparencia\/wp-json\/wp\/v2\/media?parent=15127"}],"curies":[{"name":"wp","href":"https:\/\/api.w.org\/{rel}","templated":true}]}}

LEI N.º 547/2022

<p><strong>Dispõe sobre a autorização para a doação de Cestas Básicas e Botijão de Gás à Famílias carentes residentes no Município de Magalhães de Almeida e dá outras providências.<br />
</strong><strong>O PREFEITO MUNICIPAL DE MAGALHÃES DE ALMEIDA, ESTADO DO MARANHÃO</strong>, no uso de suas atribuições que lhe são conferidas por Lei, <strong>FAÇO SABER </strong>que a Câmara Municipal de Vereadores aprovou e eu <strong>SANCIONO </strong>a seguinte Lei:<br />
<strong>Art. 1º &#8211;</strong> As famílias reconhecidamente carentes, residentes no Município, com renda mensal per capita inferior a 1/4 do salário mínimo vigente, que comprovem a impossibilidade de sua adequada manutenção, poderão contar com o fornecimento de Cesta Básica e botijão de gás pelo Poder Público Municipal.<br />
<strong>§1º &#8211;</strong> O benefício de que trata esta Lei será concedido mediante a comprovação, junto à Secretaria Municipal de Assistência Social, da condição de família carente acima descrita.<br />
<strong>I –</strong> Cada família poderá receber até 12 (doze) cestas básicas anualmente;<br />
<strong>II &#8211;</strong> Cada família poderá receber até 06 (seis) botijões de gás (GPL), anualmente.<br />
<strong>§2º &#8211;</strong> Na seleção das famílias beneficiadas, observar-se-ão, pela ordem, os seguintes critérios de preferência:<br />
<strong>I &#8211;</strong> crianças e nutrizes;<br />
<strong>II &#8211;</strong> pessoas doentes e em uso de medicamentos;<br />
<strong>III &#8211;</strong> número de integrantes;<br />
<strong>IV &#8211;</strong> menor renda familiar per capta;<br />
<strong>V &#8211;</strong> outros critérios estabelecidos em Resolução da Secretaria Municipal de Ação Social.<br />
<strong>§3º &#8211;</strong> Observadas as condições dos artigos acima, as doações destinadas exclusivamente às famílias que se obedeçam também aos seguintes parâmetros:<br />
<strong>I &#8211;</strong> apresentar, comprovante de matricula escolar e freqüência igual ou superior a 90% das aulas mensais de todos os filhos, ou dependentes entre 7 (sete) e 14 ( quatorze) anos, em escola pública ou programas assistenciais;<br />
<strong>II &#8211;</strong> apresente comprovante de residência permanência ou vivência no Município de no mínimo, 03 (três) anos;<br />
<strong>III &#8211;</strong> idosos, deficientes ou aposentados, cuja renda não ultrapasse o disposto no art. 1º desta Lei;<br />
<strong>IV &#8211;</strong> Está inscrito no CAD único.<br />
<strong>§4º &#8211;</strong> Para efeito desta Lei, considera-se família a unidade nuclear eventualmente ampliada por outros indivíduos que com ela possuam laços de parentesco, que forme um grupo doméstico, vivendo sob o mesmo teto e mantendo sua economia pela constituição de seus membros.<br />
<strong>Art. 2º &#8211;</strong> A Cesta Básica de que trata esta Lei será constituída por alimentos destinados à nutrição básica, definidos pelo profissional em Nutrição.<br />
<strong>Parágrafo Único &#8211;</strong> Para fins do disposto no caput, os referidos profissionais deverão conjugar, em especial, as necessidades nutricionais à sazonalidade dos alimentos disponíveis, a composição das cestas básicas e a minimização do valor global dessas, em razão da substituição de determinados alimentos por outros de teor nutricional idêntico, porém menos onerosos.<br />
<strong>Art. 3º &#8211;</strong> A distribuição das Cestas Básicas de que trata esta Lei será efetuada na Secretaria Municipal de Assistência Social ou por outro setor administrativo que o Chefe do Poder Executivo determinar.<br />
<strong>Art. 4º &#8211;</strong> O Poder Executivo Municipal, observado a disponibilidade financeira, deverá baixar o ato administrativo próprio fixando o número de cestas básicas de alimentos para atender mensalmente com a execução desta Lei.<br />
<strong>Art. 5º &#8211;</strong> O enquadramento da família não gera direito ao recebimento do beneficio a que se refere o artigo 1º desta Lei, ficando sua concessão vinculada a existência de disponibilidade financeira e aquisição das cestas básicas.<br />
<strong>Art. 6º &#8211;</strong> Poderá o Poder Executivo regulamentar a presente Lei, sem prejuízo da vigência dos dispositivos nela descritos.<br />
<strong>Art. 7º &#8211;</strong> As despesas decorrentes da execução da presente Lei, correrão por conta da dotação orçamentária própria, suplementadas se necessário.<br />
<strong>Art. 8º &#8211;</strong> A presente Lei entra em vigor a partir de sua publicação, revogadas todas as disposições em contrário.<br />
Palácio Benedito Lima e Silva, Gabinete do Prefeito Municipal de Magalhães de Almeida – MA, 10 de junho de 2022. RAIMUNDO NONATO CARVALHO, Prefeito Municipal.</p>
