{"id":15129,"date":"2022-06-23T14:54:52","date_gmt":"2022-06-23T17:54:52","guid":{"rendered":"https:\/\/magalhaesdealmeida.ma.gov.br\/transparencia\/?post_type=publicacoesdom&#038;p=15129"},"modified":"2022-06-23T14:55:52","modified_gmt":"2022-06-23T17:55:52","slug":"lei-n-o-548-2022","status":"publish","type":"publicacoesdom","link":"https:\/\/magalhaesdealmeida.ma.gov.br\/transparencia\/publicacoesdom\/lei-n-o-548-2022\/","title":{"rendered":"LEI N.\u00ba 548\/2022"},"content":{"rendered":"<p><strong>Institui o Programa de Incentivo \u00e0 implanta\u00e7\u00e3o de Hortas Comunit\u00e1rias e compostagem no Munic\u00edpio de Magalh\u00e3es de Almeida e d\u00e1 outras provid\u00eancias.<br \/>\nO PREFEITO MUNICIPAL DE MAGALH\u00c3ES DE ALMEIDA, ESTADO DO MARANH\u00c3O<\/strong>, no uso de suas atribui\u00e7\u00f5es que lhe s\u00e3o conferidas por Lei, <strong>FA\u00c7O SABER <\/strong>que a C\u00e2mara Municipal de Vereadores aprovou e eu<strong> SANCIONO<\/strong> a seguinte Lei:<br \/>\n<strong>Art. 1\u00ba<\/strong> Fica institu\u00eddo o Programa de Incentivo \u00e0 Implanta\u00e7\u00e3o de Hortas Comunit\u00e1rias e Compostagem no Munic\u00edpio de Magalh\u00e3es de Almeida, a ser desenvolvido em:<br \/>\n<strong>I \u2013<\/strong> \u00e1reas p\u00fablicas municipais;<br \/>\n<strong>II \u2013<\/strong> \u00e1reas declaradas de utilidade p\u00fablica e desocupadas;<br \/>\n<strong>III \u2013<\/strong> terrenos de associa\u00e7\u00f5es de moradores que possuam \u00e1rea para plantio;<br \/>\n<strong>IV \u2013<\/strong> terrenos ou glebas particulares.<br \/>\n<strong>Par\u00e1grafo \u00fanico.<\/strong> A utiliza\u00e7\u00e3o da \u00e1rea do inciso IV deste artigo se dar\u00e1 com anu\u00eancia formal do propriet\u00e1rio e da respectiva associa\u00e7\u00e3o.<br \/>\n<strong>Art. 2\u00ba<\/strong> S\u00e3o objetivos do Programa institu\u00eddo no art. 1\u00ba desta Lei:<br \/>\n<strong>I \u2013<\/strong> cumprir a fun\u00e7\u00e3o social da propriedade;<br \/>\n<strong>II &#8211;<\/strong> manter terrenos limpos e ocupados;<br \/>\n<strong>III &#8211;<\/strong> proporcionar terapia ocupacional \u00e0s pessoas da terceira idade;<br \/>\n<strong>IV &#8211;<\/strong> aproveitar \u00e1reas devolutas;<br \/>\n<strong>V &#8211;<\/strong> incentivar pr\u00e1ticas sustent\u00e1veis e de respeito ao meio ambiente;<br \/>\n<strong>VI &#8211;<\/strong> criar h\u00e1bitos de alimenta\u00e7\u00e3o saud\u00e1vel, sem utiliza\u00e7\u00e3o de agrot\u00f3xicos na produ\u00e7\u00e3o de plantas, hortali\u00e7as, frutas e vegetais;<br \/>\n<strong>VII \u2013<\/strong> oportunizar a integra\u00e7\u00e3o social entre membros da comunidade independente de faixa et\u00e1ria;<br \/>\n<strong>VIII \u2013<\/strong> evitar a invas\u00e3o de terrenos desocupados;<br \/>\n<strong>IX \u2013<\/strong> preserva\u00e7\u00e3o de micro fauna e biodiversidade vegetal; e<br \/>\n<strong>X &#8211;<\/strong> zelar pelo uso seguro, sustent\u00e1vel, tempor\u00e1rio e respons\u00e1vel de bens im\u00f3veis subutilizados.<br \/>\n<strong>Art. 3\u00ba<\/strong> Para fins de implementa\u00e7\u00e3o do\u00a0Programa institu\u00eddo no Art. 1\u00ba desta Lei, a sua regulamenta\u00e7\u00e3o caber\u00e1 ao Poder Executivo Municipal.<br \/>\n<strong>Art. 4\u00ba<\/strong> Constituem etapas para a implanta\u00e7\u00e3o de hortas comunit\u00e1rias e compostagem apoiadas pelo Programa institu\u00eddo no art. 1\u00ba desta Lei:<br \/>\n<strong>I \u2013<\/strong> localiza\u00e7\u00e3o da \u00e1rea, por meio dos cadastros;<br \/>\n<strong>II \u2013<\/strong> consulta ao propriet\u00e1rio, em caso de terrenos particulares; e<br \/>\n<strong>III \u2013<\/strong> oficializa\u00e7\u00e3o da \u00e1rea na Secretaria Municipal Agricultura, Pesca, Pecu\u00e1ria e Meio Ambiental, depois de formalizada a permiss\u00e3o de uso, que atenda aos objetivos do programa, para os fins desta Lei.<br \/>\n<strong>Par\u00e1grafo \u00danico.<\/strong> Cada \u00e1rea de cultivo poder\u00e1 ser trabalhada individual ou coletivamente.<br \/>\n<strong>Art. 5\u00ba<\/strong> O produto excedente das hortas comunit\u00e1rias e compostagem apoiadas pelo Programa institu\u00eddo no art. 1\u00ba desta Lei pode ser comercializado, consumido livremente pelos moradores residentes no bairro onde se encontra a horta.<br \/>\n<strong>Art. 6\u00ba<\/strong> As hortas comunit\u00e1rias dever\u00e3o incentivar a compostagem e o reaproveitamento dos res\u00edduos s\u00f3lidos org\u00e2nicos, preferencialmente, para manuten\u00e7\u00e3o e produ\u00e7\u00e3o de alimentos cultivados no local.<br \/>\n<strong>Art. 7\u00ba &#8211;<\/strong> Fica autorizado ao Poder Executivo a implanta\u00e7\u00e3o de Ecopontos nas \u00e1reas das hortas, desde que n\u00e3o haja riscos nem preju\u00edzos a planta\u00e7\u00e3o.<br \/>\n<strong>Par\u00e1grafo \u00danico &#8211;<\/strong> Nas \u00e1reas destacadas nos incisos III e IV do art. 1\u00ba da presente Lei, a implanta\u00e7\u00e3o do Ecoponto somente ser\u00e1 efetivada se houver autoriza\u00e7\u00e3o formal do propriet\u00e1rio.<br \/>\n<strong>Art. 8\u00ba &#8211;<\/strong> Poder\u00e1 haver a instala\u00e7\u00e3o de sistema de irriga\u00e7\u00e3o, ficando apenas o procedimento de liga\u00e7\u00e3o de \u00e1gua sob a incumb\u00eancia do Executivo Municipal.<br \/>\n<strong>Art. 9\u00ba &#8211;<\/strong> Fica autorizada a cria\u00e7\u00e3o do espa\u00e7o chamado \u201cfarm\u00e1cia viva\u201d, onde haver\u00e1 o plantio de plantas e ervas medicinais.<br \/>\n<strong>Art. 10. &#8211;<\/strong> A identifica\u00e7\u00e3o das esp\u00e9cies plantadas ou transplantadas ficar\u00e1 a encargo da comunidade.<br \/>\n<strong>Art. 11. &#8211;<\/strong> \u00c9 vedada a utiliza\u00e7\u00e3o de agrot\u00f3xicos nas planta\u00e7\u00f5es em \u00e1reas utilizadas para desenvolvimento deste programa.<br \/>\n<strong>Art. 12. &#8211;<\/strong> \u00c9 dever das pessoas da comunidade preservar a matriz plantada, sendo transgress\u00e3o o uso inconsciente e antidemocr\u00e1tico.<br \/>\n<strong>Art. 13. &#8211;<\/strong> Os donos de terrenos que tiverem sido notificados ou autuados por ocasi\u00e3o da n\u00e3o limpeza adequada de sua \u00e1rea, poder\u00e3o requerer desconto ou isen\u00e7\u00e3o se autorizarem a implanta\u00e7\u00e3o de hortas comunit\u00e1rias em \u00e1reas de sua propriedade.<br \/>\n<strong>Par\u00e1grafo \u00danico &#8211;<\/strong> A regulamenta\u00e7\u00e3o do benef\u00edcio cabe ao Executivo Municipal.<br \/>\n<strong>Art. 14.<\/strong> &#8211; O Poder Executivo Municipal fica autorizado a dar publicidade ao Programa \u201cHortas Comunit\u00e1rias\u201d, preferencialmente por m\u00eddia digital e virtual, sendo autorizada a divulga\u00e7\u00e3o por meios oficiais de comunica\u00e7\u00e3o.<br \/>\n<strong>Par\u00e1grafo \u00danico &#8211;<\/strong> Fica vedado o marketing do programa Hortas Comunit\u00e1rias e Compostagem por impress\u00e3o de material gr\u00e1fico.<br \/>\n<strong>Art. 15 &#8211;<\/strong> O disposto nesta Lei aplica-se, tamb\u00e9m, \u00e0 Zona Rural do munic\u00edpio de Magalh\u00e3es de Almeida.<br \/>\n<strong>Art. 16 &#8211;<\/strong> Esta Lei entra em vigor na data de sua publica\u00e7\u00e3o. Revogam-se as disposi\u00e7\u00f5es em contr\u00e1rio.<br \/>\nPal\u00e1cio Benedito Lima e Silva, Gabinete do Prefeito Municipal de Magalh\u00e3es de Almeida &#8211; MA, 10 de junho de 2022. RAIMUNDO NONATO CARVALHO, Prefeito Municipal.<\/p>\n","protected":false},"author":4,"template":"","class_list":["post-15129","publicacoesdom","type-publicacoesdom","status-publish","hentry"],"acf":{"tipo_de_publicacao_diario":"34","e_retificacao":"1","origem_do_diario":"Poder Executivo","codigo_verificador":"d2cba2a0d5701abdba4254187ac4988d45f65ead"},"_links":{"self":[{"href":"https:\/\/magalhaesdealmeida.ma.gov.br\/transparencia\/wp-json\/wp\/v2\/publicacoesdom\/15129","targetHints":{"allow":["GET"]}}],"collection":[{"href":"https:\/\/magalhaesdealmeida.ma.gov.br\/transparencia\/wp-json\/wp\/v2\/publicacoesdom"}],"about":[{"href":"https:\/\/magalhaesdealmeida.ma.gov.br\/transparencia\/wp-json\/wp\/v2\/types\/publicacoesdom"}],"author":[{"embeddable":true,"href":"https:\/\/magalhaesdealmeida.ma.gov.br\/transparencia\/wp-json\/wp\/v2\/users\/4"}],"wp:attachment":[{"href":"https:\/\/magalhaesdealmeida.ma.gov.br\/transparencia\/wp-json\/wp\/v2\/media?parent=15129"}],"curies":[{"name":"wp","href":"https:\/\/api.w.org\/{rel}","templated":true}]}}

LEI N.º 548/2022

<p><strong>Institui o Programa de Incentivo à implantação de Hortas Comunitárias e compostagem no Município de Magalhães de Almeida e dá outras providências.<br />
O PREFEITO MUNICIPAL DE MAGALHÃES DE ALMEIDA, ESTADO DO MARANHÃO</strong>, no uso de suas atribuições que lhe são conferidas por Lei, <strong>FAÇO SABER </strong>que a Câmara Municipal de Vereadores aprovou e eu<strong> SANCIONO</strong> a seguinte Lei:<br />
<strong>Art. 1º</strong> Fica instituído o Programa de Incentivo à Implantação de Hortas Comunitárias e Compostagem no Município de Magalhães de Almeida, a ser desenvolvido em:<br />
<strong>I –</strong> áreas públicas municipais;<br />
<strong>II –</strong> áreas declaradas de utilidade pública e desocupadas;<br />
<strong>III –</strong> terrenos de associações de moradores que possuam área para plantio;<br />
<strong>IV –</strong> terrenos ou glebas particulares.<br />
<strong>Parágrafo único.</strong> A utilização da área do inciso IV deste artigo se dará com anuência formal do proprietário e da respectiva associação.<br />
<strong>Art. 2º</strong> São objetivos do Programa instituído no art. 1º desta Lei:<br />
<strong>I –</strong> cumprir a função social da propriedade;<br />
<strong>II &#8211;</strong> manter terrenos limpos e ocupados;<br />
<strong>III &#8211;</strong> proporcionar terapia ocupacional às pessoas da terceira idade;<br />
<strong>IV &#8211;</strong> aproveitar áreas devolutas;<br />
<strong>V &#8211;</strong> incentivar práticas sustentáveis e de respeito ao meio ambiente;<br />
<strong>VI &#8211;</strong> criar hábitos de alimentação saudável, sem utilização de agrotóxicos na produção de plantas, hortaliças, frutas e vegetais;<br />
<strong>VII –</strong> oportunizar a integração social entre membros da comunidade independente de faixa etária;<br />
<strong>VIII –</strong> evitar a invasão de terrenos desocupados;<br />
<strong>IX –</strong> preservação de micro fauna e biodiversidade vegetal; e<br />
<strong>X &#8211;</strong> zelar pelo uso seguro, sustentável, temporário e responsável de bens imóveis subutilizados.<br />
<strong>Art. 3º</strong> Para fins de implementação do Programa instituído no Art. 1º desta Lei, a sua regulamentação caberá ao Poder Executivo Municipal.<br />
<strong>Art. 4º</strong> Constituem etapas para a implantação de hortas comunitárias e compostagem apoiadas pelo Programa instituído no art. 1º desta Lei:<br />
<strong>I –</strong> localização da área, por meio dos cadastros;<br />
<strong>II –</strong> consulta ao proprietário, em caso de terrenos particulares; e<br />
<strong>III –</strong> oficialização da área na Secretaria Municipal Agricultura, Pesca, Pecuária e Meio Ambiental, depois de formalizada a permissão de uso, que atenda aos objetivos do programa, para os fins desta Lei.<br />
<strong>Parágrafo Único.</strong> Cada área de cultivo poderá ser trabalhada individual ou coletivamente.<br />
<strong>Art. 5º</strong> O produto excedente das hortas comunitárias e compostagem apoiadas pelo Programa instituído no art. 1º desta Lei pode ser comercializado, consumido livremente pelos moradores residentes no bairro onde se encontra a horta.<br />
<strong>Art. 6º</strong> As hortas comunitárias deverão incentivar a compostagem e o reaproveitamento dos resíduos sólidos orgânicos, preferencialmente, para manutenção e produção de alimentos cultivados no local.<br />
<strong>Art. 7º &#8211;</strong> Fica autorizado ao Poder Executivo a implantação de Ecopontos nas áreas das hortas, desde que não haja riscos nem prejuízos a plantação.<br />
<strong>Parágrafo Único &#8211;</strong> Nas áreas destacadas nos incisos III e IV do art. 1º da presente Lei, a implantação do Ecoponto somente será efetivada se houver autorização formal do proprietário.<br />
<strong>Art. 8º &#8211;</strong> Poderá haver a instalação de sistema de irrigação, ficando apenas o procedimento de ligação de água sob a incumbência do Executivo Municipal.<br />
<strong>Art. 9º &#8211;</strong> Fica autorizada a criação do espaço chamado “farmácia viva”, onde haverá o plantio de plantas e ervas medicinais.<br />
<strong>Art. 10. &#8211;</strong> A identificação das espécies plantadas ou transplantadas ficará a encargo da comunidade.<br />
<strong>Art. 11. &#8211;</strong> É vedada a utilização de agrotóxicos nas plantações em áreas utilizadas para desenvolvimento deste programa.<br />
<strong>Art. 12. &#8211;</strong> É dever das pessoas da comunidade preservar a matriz plantada, sendo transgressão o uso inconsciente e antidemocrático.<br />
<strong>Art. 13. &#8211;</strong> Os donos de terrenos que tiverem sido notificados ou autuados por ocasião da não limpeza adequada de sua área, poderão requerer desconto ou isenção se autorizarem a implantação de hortas comunitárias em áreas de sua propriedade.<br />
<strong>Parágrafo Único &#8211;</strong> A regulamentação do benefício cabe ao Executivo Municipal.<br />
<strong>Art. 14.</strong> &#8211; O Poder Executivo Municipal fica autorizado a dar publicidade ao Programa “Hortas Comunitárias”, preferencialmente por mídia digital e virtual, sendo autorizada a divulgação por meios oficiais de comunicação.<br />
<strong>Parágrafo Único &#8211;</strong> Fica vedado o marketing do programa Hortas Comunitárias e Compostagem por impressão de material gráfico.<br />
<strong>Art. 15 &#8211;</strong> O disposto nesta Lei aplica-se, também, à Zona Rural do município de Magalhães de Almeida.<br />
<strong>Art. 16 &#8211;</strong> Esta Lei entra em vigor na data de sua publicação. Revogam-se as disposições em contrário.<br />
Palácio Benedito Lima e Silva, Gabinete do Prefeito Municipal de Magalhães de Almeida &#8211; MA, 10 de junho de 2022. RAIMUNDO NONATO CARVALHO, Prefeito Municipal.</p>
