{"id":15132,"date":"2022-06-23T15:38:13","date_gmt":"2022-06-23T18:38:13","guid":{"rendered":"https:\/\/magalhaesdealmeida.ma.gov.br\/transparencia\/?post_type=publicacoesdom&#038;p=15132"},"modified":"2022-06-23T15:38:13","modified_gmt":"2022-06-23T18:38:13","slug":"lei-n-o-551-2022","status":"publish","type":"publicacoesdom","link":"https:\/\/magalhaesdealmeida.ma.gov.br\/transparencia\/publicacoesdom\/lei-n-o-551-2022\/","title":{"rendered":"LEI N.\u00ba 551\/2022"},"content":{"rendered":"<p><strong>DISP\u00d5E SOBRE A DIVULGA\u00c7\u00c3O DOS DIREITOS DA PESSOA PORTADORA DE C\u00c3NCER E D\u00c1 OUTRAS PROVID\u00caNCIAS.<br \/>\n<\/strong><strong>O PREFEITO MUNICIPAL DE MAGALH\u00c3ES DE ALMEIDA, ESTADO DO MARANH\u00c3O,<\/strong> no uso de suas atribui\u00e7\u00f5es que lhe s\u00e3o conferidas por Lei, <strong>FA\u00c7O SABER <\/strong>que a C\u00e2mara Municipal de Vereadores aprovou e eu <strong>SANCIONO<\/strong> a seguinte Lei:<br \/>\n<strong>Art. 1\u00ba &#8211;<\/strong> Fica disposto no Munic\u00edpio de Magalh\u00e3es de Almeida, a divulga\u00e7\u00e3o dos direitos dos portadores de Neoplasia Maligna (C\u00e2ncer), bem como o n\u00famero dos telefones para informa\u00e7\u00f5es.<br \/>\n<strong>Art. 2\u00ba &#8211;<\/strong> A divulga\u00e7\u00e3o poder\u00e1 ser feita em todos os sites p\u00fablicos e tamb\u00e9m nos \u00f3rg\u00e3os p\u00fablicos de alta freq\u00fc\u00eancia popular, de forma que fique de f\u00e1cil acesso e vis\u00edvel ao p\u00fablico, contendo as seguintes informa\u00e7\u00f5es:<br \/>\n<strong>Portador de Neoplasia Maligna (C\u00e2ncer), conhe\u00e7a seus direitos<\/strong>:<br \/>\n<strong>I &#8211;<\/strong> Aposentadoria por invalidez;<br \/>\n<strong>II &#8211;<\/strong> Aux\u00edlio-doen\u00e7a;<br \/>\n<strong>III &#8211;<\/strong> Isen\u00e7\u00e3o de imposto de renda na aposentadoria;<br \/>\n<strong>IV &#8211;<\/strong> Isen\u00e7\u00e3o de ICMS na compra de ve\u00edculos adaptados;<br \/>\n<strong>V &#8211;<\/strong> Isen\u00e7\u00e3o de IPI na compra de ve\u00edculos adaptados;<br \/>\n<strong>VI &#8211;<\/strong> Isen\u00e7\u00e3o de IPVA para ve\u00edculos adaptados;<br \/>\n<strong>VII &#8211;<\/strong> Quita\u00e7\u00e3o de financiamento da casa pr\u00f3pria;<br \/>\n<strong>VIII &#8211;<\/strong> Saque do FGTS;<br \/>\n<strong>IX &#8211;<\/strong> Saque do PIS\/PASEP;<br \/>\n<strong>X &#8211;<\/strong> Benef\u00edcio de presta\u00e7\u00e3o continuada (LOAS);<br \/>\n<strong>XI &#8211;<\/strong> Cirurgia pl\u00e1stica reparadora de mama;<br \/>\n<strong>XII &#8211;<\/strong> Quita\u00e7\u00e3o do financiamento de im\u00f3vel junto \u00e0 Caixa Econ\u00f4mica Federal.<br \/>\n<strong>Art. 3\u00ba &#8211;<\/strong> Caber\u00e1 ao Poder Executivo a regulamenta\u00e7\u00e3o desta Lei, no que couber, ap\u00f3s sua vig\u00eancia.<br \/>\n<strong>Art. 4\u00ba &#8211;<\/strong> Esta Lei entra em vigor na data de sua publica\u00e7\u00e3o, revogadas as disposi\u00e7\u00f5es em contr\u00e1rio.<br \/>\nPal\u00e1cio Benedito Lima e Silva, Gabinete do Prefeito Municipal de Magalh\u00e3es de Almeida &#8211; MA, 10 de junho de 2022. RAIMUNDO NONATO CARVALHO, Prefeito Municipal.<\/p>\n<p>&nbsp;<\/p>\n","protected":false},"author":4,"template":"","class_list":["post-15132","publicacoesdom","type-publicacoesdom","status-publish","hentry"],"acf":{"tipo_de_publicacao_diario":"34","e_retificacao":"1","origem_do_diario":"Poder Executivo","codigo_verificador":"162782188c5b6debec6d9890696e1f2bc0199e99"},"_links":{"self":[{"href":"https:\/\/magalhaesdealmeida.ma.gov.br\/transparencia\/wp-json\/wp\/v2\/publicacoesdom\/15132","targetHints":{"allow":["GET"]}}],"collection":[{"href":"https:\/\/magalhaesdealmeida.ma.gov.br\/transparencia\/wp-json\/wp\/v2\/publicacoesdom"}],"about":[{"href":"https:\/\/magalhaesdealmeida.ma.gov.br\/transparencia\/wp-json\/wp\/v2\/types\/publicacoesdom"}],"author":[{"embeddable":true,"href":"https:\/\/magalhaesdealmeida.ma.gov.br\/transparencia\/wp-json\/wp\/v2\/users\/4"}],"wp:attachment":[{"href":"https:\/\/magalhaesdealmeida.ma.gov.br\/transparencia\/wp-json\/wp\/v2\/media?parent=15132"}],"curies":[{"name":"wp","href":"https:\/\/api.w.org\/{rel}","templated":true}]}}

LEI N.º 551/2022

<p><strong>DISPÕE SOBRE A DIVULGAÇÃO DOS DIREITOS DA PESSOA PORTADORA DE CÃNCER E DÁ OUTRAS PROVIDÊNCIAS.<br />
</strong><strong>O PREFEITO MUNICIPAL DE MAGALHÃES DE ALMEIDA, ESTADO DO MARANHÃO,</strong> no uso de suas atribuições que lhe são conferidas por Lei, <strong>FAÇO SABER </strong>que a Câmara Municipal de Vereadores aprovou e eu <strong>SANCIONO</strong> a seguinte Lei:<br />
<strong>Art. 1º &#8211;</strong> Fica disposto no Município de Magalhães de Almeida, a divulgação dos direitos dos portadores de Neoplasia Maligna (Câncer), bem como o número dos telefones para informações.<br />
<strong>Art. 2º &#8211;</strong> A divulgação poderá ser feita em todos os sites públicos e também nos órgãos públicos de alta freqüência popular, de forma que fique de fácil acesso e visível ao público, contendo as seguintes informações:<br />
<strong>Portador de Neoplasia Maligna (Câncer), conheça seus direitos</strong>:<br />
<strong>I &#8211;</strong> Aposentadoria por invalidez;<br />
<strong>II &#8211;</strong> Auxílio-doença;<br />
<strong>III &#8211;</strong> Isenção de imposto de renda na aposentadoria;<br />
<strong>IV &#8211;</strong> Isenção de ICMS na compra de veículos adaptados;<br />
<strong>V &#8211;</strong> Isenção de IPI na compra de veículos adaptados;<br />
<strong>VI &#8211;</strong> Isenção de IPVA para veículos adaptados;<br />
<strong>VII &#8211;</strong> Quitação de financiamento da casa própria;<br />
<strong>VIII &#8211;</strong> Saque do FGTS;<br />
<strong>IX &#8211;</strong> Saque do PIS/PASEP;<br />
<strong>X &#8211;</strong> Benefício de prestação continuada (LOAS);<br />
<strong>XI &#8211;</strong> Cirurgia plástica reparadora de mama;<br />
<strong>XII &#8211;</strong> Quitação do financiamento de imóvel junto à Caixa Econômica Federal.<br />
<strong>Art. 3º &#8211;</strong> Caberá ao Poder Executivo a regulamentação desta Lei, no que couber, após sua vigência.<br />
<strong>Art. 4º &#8211;</strong> Esta Lei entra em vigor na data de sua publicação, revogadas as disposições em contrário.<br />
Palácio Benedito Lima e Silva, Gabinete do Prefeito Municipal de Magalhães de Almeida &#8211; MA, 10 de junho de 2022. RAIMUNDO NONATO CARVALHO, Prefeito Municipal.</p>
<p>&nbsp;</p>
