{"id":15431,"date":"2022-07-01T08:49:52","date_gmt":"2022-07-01T11:49:52","guid":{"rendered":"https:\/\/magalhaesdealmeida.ma.gov.br\/transparencia\/?post_type=publicacoesdom&#038;p=15431"},"modified":"2022-07-01T08:50:14","modified_gmt":"2022-07-01T11:50:14","slug":"portaria-n-o-066-2022-gab","status":"publish","type":"publicacoesdom","link":"https:\/\/magalhaesdealmeida.ma.gov.br\/transparencia\/publicacoesdom\/portaria-n-o-066-2022-gab\/","title":{"rendered":"PORTARIA N.\u00ba 066\/2022 &#8211; GAB"},"content":{"rendered":"<p><strong><u>TERMO DE LICEN\u00c7A<br \/>\n<\/u><\/strong><strong>INSTITUE A LICEN\u00c7A PARA TRATAMENTO DE SA\u00daDE DE PESSOA DA FAMILIA \u2013 ART. 88 \u00a7\u00a7 1\u00ba E 2\u00ba DA LEI 236\/98<br \/>\n<\/strong>O Prefeito Municipal de Magalh\u00e3es de Almeida, Estado do Maranh\u00e3o, no uso de suas atribui\u00e7\u00f5es e de conformidade com a Lei Org\u00e2nica Municipal art. 47, inciso II e art. 67, inciso VIII.<br \/>\nConsiderando o disposto no inciso II do art. 9\u00ba da Lei n\u00ba 236 de 02 de janeiro de 1998, <strong>RESOLVE:<br \/>\n<\/strong><strong>Art. 1\u00ba &#8211; CONCEDER<\/strong> a Sra. <strong>MARILEUSA SILVA CERVEIRA<\/strong>, portadora do CPF n\u00ba 452.412.283-49, Matr\u00edcula 81, <strong>ASSISTENTE SOCIAL<\/strong>, lotada na Secretaria Municipal de Assist\u00eancia Social<strong>, PRORROGA\u00c7\u00c3O DA LICEN\u00c7A PARA TRATAMENTO DE SA\u00daDE DE PESSOA DA FAM\u00cdLIA<\/strong>, por mais 60 (sessenta) dias, a partir de 01\/07\/2022 a 30\/08\/2022, de acordo com o art. 66 \u00a7\u00a7 1\u00ba e 2\u00ba da lei 236\/98 do Regime Jur\u00eddico \u00danico.<br \/>\n<strong>Art. 2\u00ba &#8211;<\/strong> Esta portaria entra em vigor na data de sua publica\u00e7\u00e3o. Revogadas as disposi\u00e7\u00f5es em contr\u00e1rio.<br \/>\nLeia-se, Publique-se e cumpra-se em Magalh\u00e3es de Almeida\/MA, 01 de julho de 2022. Raimundo Nonato Carvalho, PREFEITO MUNICIPAL.<\/p>\n<p>&nbsp;<\/p>\n<p>&nbsp;<\/p>\n","protected":false},"author":4,"template":"","class_list":["post-15431","publicacoesdom","type-publicacoesdom","status-publish","hentry"],"acf":{"tipo_de_publicacao_diario":"41","e_retificacao":"1","origem_do_diario":"Poder Executivo","codigo_verificador":"26addcc6216ea5dc965915b39346a295a3e5a335"},"_links":{"self":[{"href":"https:\/\/magalhaesdealmeida.ma.gov.br\/transparencia\/wp-json\/wp\/v2\/publicacoesdom\/15431","targetHints":{"allow":["GET"]}}],"collection":[{"href":"https:\/\/magalhaesdealmeida.ma.gov.br\/transparencia\/wp-json\/wp\/v2\/publicacoesdom"}],"about":[{"href":"https:\/\/magalhaesdealmeida.ma.gov.br\/transparencia\/wp-json\/wp\/v2\/types\/publicacoesdom"}],"author":[{"embeddable":true,"href":"https:\/\/magalhaesdealmeida.ma.gov.br\/transparencia\/wp-json\/wp\/v2\/users\/4"}],"wp:attachment":[{"href":"https:\/\/magalhaesdealmeida.ma.gov.br\/transparencia\/wp-json\/wp\/v2\/media?parent=15431"}],"curies":[{"name":"wp","href":"https:\/\/api.w.org\/{rel}","templated":true}]}}

PORTARIA N.º 066/2022 &#8211; GAB

<p><strong><u>TERMO DE LICENÇA<br />
</u></strong><strong>INSTITUE A LICENÇA PARA TRATAMENTO DE SAÚDE DE PESSOA DA FAMILIA – ART. 88 §§ 1º E 2º DA LEI 236/98<br />
</strong>O Prefeito Municipal de Magalhães de Almeida, Estado do Maranhão, no uso de suas atribuições e de conformidade com a Lei Orgânica Municipal art. 47, inciso II e art. 67, inciso VIII.<br />
Considerando o disposto no inciso II do art. 9º da Lei nº 236 de 02 de janeiro de 1998, <strong>RESOLVE:<br />
</strong><strong>Art. 1º &#8211; CONCEDER</strong> a Sra. <strong>MARILEUSA SILVA CERVEIRA</strong>, portadora do CPF nº 452.412.283-49, Matrícula 81, <strong>ASSISTENTE SOCIAL</strong>, lotada na Secretaria Municipal de Assistência Social<strong>, PRORROGAÇÃO DA LICENÇA PARA TRATAMENTO DE SAÚDE DE PESSOA DA FAMÍLIA</strong>, por mais 60 (sessenta) dias, a partir de 01/07/2022 a 30/08/2022, de acordo com o art. 66 §§ 1º e 2º da lei 236/98 do Regime Jurídico Único.<br />
<strong>Art. 2º &#8211;</strong> Esta portaria entra em vigor na data de sua publicação. Revogadas as disposições em contrário.<br />
Leia-se, Publique-se e cumpra-se em Magalhães de Almeida/MA, 01 de julho de 2022. Raimundo Nonato Carvalho, PREFEITO MUNICIPAL.</p>
<p>&nbsp;</p>
<p>&nbsp;</p>
