{"id":15650,"date":"2022-07-14T10:47:53","date_gmt":"2022-07-14T13:47:53","guid":{"rendered":"https:\/\/magalhaesdealmeida.ma.gov.br\/transparencia\/?post_type=publicacoesdom&#038;p=15650"},"modified":"2022-07-14T10:53:53","modified_gmt":"2022-07-14T13:53:53","slug":"decreto-n-o-025-2022","status":"publish","type":"publicacoesdom","link":"https:\/\/magalhaesdealmeida.ma.gov.br\/transparencia\/publicacoesdom\/decreto-n-o-025-2022\/","title":{"rendered":"DECRETO N.\u00ba 025\/2022"},"content":{"rendered":"<p>O Prefeito Municipal de Magalh\u00e3es de Almeida \u2013 MA, no uso de suas atribui\u00e7\u00f5es legais, <strong>RESOLVE<\/strong>:<br \/>\n<strong>Art. 1\u00ba &#8211; <\/strong>Nomeia os membros do Conselho Municipal de Assist\u00eancia Social, Titulares e respectivos Suplentes, para o mandato de 02 (dois) anos, permitindo uma \u00fanica recondu\u00e7\u00e3o por igual per\u00edodo, conforme rela\u00e7\u00e3o descrita abaixo para o bi\u00eanio de 2022 a 2024.<br \/>\n<strong><u>PODER P\u00daBLICO<br \/>\n<\/u><\/strong><strong>\u00d3rg\u00e3o Municipal Gestor da Pol\u00edtica de Assist\u00eancia Social<br \/>\n<\/strong><strong>Titular: <\/strong>Aline de Carvalho Lima<br \/>\n<strong>Suplente: <\/strong>Laerty Brucce Alves de Cavalho<br \/>\n<strong>\u00d3rg\u00e3o Municipal Gestor da Pol\u00edtica de Educa\u00e7\u00e3o<br \/>\n<\/strong><strong>Titular:<\/strong> Daiane Silva Le\u00e3o<br \/>\n<strong>Suplente: <\/strong>Guilherme Matias da Silva<br \/>\n<strong>\u00d3rg\u00e3o Municipal Gestor da Pol\u00edtica de Sa\u00fade<br \/>\n<\/strong><strong>Titular:<\/strong> Francileide da Silva Costa<br \/>\n<strong>Suplente:<\/strong> Natalia Marques Ara\u00fajo<br \/>\n<strong>\u00d3rg\u00e3o Municipal Gestor da Pol\u00edtica de<\/strong><strong> Agricultura<br \/>\n<\/strong><strong>Ti<\/strong><strong>tular: <\/strong>\u00a0Douglas de Sousa Pereira<br \/>\n<strong>Suplente: <\/strong>Francisco das Chagas Sousa Silva<br \/>\n<strong>\u00d3rg\u00e3o Municipal Gestor da Pol\u00edtica<\/strong> <strong>de Administra\u00e7\u00e3o:<br \/>\n<\/strong><strong>Titular:<\/strong> Leonardo Alves Crispim<br \/>\n<strong>Suplente:<\/strong> Luiz Lopes Mesquita Neto<br \/>\n<strong><u>SOCIEDADE CIVIL<br \/>\n<\/u><\/strong><strong>Representantes dos Usu\u00e1rios da Assist\u00eancia Social<br \/>\n<\/strong><strong>Titular:<\/strong> Kilza Costa<br \/>\n<strong>Suplente: <\/strong>Maria Eunice da Concei\u00e7\u00e3o Silva<br \/>\n<strong>Representantes da Associa\u00e7\u00e3o Cana\u00e3<br \/>\n<\/strong><strong>Titular:<\/strong> Carlos Henrique Marques Costa<br \/>\n<strong>Suplente:<\/strong> Overlande Marques da Costa<br \/>\n<strong>Representantes da Igreja Cat\u00f3lica<br \/>\n<\/strong><strong>Titular:<\/strong> Edival Alves Tito<br \/>\n<strong>Suplente:<\/strong> Nivaldo Rocha dos Santos<br \/>\n<strong>Representante da Igreja Assembleia de Deus<br \/>\n<\/strong><strong>Titular:<\/strong> Rom\u00e1rio Moura Costa<br \/>\n<strong>Suplente: <\/strong>Raimundo Nonato Batista Lages Neto<br \/>\n<strong>Representante da Associa\u00e7\u00e3o de Pais e Amigos de Excepcionais-APAE<br \/>\n<\/strong><strong>Titular:<\/strong> Farahdiba Carvalho Silva Santos<br \/>\n<strong>Suplente<\/strong>: Inaria Carvalho Nunes Ara\u00fajo<br \/>\n<strong>Art. 2\u00ba &#8211; <\/strong>Este Decreto entrar\u00e1 em vigor na data de sua publica\u00e7\u00e3o.<br \/>\n<strong>Art. 3\u00ba<\/strong> &#8211; Revogando-se todas as disposi\u00e7\u00f5es em contr\u00e1rio.<br \/>\nD\u00ca\u2013SE CI\u00caNCIA, PUBLIQUE \u2013 SE E CUMPRA \u2013 SE.<br \/>\nGABINETE DO PREFEITO MUNICIPAL DE MAGALH\u00c3ES DE ALMEIDA \u2013 MA, 14 DE JULHO DE 2022. Raimundo Nonato Carvalho, Prefeito Municipal.<\/p>\n","protected":false},"author":4,"template":"","class_list":["post-15650","publicacoesdom","type-publicacoesdom","status-publish","hentry"],"acf":{"tipo_de_publicacao_diario":"23","e_retificacao":"1","origem_do_diario":"Poder Executivo","codigo_verificador":"9c7319c932624e4cabbab2ffbdc7df178b2161b1"},"_links":{"self":[{"href":"https:\/\/magalhaesdealmeida.ma.gov.br\/transparencia\/wp-json\/wp\/v2\/publicacoesdom\/15650","targetHints":{"allow":["GET"]}}],"collection":[{"href":"https:\/\/magalhaesdealmeida.ma.gov.br\/transparencia\/wp-json\/wp\/v2\/publicacoesdom"}],"about":[{"href":"https:\/\/magalhaesdealmeida.ma.gov.br\/transparencia\/wp-json\/wp\/v2\/types\/publicacoesdom"}],"author":[{"embeddable":true,"href":"https:\/\/magalhaesdealmeida.ma.gov.br\/transparencia\/wp-json\/wp\/v2\/users\/4"}],"wp:attachment":[{"href":"https:\/\/magalhaesdealmeida.ma.gov.br\/transparencia\/wp-json\/wp\/v2\/media?parent=15650"}],"curies":[{"name":"wp","href":"https:\/\/api.w.org\/{rel}","templated":true}]}}

DECRETO N.º 025/2022

<p>O Prefeito Municipal de Magalhães de Almeida – MA, no uso de suas atribuições legais, <strong>RESOLVE</strong>:<br />
<strong>Art. 1º &#8211; </strong>Nomeia os membros do Conselho Municipal de Assistência Social, Titulares e respectivos Suplentes, para o mandato de 02 (dois) anos, permitindo uma única recondução por igual período, conforme relação descrita abaixo para o biênio de 2022 a 2024.<br />
<strong><u>PODER PÚBLICO<br />
</u></strong><strong>Órgão Municipal Gestor da Política de Assistência Social<br />
</strong><strong>Titular: </strong>Aline de Carvalho Lima<br />
<strong>Suplente: </strong>Laerty Brucce Alves de Cavalho<br />
<strong>Órgão Municipal Gestor da Política de Educação<br />
</strong><strong>Titular:</strong> Daiane Silva Leão<br />
<strong>Suplente: </strong>Guilherme Matias da Silva<br />
<strong>Órgão Municipal Gestor da Política de Saúde<br />
</strong><strong>Titular:</strong> Francileide da Silva Costa<br />
<strong>Suplente:</strong> Natalia Marques Araújo<br />
<strong>Órgão Municipal Gestor da Política de</strong><strong> Agricultura<br />
</strong><strong>Ti</strong><strong>tular: </strong> Douglas de Sousa Pereira<br />
<strong>Suplente: </strong>Francisco das Chagas Sousa Silva<br />
<strong>Órgão Municipal Gestor da Política</strong> <strong>de Administração:<br />
</strong><strong>Titular:</strong> Leonardo Alves Crispim<br />
<strong>Suplente:</strong> Luiz Lopes Mesquita Neto<br />
<strong><u>SOCIEDADE CIVIL<br />
</u></strong><strong>Representantes dos Usuários da Assistência Social<br />
</strong><strong>Titular:</strong> Kilza Costa<br />
<strong>Suplente: </strong>Maria Eunice da Conceição Silva<br />
<strong>Representantes da Associação Canaã<br />
</strong><strong>Titular:</strong> Carlos Henrique Marques Costa<br />
<strong>Suplente:</strong> Overlande Marques da Costa<br />
<strong>Representantes da Igreja Católica<br />
</strong><strong>Titular:</strong> Edival Alves Tito<br />
<strong>Suplente:</strong> Nivaldo Rocha dos Santos<br />
<strong>Representante da Igreja Assembleia de Deus<br />
</strong><strong>Titular:</strong> Romário Moura Costa<br />
<strong>Suplente: </strong>Raimundo Nonato Batista Lages Neto<br />
<strong>Representante da Associação de Pais e Amigos de Excepcionais-APAE<br />
</strong><strong>Titular:</strong> Farahdiba Carvalho Silva Santos<br />
<strong>Suplente</strong>: Inaria Carvalho Nunes Araújo<br />
<strong>Art. 2º &#8211; </strong>Este Decreto entrará em vigor na data de sua publicação.<br />
<strong>Art. 3º</strong> &#8211; Revogando-se todas as disposições em contrário.<br />
DÊ–SE CIÊNCIA, PUBLIQUE – SE E CUMPRA – SE.<br />
GABINETE DO PREFEITO MUNICIPAL DE MAGALHÃES DE ALMEIDA – MA, 14 DE JULHO DE 2022. Raimundo Nonato Carvalho, Prefeito Municipal.</p>
