{"id":15666,"date":"2022-07-18T14:40:07","date_gmt":"2022-07-18T17:40:07","guid":{"rendered":"https:\/\/magalhaesdealmeida.ma.gov.br\/transparencia\/?post_type=publicacoesdom&#038;p=15666"},"modified":"2022-07-18T14:40:07","modified_gmt":"2022-07-18T17:40:07","slug":"portaria-n-o-070-2022-gab","status":"publish","type":"publicacoesdom","link":"https:\/\/magalhaesdealmeida.ma.gov.br\/transparencia\/publicacoesdom\/portaria-n-o-070-2022-gab\/","title":{"rendered":"PORTARIA N.\u00ba 070\/2022 &#8211; GAB"},"content":{"rendered":"<p><strong><u>TERMO DE NOMEA\u00c7\u00c3O<br \/>\n<\/u><\/strong><strong>INSTITUE A NOMEA\u00c7\u00c3O DE DEFENSOR DATIVO<br \/>\n<\/strong>O Prefeito Municipal de Magalh\u00e3es de Almeida, Estado do Maranh\u00e3o, no uso de suas atribui\u00e7\u00f5es e de conformidade com a Lei Org\u00e2nica Municipal art. 47, inciso II e art. 67, inciso VIII.<br \/>\n<strong>CONSIDERANDO<\/strong> o disposto no inciso II do art. 9\u00ba da Lei n\u00ba 236 de 02 de janeiro de 1998, <strong>RESOLVE:<br \/>\n<\/strong><strong>Art. 1\u00ba &#8211; NOMEAR<\/strong> o <strong>Sr<\/strong>.<strong> DEM\u00c9TRIUS H\u00c9CTOR SANTOS LIMA<\/strong>, brasileiro, solteiro, maior, capaz, portador do <strong>CPF n\u00ba 057.916.803-41, RG n\u00ba 2.974.077 SSP\/PI<\/strong>, nos termos do \u00a7 2\u00ba do art. 138 da Lei n.\u00ba 236\/98, para <strong>exercer o cargo de DEFENSOR DATIVO<\/strong>,<strong> lotado no Gabinete do Prefeito.<br \/>\n<\/strong><strong>Art. 2\u00ba &#8211;<\/strong> Fica prorrogado, em igual per\u00edodo, conforme determina o art. 126 da Lei 236\/98, o prazo para a conclus\u00e3o do processo administrativo disciplinar 01\/2022, instaurado pela portaria n\u00ba 063, de 12 de maio de 2022.<br \/>\n<strong>Art. 3\u00ba &#8211;<\/strong> Esta portaria entra em vigor na data de sua publica\u00e7\u00e3o. Revogadas as disposi\u00e7\u00f5es em contr\u00e1rio.<br \/>\nLeia-se, Publique-se e cumpra-se em Magalh\u00e3es de Almeida\/MA, 18 de julho de 2022. RAIMUNDO NONATO CARVALHO, PREFEITO MUNICIPAL.<\/p>\n","protected":false},"author":4,"template":"","class_list":["post-15666","publicacoesdom","type-publicacoesdom","status-publish","hentry"],"acf":{"tipo_de_publicacao_diario":"36","e_retificacao":"1","origem_do_diario":"Poder Executivo","codigo_verificador":"fa6365efbae3dca273bc6b9b97983ca72676134a"},"_links":{"self":[{"href":"https:\/\/magalhaesdealmeida.ma.gov.br\/transparencia\/wp-json\/wp\/v2\/publicacoesdom\/15666","targetHints":{"allow":["GET"]}}],"collection":[{"href":"https:\/\/magalhaesdealmeida.ma.gov.br\/transparencia\/wp-json\/wp\/v2\/publicacoesdom"}],"about":[{"href":"https:\/\/magalhaesdealmeida.ma.gov.br\/transparencia\/wp-json\/wp\/v2\/types\/publicacoesdom"}],"author":[{"embeddable":true,"href":"https:\/\/magalhaesdealmeida.ma.gov.br\/transparencia\/wp-json\/wp\/v2\/users\/4"}],"wp:attachment":[{"href":"https:\/\/magalhaesdealmeida.ma.gov.br\/transparencia\/wp-json\/wp\/v2\/media?parent=15666"}],"curies":[{"name":"wp","href":"https:\/\/api.w.org\/{rel}","templated":true}]}}

PORTARIA N.º 070/2022 &#8211; GAB

<p><strong><u>TERMO DE NOMEAÇÃO<br />
</u></strong><strong>INSTITUE A NOMEAÇÃO DE DEFENSOR DATIVO<br />
</strong>O Prefeito Municipal de Magalhães de Almeida, Estado do Maranhão, no uso de suas atribuições e de conformidade com a Lei Orgânica Municipal art. 47, inciso II e art. 67, inciso VIII.<br />
<strong>CONSIDERANDO</strong> o disposto no inciso II do art. 9º da Lei nº 236 de 02 de janeiro de 1998, <strong>RESOLVE:<br />
</strong><strong>Art. 1º &#8211; NOMEAR</strong> o <strong>Sr</strong>.<strong> DEMÉTRIUS HÉCTOR SANTOS LIMA</strong>, brasileiro, solteiro, maior, capaz, portador do <strong>CPF nº 057.916.803-41, RG nº 2.974.077 SSP/PI</strong>, nos termos do § 2º do art. 138 da Lei n.º 236/98, para <strong>exercer o cargo de DEFENSOR DATIVO</strong>,<strong> lotado no Gabinete do Prefeito.<br />
</strong><strong>Art. 2º &#8211;</strong> Fica prorrogado, em igual período, conforme determina o art. 126 da Lei 236/98, o prazo para a conclusão do processo administrativo disciplinar 01/2022, instaurado pela portaria nº 063, de 12 de maio de 2022.<br />
<strong>Art. 3º &#8211;</strong> Esta portaria entra em vigor na data de sua publicação. Revogadas as disposições em contrário.<br />
Leia-se, Publique-se e cumpra-se em Magalhães de Almeida/MA, 18 de julho de 2022. RAIMUNDO NONATO CARVALHO, PREFEITO MUNICIPAL.</p>
