{"id":15850,"date":"2022-08-23T08:51:33","date_gmt":"2022-08-23T11:51:33","guid":{"rendered":"https:\/\/magalhaesdealmeida.ma.gov.br\/transparencia\/?post_type=publicacoesdom&#038;p=15850"},"modified":"2022-08-23T08:51:33","modified_gmt":"2022-08-23T11:51:33","slug":"portaria-n-o-074-2022-gab","status":"publish","type":"publicacoesdom","link":"https:\/\/magalhaesdealmeida.ma.gov.br\/transparencia\/publicacoesdom\/portaria-n-o-074-2022-gab\/","title":{"rendered":"PORTARIA N.\u00ba 074\/2022 &#8211; GAB"},"content":{"rendered":"<p><strong>TERMO DE DESIGNA\u00c7\u00c3O<\/strong><br \/>\n<strong>Institui a Designa\u00e7\u00e3o de <\/strong><strong>JO\u00c3O ARI DE VASCONCELOS <\/strong><strong>\u00e0 fun\u00e7\u00e3o P\u00fablica de Secret\u00e1rio Municipal Administra\u00e7\u00e3o, respondendo pela Secretaria de Cultura, Turismo e Comunica\u00e7\u00e3o.<br \/>\nO PREFEITO MUNICIPAL DE MAGALH\u00c3ES DE ALMEIDA<\/strong>, Estado do Maranh\u00e3o no uso de suas atribui\u00e7\u00f5es e de conformidade com a Lei Org\u00e2nica Municipal Capitulo VII, Se\u00e7\u00e3o II, Artigo 65.<br \/>\nConsiderando o disposto no inciso II do art. 9\u00ba da Lei n\u00b0 236 de 02 de janeiro de 1998: <strong>RESOLVE,<br \/>\n<\/strong><strong>Art. 1\u00ba &#8211;<\/strong> Designar, o servidor p\u00fablico municipal <strong>JO\u00c3O ARI DE VASCONCELOS<\/strong>, brasileiro, casado, maior, capaz, portador do CPF 048.526.483-87 a Fun\u00e7\u00e3o P\u00fablica de <strong>SECRET\u00c1RIO MUNICPAL DE ADMINISTRA\u00c7\u00c3O<\/strong>, respondendo pela pasta da <strong>SECRETARIA MUNICIPAL DE CULTURA, TURISMO E COMUNICA\u00c7\u00c3O.<br \/>\n<\/strong><strong>Art. 2\u00ba &#8211;<\/strong> Esta Portaria entra em vigor na data de sua publica\u00e7\u00e3o. Revogadas as disposi\u00e7\u00f5es em contr\u00e1rio.<br \/>\nLeia-se, Publique-se e Cumpra-se, em Magalh\u00e3es de Almeida\/MA, 22 de agosto de 2022. RAIMUNDO NONATO CARVALHO, Prefeito Municipal e JO\u00c3O ARI DE VASCONCELOS, Secret\u00e1rio Municipal de Administra\u00e7\u00e3o.<\/p>\n","protected":false},"author":4,"template":"","class_list":["post-15850","publicacoesdom","type-publicacoesdom","status-publish","hentry"],"acf":{"tipo_de_publicacao_diario":"41","e_retificacao":"1","origem_do_diario":"Poder Executivo","codigo_verificador":"d94fc413bf44dc469a9cf8f6f728ea1219194de7"},"_links":{"self":[{"href":"https:\/\/magalhaesdealmeida.ma.gov.br\/transparencia\/wp-json\/wp\/v2\/publicacoesdom\/15850","targetHints":{"allow":["GET"]}}],"collection":[{"href":"https:\/\/magalhaesdealmeida.ma.gov.br\/transparencia\/wp-json\/wp\/v2\/publicacoesdom"}],"about":[{"href":"https:\/\/magalhaesdealmeida.ma.gov.br\/transparencia\/wp-json\/wp\/v2\/types\/publicacoesdom"}],"author":[{"embeddable":true,"href":"https:\/\/magalhaesdealmeida.ma.gov.br\/transparencia\/wp-json\/wp\/v2\/users\/4"}],"wp:attachment":[{"href":"https:\/\/magalhaesdealmeida.ma.gov.br\/transparencia\/wp-json\/wp\/v2\/media?parent=15850"}],"curies":[{"name":"wp","href":"https:\/\/api.w.org\/{rel}","templated":true}]}}

PORTARIA N.º 074/2022 &#8211; GAB

<p><strong>TERMO DE DESIGNAÇÃO</strong><br />
<strong>Institui a Designação de </strong><strong>JOÃO ARI DE VASCONCELOS </strong><strong>à função Pública de Secretário Municipal Administração, respondendo pela Secretaria de Cultura, Turismo e Comunicação.<br />
O PREFEITO MUNICIPAL DE MAGALHÃES DE ALMEIDA</strong>, Estado do Maranhão no uso de suas atribuições e de conformidade com a Lei Orgânica Municipal Capitulo VII, Seção II, Artigo 65.<br />
Considerando o disposto no inciso II do art. 9º da Lei n° 236 de 02 de janeiro de 1998: <strong>RESOLVE,<br />
</strong><strong>Art. 1º &#8211;</strong> Designar, o servidor público municipal <strong>JOÃO ARI DE VASCONCELOS</strong>, brasileiro, casado, maior, capaz, portador do CPF 048.526.483-87 a Função Pública de <strong>SECRETÁRIO MUNICPAL DE ADMINISTRAÇÃO</strong>, respondendo pela pasta da <strong>SECRETARIA MUNICIPAL DE CULTURA, TURISMO E COMUNICAÇÃO.<br />
</strong><strong>Art. 2º &#8211;</strong> Esta Portaria entra em vigor na data de sua publicação. Revogadas as disposições em contrário.<br />
Leia-se, Publique-se e Cumpra-se, em Magalhães de Almeida/MA, 22 de agosto de 2022. RAIMUNDO NONATO CARVALHO, Prefeito Municipal e JOÃO ARI DE VASCONCELOS, Secretário Municipal de Administração.</p>
