{"id":15916,"date":"2022-09-06T11:11:32","date_gmt":"2022-09-06T14:11:32","guid":{"rendered":"https:\/\/magalhaesdealmeida.ma.gov.br\/transparencia\/?post_type=publicacoesdom&#038;p=15916"},"modified":"2022-09-06T11:11:32","modified_gmt":"2022-09-06T14:11:32","slug":"decreto-n-o-029-2022","status":"publish","type":"publicacoesdom","link":"https:\/\/magalhaesdealmeida.ma.gov.br\/transparencia\/publicacoesdom\/decreto-n-o-029-2022\/","title":{"rendered":"DECRETO N.\u00ba 029\/2022"},"content":{"rendered":"<p><strong>O PREFEITO MUNICIPAL DE MAGALH\u00c3ES DE ALMEIDA,<\/strong> Estado do Maranh\u00e3o, no uso de suas atribui\u00e7\u00f5es legais, <strong>RESOLVE:<\/strong><br \/>\n<strong>Art. 1\u00ba &#8211;<\/strong> Decretar <strong>PONTO FACULTATIVO, no dia 08\/09\/2022 (quinta feira), na rede de educa\u00e7\u00e3o do Munic\u00edpio,<\/strong> em virtude do movimento estudantil na realiza\u00e7\u00e3o do desfile do dia 07 de setembro do corrente.<br \/>\n<strong>Art. 2\u00ba &#8211;<\/strong> Este decreto entra em vigor na data de sua publica\u00e7\u00e3o. Revogadas as disposi\u00e7\u00f5es em contr\u00e1rio.<br \/>\nLeia-se. Publique-se e Cumpra-se, em Magalh\u00e3es de Almeida\/MA, 06 de setembro de 2022. Raimundo Nonato Carvalho, PREFEITO MUNICIPAL.<\/p>\n","protected":false},"author":4,"template":"","class_list":["post-15916","publicacoesdom","type-publicacoesdom","status-publish","hentry"],"acf":{"tipo_de_publicacao_diario":"23","e_retificacao":"1","origem_do_diario":"Poder Executivo","codigo_verificador":"4d51efb08e0818526021bee768032b2acd5e7a13"},"_links":{"self":[{"href":"https:\/\/magalhaesdealmeida.ma.gov.br\/transparencia\/wp-json\/wp\/v2\/publicacoesdom\/15916","targetHints":{"allow":["GET"]}}],"collection":[{"href":"https:\/\/magalhaesdealmeida.ma.gov.br\/transparencia\/wp-json\/wp\/v2\/publicacoesdom"}],"about":[{"href":"https:\/\/magalhaesdealmeida.ma.gov.br\/transparencia\/wp-json\/wp\/v2\/types\/publicacoesdom"}],"author":[{"embeddable":true,"href":"https:\/\/magalhaesdealmeida.ma.gov.br\/transparencia\/wp-json\/wp\/v2\/users\/4"}],"wp:attachment":[{"href":"https:\/\/magalhaesdealmeida.ma.gov.br\/transparencia\/wp-json\/wp\/v2\/media?parent=15916"}],"curies":[{"name":"wp","href":"https:\/\/api.w.org\/{rel}","templated":true}]}}

DECRETO N.º 029/2022

<p><strong>O PREFEITO MUNICIPAL DE MAGALHÃES DE ALMEIDA,</strong> Estado do Maranhão, no uso de suas atribuições legais, <strong>RESOLVE:</strong><br />
<strong>Art. 1º &#8211;</strong> Decretar <strong>PONTO FACULTATIVO, no dia 08/09/2022 (quinta feira), na rede de educação do Município,</strong> em virtude do movimento estudantil na realização do desfile do dia 07 de setembro do corrente.<br />
<strong>Art. 2º &#8211;</strong> Este decreto entra em vigor na data de sua publicação. Revogadas as disposições em contrário.<br />
Leia-se. Publique-se e Cumpra-se, em Magalhães de Almeida/MA, 06 de setembro de 2022. Raimundo Nonato Carvalho, PREFEITO MUNICIPAL.</p>
