{"id":16337,"date":"2022-10-21T13:03:58","date_gmt":"2022-10-21T16:03:58","guid":{"rendered":"https:\/\/magalhaesdealmeida.ma.gov.br\/transparencia\/?post_type=publicacoesdom&#038;p=16337"},"modified":"2022-10-21T13:03:58","modified_gmt":"2022-10-21T16:03:58","slug":"portaria-n-o-345-2022-semecti","status":"publish","type":"publicacoesdom","link":"https:\/\/magalhaesdealmeida.ma.gov.br\/transparencia\/publicacoesdom\/portaria-n-o-345-2022-semecti\/","title":{"rendered":"PORTARIA N.\u00ba 345\/2022 &#8211; SEMECTI"},"content":{"rendered":"<p>O Secret\u00e1rio Municipal de Educa\u00e7\u00e3o de Magalh\u00e3es de Almeida no uso de suas atribui\u00e7\u00f5es legais e considerando a necessidade de reestrutura\u00e7\u00e3o do quadro de profissionais, <strong>RESOLVE:<br \/>\n<\/strong><strong>Art. 1\u00ba &#8211;<\/strong> <strong>EXONERAR <\/strong>o Sr. <strong>Fernando Ara\u00fajo Brito<\/strong>, brasileiro, solteiro, maior, capaz, portador do CPF n.\u00ba <strong>037.061.103-93<\/strong>, do cargo de <strong>COORDENADOR PEDAG\u00d3GICO <\/strong><strong>(DAS-4)<\/strong>, lotado na Secretaria de Educa\u00e7\u00e3o, Ci\u00eancias, Tecnologia e Inova\u00e7\u00e3o<strong>.<br \/>\n<\/strong><strong>Art. 2\u00ba &#8211;<\/strong> Esta portaria retroage ao dia 03 de outubro de 2022. Revogadas as disposi\u00e7\u00f5es em contr\u00e1rio.<br \/>\nLeia-se, Publique-se e cumpra-se em Magalh\u00e3es de Almeida\/MA, 21 de outubro de 2022. Ma\u00e9lio C\u00e9sar Freitas dos Santos, Secret\u00e1rio Municipal de Educa\u00e7\u00e3o, Ci\u00eancias, Tecnologia e Inova\u00e7\u00e3o.<\/p>\n","protected":false},"author":4,"template":"","class_list":["post-16337","publicacoesdom","type-publicacoesdom","status-publish","hentry"],"acf":{"tipo_de_publicacao_diario":"27","e_retificacao":"1","origem_do_diario":"Poder Executivo","codigo_verificador":"28c0b71161777256487dca4002f996361ed31a56"},"_links":{"self":[{"href":"https:\/\/magalhaesdealmeida.ma.gov.br\/transparencia\/wp-json\/wp\/v2\/publicacoesdom\/16337","targetHints":{"allow":["GET"]}}],"collection":[{"href":"https:\/\/magalhaesdealmeida.ma.gov.br\/transparencia\/wp-json\/wp\/v2\/publicacoesdom"}],"about":[{"href":"https:\/\/magalhaesdealmeida.ma.gov.br\/transparencia\/wp-json\/wp\/v2\/types\/publicacoesdom"}],"author":[{"embeddable":true,"href":"https:\/\/magalhaesdealmeida.ma.gov.br\/transparencia\/wp-json\/wp\/v2\/users\/4"}],"wp:attachment":[{"href":"https:\/\/magalhaesdealmeida.ma.gov.br\/transparencia\/wp-json\/wp\/v2\/media?parent=16337"}],"curies":[{"name":"wp","href":"https:\/\/api.w.org\/{rel}","templated":true}]}}

PORTARIA N.º 345/2022 &#8211; SEMECTI

<p>O Secretário Municipal de Educação de Magalhães de Almeida no uso de suas atribuições legais e considerando a necessidade de reestruturação do quadro de profissionais, <strong>RESOLVE:<br />
</strong><strong>Art. 1º &#8211;</strong> <strong>EXONERAR </strong>o Sr. <strong>Fernando Araújo Brito</strong>, brasileiro, solteiro, maior, capaz, portador do CPF n.º <strong>037.061.103-93</strong>, do cargo de <strong>COORDENADOR PEDAGÓGICO </strong><strong>(DAS-4)</strong>, lotado na Secretaria de Educação, Ciências, Tecnologia e Inovação<strong>.<br />
</strong><strong>Art. 2º &#8211;</strong> Esta portaria retroage ao dia 03 de outubro de 2022. Revogadas as disposições em contrário.<br />
Leia-se, Publique-se e cumpra-se em Magalhães de Almeida/MA, 21 de outubro de 2022. Maélio César Freitas dos Santos, Secretário Municipal de Educação, Ciências, Tecnologia e Inovação.</p>
