{"id":16356,"date":"2022-10-25T10:43:19","date_gmt":"2022-10-25T13:43:19","guid":{"rendered":"https:\/\/magalhaesdealmeida.ma.gov.br\/transparencia\/?post_type=publicacoesdom&#038;p=16356"},"modified":"2022-10-25T10:43:19","modified_gmt":"2022-10-25T13:43:19","slug":"decreto-n-o-030-2022","status":"publish","type":"publicacoesdom","link":"https:\/\/magalhaesdealmeida.ma.gov.br\/transparencia\/publicacoesdom\/decreto-n-o-030-2022\/","title":{"rendered":"DECRETO N.\u00ba 030\/2022"},"content":{"rendered":"<p><strong>TRANSFERE O FERIADO ALUSIVO AO &#8220;DIA DO SERVIDOR P\u00daBLICO&#8221; DO DIA 28\/10\/2022 (SEXTA- FEIRA) PARA O DIA 31\/10\/2022 (SEGUNDA-FEIRA) E DECLARA PONTO FACULTATIVO NAS REPARTI\u00c7\u00d5ES P\u00daBLICAS MUNICIPAIS NO DIA 1\u00b0 DE NOVEMBRO DE 2022 (TER\u00c7A-FEIRA).<\/strong><br \/>\nO Prefeito Municipal de Magalh\u00e3es de Almeida, Estado do Maranh\u00e3o, no uso de suas atribui\u00e7\u00f5es legais <strong>(Art.67, VI, da Lei Org\u00e2nica do Munic\u00edpio),<\/strong> <strong>DECRETA:<\/strong><br \/>\n<strong>Art. 1\u00ba.<\/strong> Fica transferido para o dia <strong>31 de Outubro de 2022<\/strong> (segunda-feira) o feriado alusivo ao &#8220;<strong>Dia do Servidor P\u00fablico<\/strong>&#8220;, e declara ponto facultativo no dia <strong>1\u00b0 de Novembro de 2022<\/strong> (ter\u00e7a-feira), nas Reparti\u00e7\u00f5es P\u00fablicas Municipais de Magalh\u00e3es de Almeida.<br \/>\n<strong>Art. 2\u00b0.<\/strong> As atividades essenciais de sa\u00fade e limpeza urbana manter\u00e3o os servi\u00e7os em atividade, minima e indispens\u00e1vel ao atendimento da popula\u00e7\u00e3o, de acordo com as instru\u00e7\u00f5es baixadas pelos Secret\u00e1rios Municipais respectivos.<br \/>\n<strong>Art. 3\u00b0.<\/strong> Este Decreto entra em vigor na data de sua publica\u00e7\u00e3o.<br \/>\n<strong>Art. 4\u00b0.<\/strong> Revogam-se as disposi\u00e7\u00f5es em contr\u00e1rio.<br \/>\n<strong>Registre-se. Publique-se. Cumpra-se.<\/strong><br \/>\nMagalh\u00e3es de Almeida, 25 de Outubro de 2022. Raimundo Nonato Carvalho, Prefeito Municipal.<\/p>\n","protected":false},"author":4,"template":"","class_list":["post-16356","publicacoesdom","type-publicacoesdom","status-publish","hentry"],"acf":{"tipo_de_publicacao_diario":"23","e_retificacao":"1","origem_do_diario":"Poder Executivo","codigo_verificador":"2bc05374e70c8b1128939aa13641fe178f679db1"},"_links":{"self":[{"href":"https:\/\/magalhaesdealmeida.ma.gov.br\/transparencia\/wp-json\/wp\/v2\/publicacoesdom\/16356","targetHints":{"allow":["GET"]}}],"collection":[{"href":"https:\/\/magalhaesdealmeida.ma.gov.br\/transparencia\/wp-json\/wp\/v2\/publicacoesdom"}],"about":[{"href":"https:\/\/magalhaesdealmeida.ma.gov.br\/transparencia\/wp-json\/wp\/v2\/types\/publicacoesdom"}],"author":[{"embeddable":true,"href":"https:\/\/magalhaesdealmeida.ma.gov.br\/transparencia\/wp-json\/wp\/v2\/users\/4"}],"wp:attachment":[{"href":"https:\/\/magalhaesdealmeida.ma.gov.br\/transparencia\/wp-json\/wp\/v2\/media?parent=16356"}],"curies":[{"name":"wp","href":"https:\/\/api.w.org\/{rel}","templated":true}]}}

DECRETO N.º 030/2022

<p><strong>TRANSFERE O FERIADO ALUSIVO AO &#8220;DIA DO SERVIDOR PÚBLICO&#8221; DO DIA 28/10/2022 (SEXTA- FEIRA) PARA O DIA 31/10/2022 (SEGUNDA-FEIRA) E DECLARA PONTO FACULTATIVO NAS REPARTIÇÕES PÚBLICAS MUNICIPAIS NO DIA 1° DE NOVEMBRO DE 2022 (TERÇA-FEIRA).</strong><br />
O Prefeito Municipal de Magalhães de Almeida, Estado do Maranhão, no uso de suas atribuições legais <strong>(Art.67, VI, da Lei Orgânica do Município),</strong> <strong>DECRETA:</strong><br />
<strong>Art. 1º.</strong> Fica transferido para o dia <strong>31 de Outubro de 2022</strong> (segunda-feira) o feriado alusivo ao &#8220;<strong>Dia do Servidor Público</strong>&#8220;, e declara ponto facultativo no dia <strong>1° de Novembro de 2022</strong> (terça-feira), nas Repartições Públicas Municipais de Magalhães de Almeida.<br />
<strong>Art. 2°.</strong> As atividades essenciais de saúde e limpeza urbana manterão os serviços em atividade, minima e indispensável ao atendimento da população, de acordo com as instruções baixadas pelos Secretários Municipais respectivos.<br />
<strong>Art. 3°.</strong> Este Decreto entra em vigor na data de sua publicação.<br />
<strong>Art. 4°.</strong> Revogam-se as disposições em contrário.<br />
<strong>Registre-se. Publique-se. Cumpra-se.</strong><br />
Magalhães de Almeida, 25 de Outubro de 2022. Raimundo Nonato Carvalho, Prefeito Municipal.</p>
