{"id":16363,"date":"2022-10-26T10:16:35","date_gmt":"2022-10-26T13:16:35","guid":{"rendered":"https:\/\/magalhaesdealmeida.ma.gov.br\/transparencia\/?post_type=publicacoesdom&#038;p=16363"},"modified":"2022-10-26T10:52:19","modified_gmt":"2022-10-26T13:52:19","slug":"lei-n-o-556-2022","status":"publish","type":"publicacoesdom","link":"https:\/\/magalhaesdealmeida.ma.gov.br\/transparencia\/publicacoesdom\/lei-n-o-556-2022\/","title":{"rendered":"LEI N.\u00ba 556\/2022"},"content":{"rendered":"<p><strong><em>Altera o anexo I da Lei Municipal n.\u00b0 543 de 24 de Fevereiro de 2022, para modificar a nomenclatura do cargo de \u201cMonitor Escolar\u201d para \u201cAuxiliar de Sala\u201d e d\u00e1 outras provid\u00eancias.<br \/>\n<\/em>O PREFEITO MUNICIPAL DE MAGALH\u00c3ES DE ALMEIDA, ESTADO DO MARANH\u00c3O,<\/strong> no uso de suas atribui\u00e7\u00f5es que lhe s\u00e3o conferidas por Lei, <strong>FA\u00c7O SABER <\/strong>que a C\u00e2mara Municipal de Vereadores aprovou e eu <strong>SANCIONO<\/strong> a seguinte Lei:<br \/>\n<strong>Art.1\u00b0<\/strong> Fica alterada a nomenclatura do cargo de <strong>\u201cMonitor Escolar\u201d<\/strong>, contido no anexo I da Lei Municipal n.\u00b0 543\/2022, de modo que a partir da entrada em vigor desta Lei, referido cargo passar\u00e1 a ser denominado unicamente como<strong> \u201cAuxiliar de Sala\u201d.<\/strong><br \/>\n<strong>Art.2\u00b0<\/strong> A altera\u00e7\u00e3o na nomenclatura dos referidos cargos n\u00e3o implica na cria\u00e7\u00e3o de cargos novos, tratando-se t\u00e3o somente de atualiza\u00e7\u00e3o sem\u00e2ntica.<br \/>\n<strong>Art.3\u00b0<\/strong> Esta lei entra em vigor na data de sua publica\u00e7\u00e3o, com efeitos retroativos \u00e0 data de<strong> 10\/02\/2022,<\/strong> revogando todas as disposi\u00e7\u00f5es em contr\u00e1rio.<br \/>\nPal\u00e1cio Benedito Lima e Silva, Gabinete do Prefeito Municipal de Magalh\u00e3es de Almeida, MA, em 26 de outubro de 2022. RAIMUNDO NONATO CARVALHO, Prefeito Municipal.<\/p>\n","protected":false},"author":4,"template":"","class_list":["post-16363","publicacoesdom","type-publicacoesdom","status-publish","hentry"],"acf":{"tipo_de_publicacao_diario":"34","e_retificacao":"1","origem_do_diario":"Poder Executivo","codigo_verificador":"be01ee5ca9bafd0be5905e2757e228c8a16be2c5"},"_links":{"self":[{"href":"https:\/\/magalhaesdealmeida.ma.gov.br\/transparencia\/wp-json\/wp\/v2\/publicacoesdom\/16363","targetHints":{"allow":["GET"]}}],"collection":[{"href":"https:\/\/magalhaesdealmeida.ma.gov.br\/transparencia\/wp-json\/wp\/v2\/publicacoesdom"}],"about":[{"href":"https:\/\/magalhaesdealmeida.ma.gov.br\/transparencia\/wp-json\/wp\/v2\/types\/publicacoesdom"}],"author":[{"embeddable":true,"href":"https:\/\/magalhaesdealmeida.ma.gov.br\/transparencia\/wp-json\/wp\/v2\/users\/4"}],"wp:attachment":[{"href":"https:\/\/magalhaesdealmeida.ma.gov.br\/transparencia\/wp-json\/wp\/v2\/media?parent=16363"}],"curies":[{"name":"wp","href":"https:\/\/api.w.org\/{rel}","templated":true}]}}

LEI N.º 556/2022

<p><strong><em>Altera o anexo I da Lei Municipal n.° 543 de 24 de Fevereiro de 2022, para modificar a nomenclatura do cargo de “Monitor Escolar” para “Auxiliar de Sala” e dá outras providências.<br />
</em>O PREFEITO MUNICIPAL DE MAGALHÃES DE ALMEIDA, ESTADO DO MARANHÃO,</strong> no uso de suas atribuições que lhe são conferidas por Lei, <strong>FAÇO SABER </strong>que a Câmara Municipal de Vereadores aprovou e eu <strong>SANCIONO</strong> a seguinte Lei:<br />
<strong>Art.1°</strong> Fica alterada a nomenclatura do cargo de <strong>“Monitor Escolar”</strong>, contido no anexo I da Lei Municipal n.° 543/2022, de modo que a partir da entrada em vigor desta Lei, referido cargo passará a ser denominado unicamente como<strong> “Auxiliar de Sala”.</strong><br />
<strong>Art.2°</strong> A alteração na nomenclatura dos referidos cargos não implica na criação de cargos novos, tratando-se tão somente de atualização semântica.<br />
<strong>Art.3°</strong> Esta lei entra em vigor na data de sua publicação, com efeitos retroativos à data de<strong> 10/02/2022,</strong> revogando todas as disposições em contrário.<br />
Palácio Benedito Lima e Silva, Gabinete do Prefeito Municipal de Magalhães de Almeida, MA, em 26 de outubro de 2022. RAIMUNDO NONATO CARVALHO, Prefeito Municipal.</p>
