{"id":16406,"date":"2022-11-09T16:18:50","date_gmt":"2022-11-09T19:18:50","guid":{"rendered":"https:\/\/magalhaesdealmeida.ma.gov.br\/transparencia\/?post_type=publicacoesdom&#038;p=16406"},"modified":"2022-11-09T16:18:50","modified_gmt":"2022-11-09T19:18:50","slug":"decreto-n-o-031-2022","status":"publish","type":"publicacoesdom","link":"https:\/\/magalhaesdealmeida.ma.gov.br\/transparencia\/publicacoesdom\/decreto-n-o-031-2022\/","title":{"rendered":"DECRETO N.\u00ba 031\/2022"},"content":{"rendered":"<p>O Prefeito Municipal de Magalh\u00e3es de Almeida \u2013 MA, no uso de suas atribui\u00e7\u00f5es legais.<br \/>\n<strong>CONSIDERANDO <\/strong>os comandos legais contidos no artigo 56 \u00a7\u00a7 1\u00ba e 2\u00b0 da Lei Municipal N.\u00b0 400\/2010;<br \/>\n<strong>CONSIDERANDO <\/strong>o artigo 67, inciso VI da LOM;<br \/>\n<strong>CONSIDERANDO <\/strong>o artigo 170, inciso I da LOM.<br \/>\n<strong>DECRETA<\/strong>:<br \/>\n<strong>Art. 1\u00ba &#8211; <\/strong>Fica institu\u00edda a Comiss\u00e3o Permanente de Gest\u00e3o do Plano de Cargos, Carreira e Vencimentos dos Profissionais Da Educa\u00e7\u00e3o desta municipalidade, \u00e0 qual competir\u00e1 realizar todos os levantamentos, estudos, reuni\u00f5es e audi\u00eancias para apresenta\u00e7\u00e3o para o Prefeito Municipal de proposta contendo as novas normas regentes dos direitos e deveres dos profissionais da educa\u00e7\u00e3o do munic\u00edpio, visando adequar o regramento municipal desta classe \u00e0s novas legisla\u00e7\u00f5es federais que tratam da mat\u00e9ria (Lei 14.113\/2020, 14.276\/2021, 14.325\/2022), cuja a composi\u00e7\u00e3o dar-se-\u00e1 nos seguintes moldes:<br \/>\n<strong>I \u2013 Presidente: Secret\u00e1rio Municipal de Educa\u00e7\u00e3o, Ci\u00eancia, Tecnologia e Inova\u00e7\u00e3o;<br \/>\n<\/strong><strong>II \u201301 (um) Representante da Secretaria Municipal de Administra\u00e7\u00e3o;<br \/>\n<\/strong><strong>III \u201301 (um) Representante da Secretaria de Finan\u00e7as;<br \/>\n<\/strong><strong>IV \u201301 (um) Representante da Secretaria Municipal de Educa\u00e7\u00e3o, Ci\u00eancia, Tecnologia e Inova\u00e7\u00e3o;<br \/>\n<\/strong><strong>V- 01 (um) Representante da C\u00e2mara Municipal de Vereadores;<br \/>\n<\/strong><strong>VI- 03 (tr\u00eas) Representantes dos profissionais da Educa\u00e7\u00e3o deste munic\u00edpio.<br \/>\n<\/strong><strong>Art. 2\u00b0 &#8211; <\/strong>A comiss\u00e3o ora constitu\u00edda ter\u00e1 amplos poderes para visitar Setores e Departamentos da Prefeitura, bem como entrevistar servidores, coordenadores, Chefes de Departamento e Secret\u00e1rios Municipais, e ainda solicitar documentos e informa\u00e7\u00f5es afetos a miss\u00e3o confiada.<br \/>\n<strong>Art. 3\u00ba &#8211; <\/strong>Revogando \u2013 se todas as disposi\u00e7\u00f5es em contr\u00e1rio.<br \/>\n<strong>Art. 4\u00ba<\/strong> &#8211; Este Decreto entrar\u00e1 em vigor na data de sua publica\u00e7\u00e3o.<br \/>\n<strong>D\u00ca\u2013SE CI\u00caNCIA, PUBLIQUE \u2013 SE E CUMPRA \u2013 SE.<br \/>\n<\/strong><strong>GABINETE DO PREFEITO MUNICIPAL DE MAGALH\u00c3ES DE ALMEIDA \u2013 MA, 09 DE NOVEMBRO DE 2022. <\/strong><strong>Raimundo Nonato Carvalho, <\/strong><strong>Prefeito Municipal.<\/strong><\/p>\n<p>&nbsp;<\/p>\n","protected":false},"author":4,"template":"","class_list":["post-16406","publicacoesdom","type-publicacoesdom","status-publish","hentry"],"acf":{"tipo_de_publicacao_diario":"23","e_retificacao":"1","origem_do_diario":"Poder Executivo","codigo_verificador":"bdb391d2cade918631ef469b3e6ecb6d4d9ff58a"},"_links":{"self":[{"href":"https:\/\/magalhaesdealmeida.ma.gov.br\/transparencia\/wp-json\/wp\/v2\/publicacoesdom\/16406","targetHints":{"allow":["GET"]}}],"collection":[{"href":"https:\/\/magalhaesdealmeida.ma.gov.br\/transparencia\/wp-json\/wp\/v2\/publicacoesdom"}],"about":[{"href":"https:\/\/magalhaesdealmeida.ma.gov.br\/transparencia\/wp-json\/wp\/v2\/types\/publicacoesdom"}],"author":[{"embeddable":true,"href":"https:\/\/magalhaesdealmeida.ma.gov.br\/transparencia\/wp-json\/wp\/v2\/users\/4"}],"wp:attachment":[{"href":"https:\/\/magalhaesdealmeida.ma.gov.br\/transparencia\/wp-json\/wp\/v2\/media?parent=16406"}],"curies":[{"name":"wp","href":"https:\/\/api.w.org\/{rel}","templated":true}]}}

DECRETO N.º 031/2022

<p>O Prefeito Municipal de Magalhães de Almeida – MA, no uso de suas atribuições legais.<br />
<strong>CONSIDERANDO </strong>os comandos legais contidos no artigo 56 §§ 1º e 2° da Lei Municipal N.° 400/2010;<br />
<strong>CONSIDERANDO </strong>o artigo 67, inciso VI da LOM;<br />
<strong>CONSIDERANDO </strong>o artigo 170, inciso I da LOM.<br />
<strong>DECRETA</strong>:<br />
<strong>Art. 1º &#8211; </strong>Fica instituída a Comissão Permanente de Gestão do Plano de Cargos, Carreira e Vencimentos dos Profissionais Da Educação desta municipalidade, à qual competirá realizar todos os levantamentos, estudos, reuniões e audiências para apresentação para o Prefeito Municipal de proposta contendo as novas normas regentes dos direitos e deveres dos profissionais da educação do município, visando adequar o regramento municipal desta classe às novas legislações federais que tratam da matéria (Lei 14.113/2020, 14.276/2021, 14.325/2022), cuja a composição dar-se-á nos seguintes moldes:<br />
<strong>I – Presidente: Secretário Municipal de Educação, Ciência, Tecnologia e Inovação;<br />
</strong><strong>II –01 (um) Representante da Secretaria Municipal de Administração;<br />
</strong><strong>III –01 (um) Representante da Secretaria de Finanças;<br />
</strong><strong>IV –01 (um) Representante da Secretaria Municipal de Educação, Ciência, Tecnologia e Inovação;<br />
</strong><strong>V- 01 (um) Representante da Câmara Municipal de Vereadores;<br />
</strong><strong>VI- 03 (três) Representantes dos profissionais da Educação deste município.<br />
</strong><strong>Art. 2° &#8211; </strong>A comissão ora constituída terá amplos poderes para visitar Setores e Departamentos da Prefeitura, bem como entrevistar servidores, coordenadores, Chefes de Departamento e Secretários Municipais, e ainda solicitar documentos e informações afetos a missão confiada.<br />
<strong>Art. 3º &#8211; </strong>Revogando – se todas as disposições em contrário.<br />
<strong>Art. 4º</strong> &#8211; Este Decreto entrará em vigor na data de sua publicação.<br />
<strong>DÊ–SE CIÊNCIA, PUBLIQUE – SE E CUMPRA – SE.<br />
</strong><strong>GABINETE DO PREFEITO MUNICIPAL DE MAGALHÃES DE ALMEIDA – MA, 09 DE NOVEMBRO DE 2022. </strong><strong>Raimundo Nonato Carvalho, </strong><strong>Prefeito Municipal.</strong></p>
<p>&nbsp;</p>
