{"id":16487,"date":"2022-11-14T09:40:50","date_gmt":"2022-11-14T12:40:50","guid":{"rendered":"https:\/\/magalhaesdealmeida.ma.gov.br\/transparencia\/?post_type=publicacoesdom&#038;p=16487"},"modified":"2022-11-14T09:40:50","modified_gmt":"2022-11-14T12:40:50","slug":"portaria-n-o-406-2022-semecti","status":"publish","type":"publicacoesdom","link":"https:\/\/magalhaesdealmeida.ma.gov.br\/transparencia\/publicacoesdom\/portaria-n-o-406-2022-semecti\/","title":{"rendered":"PORTARIA N.\u00ba 406\/2022 &#8211; SEMECTI"},"content":{"rendered":"<p><strong><u>TERMO DE NOMEA\u00c7\u00c3O<br \/>\n<\/u><\/strong><strong>INSTITUI A NOMEA\u00c7\u00c3O DE AUXILIAR DE SALA<\/strong><br \/>\nO Prefeito Municipal de Magalh\u00e3es de Almeida, Estado do Maranh\u00e3o, no uso de suas atribui\u00e7\u00f5es e de conformidade com a Lei Org\u00e2nica Municipal Artigo 67, inciso VIII.<br \/>\nConsiderando o disposto no inciso II do art. 9\u00ba da Lei n\u00ba 236 de 02 de janeiro de 1998,<br \/>\n<strong>CONSIDERANDO<\/strong> que o Decreto n\u00b0 002\/2022 regulamentou a Lei Municipal n\u00b0 534\/2021 de modo a possibilitar a delega\u00e7\u00e3o de compet\u00eancia aos secret\u00e1rios municipais e demais cargos equiparados para que procedam \u00e0 nomea\u00e7\u00e3o e exonera\u00e7\u00e3o dos cargos de provimento em comiss\u00e3o de seus respectivos quadros, dentro dos limites estabelecidos na Lei Municipal n\u00b0 534\/2021, <strong>RESOLVE,<\/strong><br \/>\n<strong>Art. 1\u00ba &#8211; NOMEAR<\/strong> o Sr(a). ELINEUZA DA SILVA SANTOS, Solteiro, brasileiro, maior, capaz, portador do <strong>CPF n\u00ba 041.528.433-30, RG 024936422003-6, SSP MA<\/strong> para <strong>exercer o cargo de AUXILIAR DE SALA (DAI), lotado na Secretaria de Educa\u00e7\u00e3o, Ci\u00eancias, Tecnologia e Inova\u00e7\u00e3o.<br \/>\n<\/strong><strong>Art. 2\u00ba &#8211;<\/strong> Esta Portaria entra em vigor na data de sua publica\u00e7\u00e3o, tendo os seus efeitos retroativos a 7 de outubro de 2022.<br \/>\nLeia-se, Publique-se e cumpra-se em Magalh\u00e3es de Almeida\/MA, 10 de novembro de 2022. Ma\u00e9lio Cesar Freitas dos Santos, SECRET\u00c1RIO DE EDUCA\u00c7\u00c3O, CI\u00caNCIAS, TECNOLOGIA E INOVA\u00c7\u00c3O.<\/p>\n","protected":false},"author":4,"template":"","class_list":["post-16487","publicacoesdom","type-publicacoesdom","status-publish","hentry"],"acf":{"tipo_de_publicacao_diario":"36","e_retificacao":"1","origem_do_diario":"Poder Executivo","codigo_verificador":"9443205914dea5c4936b639c9944fcf708285544"},"_links":{"self":[{"href":"https:\/\/magalhaesdealmeida.ma.gov.br\/transparencia\/wp-json\/wp\/v2\/publicacoesdom\/16487","targetHints":{"allow":["GET"]}}],"collection":[{"href":"https:\/\/magalhaesdealmeida.ma.gov.br\/transparencia\/wp-json\/wp\/v2\/publicacoesdom"}],"about":[{"href":"https:\/\/magalhaesdealmeida.ma.gov.br\/transparencia\/wp-json\/wp\/v2\/types\/publicacoesdom"}],"author":[{"embeddable":true,"href":"https:\/\/magalhaesdealmeida.ma.gov.br\/transparencia\/wp-json\/wp\/v2\/users\/4"}],"wp:attachment":[{"href":"https:\/\/magalhaesdealmeida.ma.gov.br\/transparencia\/wp-json\/wp\/v2\/media?parent=16487"}],"curies":[{"name":"wp","href":"https:\/\/api.w.org\/{rel}","templated":true}]}}

PORTARIA N.º 406/2022 &#8211; SEMECTI

<p><strong><u>TERMO DE NOMEAÇÃO<br />
</u></strong><strong>INSTITUI A NOMEAÇÃO DE AUXILIAR DE SALA</strong><br />
O Prefeito Municipal de Magalhães de Almeida, Estado do Maranhão, no uso de suas atribuições e de conformidade com a Lei Orgânica Municipal Artigo 67, inciso VIII.<br />
Considerando o disposto no inciso II do art. 9º da Lei nº 236 de 02 de janeiro de 1998,<br />
<strong>CONSIDERANDO</strong> que o Decreto n° 002/2022 regulamentou a Lei Municipal n° 534/2021 de modo a possibilitar a delegação de competência aos secretários municipais e demais cargos equiparados para que procedam à nomeação e exoneração dos cargos de provimento em comissão de seus respectivos quadros, dentro dos limites estabelecidos na Lei Municipal n° 534/2021, <strong>RESOLVE,</strong><br />
<strong>Art. 1º &#8211; NOMEAR</strong> o Sr(a). ELINEUZA DA SILVA SANTOS, Solteiro, brasileiro, maior, capaz, portador do <strong>CPF nº 041.528.433-30, RG 024936422003-6, SSP MA</strong> para <strong>exercer o cargo de AUXILIAR DE SALA (DAI), lotado na Secretaria de Educação, Ciências, Tecnologia e Inovação.<br />
</strong><strong>Art. 2º &#8211;</strong> Esta Portaria entra em vigor na data de sua publicação, tendo os seus efeitos retroativos a 7 de outubro de 2022.<br />
Leia-se, Publique-se e cumpra-se em Magalhães de Almeida/MA, 10 de novembro de 2022. Maélio Cesar Freitas dos Santos, SECRETÁRIO DE EDUCAÇÃO, CIÊNCIAS, TECNOLOGIA E INOVAÇÃO.</p>
