{"id":16600,"date":"2022-11-18T15:41:11","date_gmt":"2022-11-18T18:41:11","guid":{"rendered":"https:\/\/magalhaesdealmeida.ma.gov.br\/transparencia\/?post_type=publicacoesdom&#038;p=16600"},"modified":"2022-11-18T15:41:11","modified_gmt":"2022-11-18T18:41:11","slug":"portaria-n-o-546-2022-semecti","status":"publish","type":"publicacoesdom","link":"https:\/\/magalhaesdealmeida.ma.gov.br\/transparencia\/publicacoesdom\/portaria-n-o-546-2022-semecti\/","title":{"rendered":"PORTARIA N.\u00ba 546\/2022 &#8211; SEMECTI"},"content":{"rendered":"<p><strong><u>TERMO DE NOMEA\u00c7\u00c3O<br \/>\n<\/u><\/strong><strong>INSTITUI A NOMEA\u00c7\u00c3O DE AGENTE ADMINISTRATIVO<\/strong><br \/>\nO Prefeito Municipal de Magalh\u00e3es de Almeida, Estado do Maranh\u00e3o, no uso de suas atribui\u00e7\u00f5es e de conformidade com a Lei Org\u00e2nica Municipal art. 47, inciso II e art. 67, inciso VIII.<br \/>\nConsiderando o disposto no art. 2\u00ba \u00a7 2\u00ba, art. 9\u00ba inciso I e o art. 10\u00ba, caput, da Lei n\u00ba 236 de 02 de janeiro de 1998,<br \/>\nConsiderando o disposto no inciso II do art. 9\u00ba da Lei n\u00ba 236 de 02 de janeiro de 1998, <strong>RESOLVE<\/strong>,<br \/>\n<strong>Art. 1\u00ba &#8211; NOMEAR<\/strong> a Sra.<strong> SANDRA MARIA PEREIRA ARAUJO<\/strong>, brasileira, solteira, maior, capaz, portadora do <strong>CPF n\u00ba 001050163-06, RG 020016802001-6 SSP MA<\/strong> para <strong>exercer o cargo de<\/strong> <strong>AGENTE ADMINISTRATIVO, lotada na Secretaria de Educa\u00e7\u00e3o, Ci\u00eancias, Tecnologia e Inova\u00e7\u00e3o.<br \/>\n<\/strong><strong>Art. 2\u00ba &#8211;<\/strong> Esta portaria entra em vigor na data de sua publica\u00e7\u00e3o. Revogadas as disposi\u00e7\u00f5es em contr\u00e1rio.<br \/>\nLeia-se, Publique-se e cumpra-se em Magalh\u00e3es de Almeida\/MA, 16 de novembro de 2022. Raimundo Nonato Carvalho, PREFEITO MUNICIPAL.<\/p>\n","protected":false},"author":4,"template":"","class_list":["post-16600","publicacoesdom","type-publicacoesdom","status-publish","hentry"],"acf":{"tipo_de_publicacao_diario":"36","e_retificacao":"1","origem_do_diario":"Poder Executivo","codigo_verificador":"c67e551b141a203370331f589075cd5c09591888"},"_links":{"self":[{"href":"https:\/\/magalhaesdealmeida.ma.gov.br\/transparencia\/wp-json\/wp\/v2\/publicacoesdom\/16600","targetHints":{"allow":["GET"]}}],"collection":[{"href":"https:\/\/magalhaesdealmeida.ma.gov.br\/transparencia\/wp-json\/wp\/v2\/publicacoesdom"}],"about":[{"href":"https:\/\/magalhaesdealmeida.ma.gov.br\/transparencia\/wp-json\/wp\/v2\/types\/publicacoesdom"}],"author":[{"embeddable":true,"href":"https:\/\/magalhaesdealmeida.ma.gov.br\/transparencia\/wp-json\/wp\/v2\/users\/4"}],"wp:attachment":[{"href":"https:\/\/magalhaesdealmeida.ma.gov.br\/transparencia\/wp-json\/wp\/v2\/media?parent=16600"}],"curies":[{"name":"wp","href":"https:\/\/api.w.org\/{rel}","templated":true}]}}

PORTARIA N.º 546/2022 &#8211; SEMECTI

<p><strong><u>TERMO DE NOMEAÇÃO<br />
</u></strong><strong>INSTITUI A NOMEAÇÃO DE AGENTE ADMINISTRATIVO</strong><br />
O Prefeito Municipal de Magalhães de Almeida, Estado do Maranhão, no uso de suas atribuições e de conformidade com a Lei Orgânica Municipal art. 47, inciso II e art. 67, inciso VIII.<br />
Considerando o disposto no art. 2º § 2º, art. 9º inciso I e o art. 10º, caput, da Lei nº 236 de 02 de janeiro de 1998,<br />
Considerando o disposto no inciso II do art. 9º da Lei nº 236 de 02 de janeiro de 1998, <strong>RESOLVE</strong>,<br />
<strong>Art. 1º &#8211; NOMEAR</strong> a Sra.<strong> SANDRA MARIA PEREIRA ARAUJO</strong>, brasileira, solteira, maior, capaz, portadora do <strong>CPF nº 001050163-06, RG 020016802001-6 SSP MA</strong> para <strong>exercer o cargo de</strong> <strong>AGENTE ADMINISTRATIVO, lotada na Secretaria de Educação, Ciências, Tecnologia e Inovação.<br />
</strong><strong>Art. 2º &#8211;</strong> Esta portaria entra em vigor na data de sua publicação. Revogadas as disposições em contrário.<br />
Leia-se, Publique-se e cumpra-se em Magalhães de Almeida/MA, 16 de novembro de 2022. Raimundo Nonato Carvalho, PREFEITO MUNICIPAL.</p>
