{"id":16969,"date":"2022-12-30T15:16:14","date_gmt":"2022-12-30T18:16:14","guid":{"rendered":"https:\/\/magalhaesdealmeida.ma.gov.br\/transparencia\/?post_type=publicacoesdom&#038;p=16969"},"modified":"2022-12-30T15:20:59","modified_gmt":"2022-12-30T18:20:59","slug":"extrato-de-termo-aditivo-contrato-n-o-20220624001-p-e-aditivo-prazo-n-o-001-2022-processo-administrativo-n-o-2022035-cpl","status":"publish","type":"publicacoesdom","link":"https:\/\/magalhaesdealmeida.ma.gov.br\/transparencia\/publicacoesdom\/extrato-de-termo-aditivo-contrato-n-o-20220624001-p-e-aditivo-prazo-n-o-001-2022-processo-administrativo-n-o-2022035-cpl\/","title":{"rendered":"EXTRATO DE TERMO ADITIVO \u2013 CONTRATO N.\u00ba 20220624001 &#8211; P\/E &#8211; ADITIVO PRAZO N.\u00ba 001\/2022 &#8211; PROCESSO ADMINISTRATIVO N.\u00ba 2022035 &#8211; CPL."},"content":{"rendered":"<p>OBJETO:<strong> CONTRATA\u00c7\u00c3O DE EMPRESA PARA EXECU\u00c7\u00c3O DOS SERVI\u00c7OS DE REFORMA E AMPLIA\u00c7\u00c3O DE PREDIOS ESCOLARES PARA ATENDER AS NECESSIDADES DA PREFEITURA MUNICIPAL DE MAGALH\u00c3ES DE ALMEIDA\/MA. CONTRATADA:<\/strong> F. P. SOARES COMERCIO E SERVI\u00c7OS EIRELI\u2013CNPJ: 02.614.640\/0001-17 Avenida 13, n\u00ba 41 D, Quadra A, Bairro: Maiob\u00e3o, Pa\u00e7o do Lumiar\/MA. <strong>REPRESENTANTE LEGAL:<\/strong> FERNANDO PINHEIRO SOARES, CNH: 06033092579- DETRAN- MA, CPF: 056.147.793-02. <strong>VIG\u00caNCIA:<\/strong> 29\/12\/2023. VALOR: <strong>R$ 2.612.956,76 (dois milh\u00f5es seiscentos e doze mil novecentos e cinquenta e seis reais e setenta e seis centavos). DOTA\u00c7\u00c3O OR\u00c7AMENTARIA:<\/strong> 12.361.0421.2019.0000 &#8211; MANUTEN\u00c7\u00c3O, RECUP. E CONSERVA\u00c7\u00c3O DE UNIDADES ESCOLARES 339039 \u2013 OUTROS SERVI\u00c7OS DE TERCEIROS PESSOA JUR\u00cdDICA. <strong>FUND. LEGAL:<\/strong> Conforme artigo 57, inciso I, da Lei n\u00ba 8.666\/93, e suas altera\u00e7\u00f5es, ou qualquer outra Lei de Licita\u00e7\u00f5es que entrar em vigor no decorrer desse contrato. <strong>AUTORIZA\u00c7\u00c3O &#8211; ASSINATURA:<\/strong> Francisco de Assis Arag\u00e3o. <strong>DATA ASSINATURA:<\/strong> 29\/12\/2022.<\/p>\n","protected":false},"author":4,"template":"","class_list":["post-16969","publicacoesdom","type-publicacoesdom","status-publish","hentry"],"acf":{"tipo_de_publicacao_diario":"28","e_retificacao":"1","origem_do_diario":"Poder Executivo","codigo_verificador":"e5477e9302d714236d0e9198d4f696a889298aaf"},"_links":{"self":[{"href":"https:\/\/magalhaesdealmeida.ma.gov.br\/transparencia\/wp-json\/wp\/v2\/publicacoesdom\/16969","targetHints":{"allow":["GET"]}}],"collection":[{"href":"https:\/\/magalhaesdealmeida.ma.gov.br\/transparencia\/wp-json\/wp\/v2\/publicacoesdom"}],"about":[{"href":"https:\/\/magalhaesdealmeida.ma.gov.br\/transparencia\/wp-json\/wp\/v2\/types\/publicacoesdom"}],"author":[{"embeddable":true,"href":"https:\/\/magalhaesdealmeida.ma.gov.br\/transparencia\/wp-json\/wp\/v2\/users\/4"}],"wp:attachment":[{"href":"https:\/\/magalhaesdealmeida.ma.gov.br\/transparencia\/wp-json\/wp\/v2\/media?parent=16969"}],"curies":[{"name":"wp","href":"https:\/\/api.w.org\/{rel}","templated":true}]}}

EXTRATO DE TERMO ADITIVO – CONTRATO N.º 20220624001 &#8211; P/E &#8211; ADITIVO PRAZO N.º 001/2022 &#8211; PROCESSO ADMINISTRATIVO N.º 2022035 &#8211; CPL.

<p>OBJETO:<strong> CONTRATAÇÃO DE EMPRESA PARA EXECUÇÃO DOS SERVIÇOS DE REFORMA E AMPLIAÇÃO DE PREDIOS ESCOLARES PARA ATENDER AS NECESSIDADES DA PREFEITURA MUNICIPAL DE MAGALHÃES DE ALMEIDA/MA. CONTRATADA:</strong> F. P. SOARES COMERCIO E SERVIÇOS EIRELI–CNPJ: 02.614.640/0001-17 Avenida 13, nº 41 D, Quadra A, Bairro: Maiobão, Paço do Lumiar/MA. <strong>REPRESENTANTE LEGAL:</strong> FERNANDO PINHEIRO SOARES, CNH: 06033092579- DETRAN- MA, CPF: 056.147.793-02. <strong>VIGÊNCIA:</strong> 29/12/2023. VALOR: <strong>R$ 2.612.956,76 (dois milhões seiscentos e doze mil novecentos e cinquenta e seis reais e setenta e seis centavos). DOTAÇÃO ORÇAMENTARIA:</strong> 12.361.0421.2019.0000 &#8211; MANUTENÇÃO, RECUP. E CONSERVAÇÃO DE UNIDADES ESCOLARES 339039 – OUTROS SERVIÇOS DE TERCEIROS PESSOA JURÍDICA. <strong>FUND. LEGAL:</strong> Conforme artigo 57, inciso I, da Lei nº 8.666/93, e suas alterações, ou qualquer outra Lei de Licitações que entrar em vigor no decorrer desse contrato. <strong>AUTORIZAÇÃO &#8211; ASSINATURA:</strong> Francisco de Assis Aragão. <strong>DATA ASSINATURA:</strong> 29/12/2022.</p>
