{"id":17117,"date":"2023-01-23T11:02:16","date_gmt":"2023-01-23T14:02:16","guid":{"rendered":"https:\/\/magalhaesdealmeida.ma.gov.br\/transparencia\/?post_type=publicacoesdom&#038;p=17117"},"modified":"2023-01-23T11:14:29","modified_gmt":"2023-01-23T14:14:29","slug":"portaria-n-o-004-2022-13-de-janeiro-de-2023","status":"publish","type":"publicacoesdom","link":"https:\/\/magalhaesdealmeida.ma.gov.br\/transparencia\/publicacoesdom\/portaria-n-o-004-2022-13-de-janeiro-de-2023\/","title":{"rendered":"PORTARIA N.\u00ba 004\/2023, 13 DE JANEIRO DE 2023"},"content":{"rendered":"<p><strong>NOMEIA A EQUIPE PROVIS\u00d3RIA QUE FAR\u00c3O OS CADASTROS DE RECENCIAMENTO DA OPERA\u00c7\u00c3O DE BUSCA ATIVA DOS DOMIC\u00cdLIOS QUE N\u00c3O FORAM VISITADOS PELOS RECENCIADORES DO IBGE e d\u00e1 outras provid\u00eancias.<br \/>\n<\/strong>RAIMUNDO NONATO CARVALHO<strong>, <\/strong>Prefeito do Munic\u00edpio de Magalh\u00e3es de Almeida \u2013 MA, no uso de suas atribui\u00e7\u00f5es que lhe s\u00e3o conferidas por Lei; e <strong>RESOLVE:<br \/>\n<\/strong><strong>Artigo 1\u00ba-<\/strong> Ficam nomeados para comporem a Equipe Provis\u00f3ria dos trabalhos de Busca Ativa os servidores abaixo:<br \/>\n<strong>01 \u2013 PREFEITURA\/GABINETE:<br \/>\n<\/strong>01 \u2013 DIGLEUMA ROCHA PINTO<br \/>\n02 \u2013 GL\u00d3RIA MARIA COSTA LIMA<br \/>\n<strong>02 \u2013 SECRETARIA MUNICIPAL DE EDUCA\u00c7\u00c3O, CI\u00caNCIAS, TECNOLOGIA E INOVA\u00c7\u00c3O:<br \/>\n<\/strong>01 \u2013 DAIANNE SILVA LE\u00c3O<br \/>\n02 \u2013 GUILHERME MATIAS DA SILVA<br \/>\n<strong>03 \u2013 SECRETARIA MUNICIPAL DE SA\u00daDE:<br \/>\n<\/strong>01 &#8211; ADELAIDE DO NASCIMENTO ARAUJO<br \/>\n02 &#8211; ALBA CUNHA DOS SANTOS<br \/>\n03 &#8211; ALINE MENDON\u00c7A SILVA<br \/>\n04- ANTONIO DE PAULO A CUNHA<br \/>\n05 &#8211; CARLOS EDUARDO DE SOUSA SILVA<br \/>\n06 &#8211; CLEMENTINO ALVES SILVA<br \/>\n07 &#8211; DEYBSON PORTUGAL ALVES LIMA<br \/>\n08 &#8211; EDILSON FELIPE DA COSTA<br \/>\n09 &#8211; EDMILSON VER\u00c7OSA PINTO<br \/>\n10 &#8211; ELBANO CANDEIRA DE ARAUJO<br \/>\n11 &#8211; ELINE COSTA ARAUJO<br \/>\n12 &#8211; ELIS\u00c2NGELA NASCIMENTO SILVA<br \/>\n13 &#8211; FRANCIDALVA VIERA DOS SANTOS}<br \/>\n14 &#8211; FRANCINALVA SILVA SANTOS<br \/>\n15 &#8211; FRANCISCA DAS CHAGAS DA SILVA<br \/>\n16 &#8211; FRANCISCA DAS CHAGAS MENCON\u00c7A DE ARAUJO<br \/>\n17 &#8211; FRANCISCA EDUARDA GOMES<br \/>\n18 &#8211; FRANCISCO DAS CHAGAS CUNHA<br \/>\n19 &#8211; GERL\u00c2NDIA CHAVES DE OLIVEIRA<br \/>\n20 &#8211; IZABEL CRISTINA SILVA<br \/>\n21 &#8211; JEOV\u00c1 CHAVES DE OLIVEIRA<br \/>\n22 &#8211; JEUSA DA SILVA PINTO<br \/>\n23 &#8211; JO\u00c3O BEN\u00cdCIO DA SILVA FILHO<br \/>\n24 &#8211; JO\u00c3O MOURA DOS SANTOS FILHO<br \/>\n25 &#8211; JONATHAN LIMA COSTA<br \/>\n26 &#8211; JORGE LUIS PORTELA OLIVEIRA<br \/>\n27 &#8211; JOSE MARCELO SILVA SALES<br \/>\n28 &#8211; JOSIVALDO CARVALHO NUNES<br \/>\n29 &#8211; JUC\u00c9LIA CARVALHO DA SILVA<br \/>\n30 &#8211; KAUANA DOS SANTOS ALBUQUERQUE<br \/>\n31 &#8211; LOURIVAL DOS SANTOS BRAND\u00c3O<br \/>\n32 &#8211; LUIZ CARLOS FILHO<br \/>\n33 &#8211; MAGUINORIA DE CARVALHO NUNES<br \/>\n34 &#8211; MANOEL MARIA DE SOUSA JUNIOR<br \/>\n35 &#8211; MANOEL TADEU DOS SANTOS<br \/>\n36 &#8211; MARIA APARECIDA COSTA DE SOUSA<br \/>\n37 &#8211; MARIA CHEILE SILVA CARVALHO DAMASCENO<br \/>\n38 &#8211; MARIA DA CONCEI\u00c7\u00c3O LE\u00c3O DOS SANTOS<br \/>\n39 &#8211; MARIA DAS NEVES SOUSA PINTO<br \/>\n40 &#8211; MARIA DE LOURDES DOS SANTOS COSTA<br \/>\n41 &#8211; MARIA ERC\u00cdLIA DIAS MACHADO LOPES<br \/>\n42 &#8211; MARIA JOS\u00c9 DA SILVA<br \/>\n43 &#8211; MARIANO CONCEI\u00c7\u00c3O NUNES<br \/>\n44 &#8211; MARIELLY VILAR SILVA<br \/>\n45 &#8211; NERVAL COSTA LIMA<br \/>\n46 &#8211; PATRICIA DA CONCEI\u00c7\u00c3O RODRIGUES DOS SANTOS<br \/>\n47 &#8211; RICARDO GON\u00c7ALVES CANDEIRA<br \/>\n48 &#8211; ROSA CANDEIRA COSTA NETA<br \/>\n49 &#8211; ROSA CUNHA SILVA ZEIDAN<br \/>\n49 &#8211; ROSILDA CANDEIRA LIMA SILVA<br \/>\n50 &#8211; SARAH NADY SOUSA DOS SANTOS<br \/>\n51 &#8211; SILVIANE PORTUGAL SILVA OLIVEIRA<br \/>\n52 &#8211; VANESSA BATISTA VIEIRA<br \/>\n53 &#8211; VERA LUCIA DE ARAUJO MAGALH\u00c3ES<br \/>\n54 &#8211; VERONICA GOMES DA SILVA<br \/>\n<strong>04 \u2013 SECRETARIA MUNICIPAL DE AGRICULTURA, PESCA, PECU\u00c1RIA E <\/strong><strong>MEIO AMBIENTE<\/strong>:<br \/>\n01 \u2013 DOUGLAS DE SOUSA PEREIRA<br \/>\n02 \u2013 VICTOR CUNHA MENDES<br \/>\n<strong>05 \u2013 SECRETARIA MUNICIPAL DE ASSIST\u00caNCIA SOCIAL<br \/>\n<\/strong>01 \u2013 LAERTY BRUCE ALVES DE CARVALHO<br \/>\n02 \u2013 FERNANDA CANDEIRA ARA\u00daJO<br \/>\n<strong>Artigo 2\u00ba-<\/strong> A presente Portaria entrar\u00e1 em Vigor na data de sua Publica\u00e7\u00e3o.<br \/>\nMagalh\u00e3es de Almeida\/MA, 13 de Janeiro de 2023. RAIMUNDO NONATO CARVALHO<strong>, <\/strong>Prefeito Municipal.<\/p>\n","protected":false},"author":4,"template":"","class_list":["post-17117","publicacoesdom","type-publicacoesdom","status-publish","hentry"],"acf":{"tipo_de_publicacao_diario":"41","e_retificacao":"1","origem_do_diario":"Poder Executivo","codigo_verificador":"272ca29c35249cc7d0fa7fa3f834782cd7b7011f"},"_links":{"self":[{"href":"https:\/\/magalhaesdealmeida.ma.gov.br\/transparencia\/wp-json\/wp\/v2\/publicacoesdom\/17117","targetHints":{"allow":["GET"]}}],"collection":[{"href":"https:\/\/magalhaesdealmeida.ma.gov.br\/transparencia\/wp-json\/wp\/v2\/publicacoesdom"}],"about":[{"href":"https:\/\/magalhaesdealmeida.ma.gov.br\/transparencia\/wp-json\/wp\/v2\/types\/publicacoesdom"}],"author":[{"embeddable":true,"href":"https:\/\/magalhaesdealmeida.ma.gov.br\/transparencia\/wp-json\/wp\/v2\/users\/4"}],"wp:attachment":[{"href":"https:\/\/magalhaesdealmeida.ma.gov.br\/transparencia\/wp-json\/wp\/v2\/media?parent=17117"}],"curies":[{"name":"wp","href":"https:\/\/api.w.org\/{rel}","templated":true}]}}

PORTARIA N.º 004/2023, 13 DE JANEIRO DE 2023

<p><strong>NOMEIA A EQUIPE PROVISÓRIA QUE FARÃO OS CADASTROS DE RECENCIAMENTO DA OPERAÇÃO DE BUSCA ATIVA DOS DOMICÍLIOS QUE NÃO FORAM VISITADOS PELOS RECENCIADORES DO IBGE e dá outras providências.<br />
</strong>RAIMUNDO NONATO CARVALHO<strong>, </strong>Prefeito do Município de Magalhães de Almeida – MA, no uso de suas atribuições que lhe são conferidas por Lei; e <strong>RESOLVE:<br />
</strong><strong>Artigo 1º-</strong> Ficam nomeados para comporem a Equipe Provisória dos trabalhos de Busca Ativa os servidores abaixo:<br />
<strong>01 – PREFEITURA/GABINETE:<br />
</strong>01 – DIGLEUMA ROCHA PINTO<br />
02 – GLÓRIA MARIA COSTA LIMA<br />
<strong>02 – SECRETARIA MUNICIPAL DE EDUCAÇÃO, CIÊNCIAS, TECNOLOGIA E INOVAÇÃO:<br />
</strong>01 – DAIANNE SILVA LEÃO<br />
02 – GUILHERME MATIAS DA SILVA<br />
<strong>03 – SECRETARIA MUNICIPAL DE SAÚDE:<br />
</strong>01 &#8211; ADELAIDE DO NASCIMENTO ARAUJO<br />
02 &#8211; ALBA CUNHA DOS SANTOS<br />
03 &#8211; ALINE MENDONÇA SILVA<br />
04- ANTONIO DE PAULO A CUNHA<br />
05 &#8211; CARLOS EDUARDO DE SOUSA SILVA<br />
06 &#8211; CLEMENTINO ALVES SILVA<br />
07 &#8211; DEYBSON PORTUGAL ALVES LIMA<br />
08 &#8211; EDILSON FELIPE DA COSTA<br />
09 &#8211; EDMILSON VERÇOSA PINTO<br />
10 &#8211; ELBANO CANDEIRA DE ARAUJO<br />
11 &#8211; ELINE COSTA ARAUJO<br />
12 &#8211; ELISÂNGELA NASCIMENTO SILVA<br />
13 &#8211; FRANCIDALVA VIERA DOS SANTOS}<br />
14 &#8211; FRANCINALVA SILVA SANTOS<br />
15 &#8211; FRANCISCA DAS CHAGAS DA SILVA<br />
16 &#8211; FRANCISCA DAS CHAGAS MENCONÇA DE ARAUJO<br />
17 &#8211; FRANCISCA EDUARDA GOMES<br />
18 &#8211; FRANCISCO DAS CHAGAS CUNHA<br />
19 &#8211; GERLÂNDIA CHAVES DE OLIVEIRA<br />
20 &#8211; IZABEL CRISTINA SILVA<br />
21 &#8211; JEOVÁ CHAVES DE OLIVEIRA<br />
22 &#8211; JEUSA DA SILVA PINTO<br />
23 &#8211; JOÃO BENÍCIO DA SILVA FILHO<br />
24 &#8211; JOÃO MOURA DOS SANTOS FILHO<br />
25 &#8211; JONATHAN LIMA COSTA<br />
26 &#8211; JORGE LUIS PORTELA OLIVEIRA<br />
27 &#8211; JOSE MARCELO SILVA SALES<br />
28 &#8211; JOSIVALDO CARVALHO NUNES<br />
29 &#8211; JUCÉLIA CARVALHO DA SILVA<br />
30 &#8211; KAUANA DOS SANTOS ALBUQUERQUE<br />
31 &#8211; LOURIVAL DOS SANTOS BRANDÃO<br />
32 &#8211; LUIZ CARLOS FILHO<br />
33 &#8211; MAGUINORIA DE CARVALHO NUNES<br />
34 &#8211; MANOEL MARIA DE SOUSA JUNIOR<br />
35 &#8211; MANOEL TADEU DOS SANTOS<br />
36 &#8211; MARIA APARECIDA COSTA DE SOUSA<br />
37 &#8211; MARIA CHEILE SILVA CARVALHO DAMASCENO<br />
38 &#8211; MARIA DA CONCEIÇÃO LEÃO DOS SANTOS<br />
39 &#8211; MARIA DAS NEVES SOUSA PINTO<br />
40 &#8211; MARIA DE LOURDES DOS SANTOS COSTA<br />
41 &#8211; MARIA ERCÍLIA DIAS MACHADO LOPES<br />
42 &#8211; MARIA JOSÉ DA SILVA<br />
43 &#8211; MARIANO CONCEIÇÃO NUNES<br />
44 &#8211; MARIELLY VILAR SILVA<br />
45 &#8211; NERVAL COSTA LIMA<br />
46 &#8211; PATRICIA DA CONCEIÇÃO RODRIGUES DOS SANTOS<br />
47 &#8211; RICARDO GONÇALVES CANDEIRA<br />
48 &#8211; ROSA CANDEIRA COSTA NETA<br />
49 &#8211; ROSA CUNHA SILVA ZEIDAN<br />
49 &#8211; ROSILDA CANDEIRA LIMA SILVA<br />
50 &#8211; SARAH NADY SOUSA DOS SANTOS<br />
51 &#8211; SILVIANE PORTUGAL SILVA OLIVEIRA<br />
52 &#8211; VANESSA BATISTA VIEIRA<br />
53 &#8211; VERA LUCIA DE ARAUJO MAGALHÃES<br />
54 &#8211; VERONICA GOMES DA SILVA<br />
<strong>04 – SECRETARIA MUNICIPAL DE AGRICULTURA, PESCA, PECUÁRIA E </strong><strong>MEIO AMBIENTE</strong>:<br />
01 – DOUGLAS DE SOUSA PEREIRA<br />
02 – VICTOR CUNHA MENDES<br />
<strong>05 – SECRETARIA MUNICIPAL DE ASSISTÊNCIA SOCIAL<br />
</strong>01 – LAERTY BRUCE ALVES DE CARVALHO<br />
02 – FERNANDA CANDEIRA ARAÚJO<br />
<strong>Artigo 2º-</strong> A presente Portaria entrará em Vigor na data de sua Publicação.<br />
Magalhães de Almeida/MA, 13 de Janeiro de 2023. RAIMUNDO NONATO CARVALHO<strong>, </strong>Prefeito Municipal.</p>
