{"id":17170,"date":"2023-01-26T15:15:22","date_gmt":"2023-01-26T18:15:22","guid":{"rendered":"https:\/\/magalhaesdealmeida.ma.gov.br\/transparencia\/?post_type=publicacoesdom&#038;p=17170"},"modified":"2023-01-26T15:15:22","modified_gmt":"2023-01-26T18:15:22","slug":"portaria-n-082-2022-gab","status":"publish","type":"publicacoesdom","link":"https:\/\/magalhaesdealmeida.ma.gov.br\/transparencia\/publicacoesdom\/portaria-n-082-2022-gab\/","title":{"rendered":"PORTARIA N.\u00b0 082\/2022 &#8211; GAB"},"content":{"rendered":"<p><strong>Disp\u00f5e sobre a amplia\u00e7\u00e3o da Carga hor\u00e1ria de 20h para 30h Professor da Rede Municipal de Magalh\u00e3es de Almeida &#8211; MA.<\/strong><br \/>\nO Prefeito do Munic\u00edpio de Magalh\u00e3es de Almeida &#8211; Maranh\u00e3o, <strong>RAIMUNDO NONATO CARVALHO<\/strong>, em uso de suas atribui\u00e7\u00f5es legais, que lhe confere a Lei Org\u00e2nica do Munic\u00edpio, e,<br \/>\n<strong>CONSIDERANDO,<\/strong> o que preceitua o Artigo 37, inciso II, da Constitui\u00e7\u00e3o Federal;<br \/>\n<strong>CONSIDERANDO,<\/strong> o que preceitua o Artigos 36 da Lei n.\u00b0400\/2010, do Plano de Cargos e Sal\u00e1rios da rede municipal de ensino.<br \/>\n<strong>CONSIDERANDO,<\/strong> o que preceitua o Artigos 36-A ao 26-E da Lei n.\u00b0 499 de 26 de outubro de 2018, que altera e o Plano de Cargos e Sal\u00e1rios da rede municipal de ensino. <strong>RESOLVE:<\/strong><br \/>\n<strong>Art. 1\u00ba &#8211;<\/strong> Ampliar a carga horaria de 20h (vinte horas) para 30h (trinta horas) semanais, o(a) servidor(a) <strong>FRANCINETE FERREIRA DO NASCIMENTO<\/strong>, matricula 283, nomeado(o) em cargo de provimento efetivo de <strong>PROFESSORA<\/strong>, lotada na <strong>ESCOLA MUNICIPAL HIGINO <\/strong><strong>NUNES<\/strong> bem como, reenquadrar os seus vencimentos ern n\u00edvel equivalente a jornada de 30h (trinta horas) semanais.<br \/>\n<strong>Art. 2\u00b0 &#8211;<\/strong> Fica as Secretarias de Administra\u00e7\u00e3o, Finan\u00e7as e Recursos Humanos autorizadas a promover nos assentamentos do(a) servidor(a) o aumento da carga hor\u00e1ria, com reflexo nos seus vencimentos que passa a ser proporcional A. carga hor\u00e1ria mantida.<br \/>\n<strong>Art. 3\u00b0 &#8211;<\/strong> Esta Portaria entra em vigor na data de sua publica\u00e7\u00e3o, revogando-se as disposi\u00e7\u00f5es em contr\u00e1rio.<br \/>\nRegistra-se, cientifique-se e cumpra-se, como Ato do Poder Executivo Municipal.<br \/>\nMagalh\u00e3es de Almeida &#8211; MA, 10 de dezembro de 2022. Raimundo Nonato Carvalho, Prefeito Municipal.<\/p>\n","protected":false},"author":4,"template":"","class_list":["post-17170","publicacoesdom","type-publicacoesdom","status-publish","hentry"],"acf":{"tipo_de_publicacao_diario":"41","e_retificacao":"1","origem_do_diario":"Poder Executivo","codigo_verificador":"dfc78c310cac7a08b46c4536f6733858bed2da2a"},"_links":{"self":[{"href":"https:\/\/magalhaesdealmeida.ma.gov.br\/transparencia\/wp-json\/wp\/v2\/publicacoesdom\/17170","targetHints":{"allow":["GET"]}}],"collection":[{"href":"https:\/\/magalhaesdealmeida.ma.gov.br\/transparencia\/wp-json\/wp\/v2\/publicacoesdom"}],"about":[{"href":"https:\/\/magalhaesdealmeida.ma.gov.br\/transparencia\/wp-json\/wp\/v2\/types\/publicacoesdom"}],"author":[{"embeddable":true,"href":"https:\/\/magalhaesdealmeida.ma.gov.br\/transparencia\/wp-json\/wp\/v2\/users\/4"}],"wp:attachment":[{"href":"https:\/\/magalhaesdealmeida.ma.gov.br\/transparencia\/wp-json\/wp\/v2\/media?parent=17170"}],"curies":[{"name":"wp","href":"https:\/\/api.w.org\/{rel}","templated":true}]}}

<p><strong>Dispõe sobre a ampliação da Carga horária de 20h para 30h Professor da Rede Municipal de Magalhães de Almeida &#8211; MA.</strong><br />
O Prefeito do Município de Magalhães de Almeida &#8211; Maranhão, <strong>RAIMUNDO NONATO CARVALHO</strong>, em uso de suas atribuições legais, que lhe confere a Lei Orgânica do Município, e,<br />
<strong>CONSIDERANDO,</strong> o que preceitua o Artigo 37, inciso II, da Constituição Federal;<br />
<strong>CONSIDERANDO,</strong> o que preceitua o Artigos 36 da Lei n.°400/2010, do Plano de Cargos e Salários da rede municipal de ensino.<br />
<strong>CONSIDERANDO,</strong> o que preceitua o Artigos 36-A ao 26-E da Lei n.° 499 de 26 de outubro de 2018, que altera e o Plano de Cargos e Salários da rede municipal de ensino. <strong>RESOLVE:</strong><br />
<strong>Art. 1º &#8211;</strong> Ampliar a carga horaria de 20h (vinte horas) para 30h (trinta horas) semanais, o(a) servidor(a) <strong>FRANCINETE FERREIRA DO NASCIMENTO</strong>, matricula 283, nomeado(o) em cargo de provimento efetivo de <strong>PROFESSORA</strong>, lotada na <strong>ESCOLA MUNICIPAL HIGINO </strong><strong>NUNES</strong> bem como, reenquadrar os seus vencimentos ern nível equivalente a jornada de 30h (trinta horas) semanais.<br />
<strong>Art. 2° &#8211;</strong> Fica as Secretarias de Administração, Finanças e Recursos Humanos autorizadas a promover nos assentamentos do(a) servidor(a) o aumento da carga horária, com reflexo nos seus vencimentos que passa a ser proporcional A. carga horária mantida.<br />
<strong>Art. 3° &#8211;</strong> Esta Portaria entra em vigor na data de sua publicação, revogando-se as disposições em contrário.<br />
Registra-se, cientifique-se e cumpra-se, como Ato do Poder Executivo Municipal.<br />
Magalhães de Almeida &#8211; MA, 10 de dezembro de 2022. Raimundo Nonato Carvalho, Prefeito Municipal.</p>
