{"id":17302,"date":"2023-02-10T08:03:39","date_gmt":"2023-02-10T11:03:39","guid":{"rendered":"https:\/\/magalhaesdealmeida.ma.gov.br\/transparencia\/?post_type=publicacoesdom&#038;p=17302"},"modified":"2023-02-10T08:08:35","modified_gmt":"2023-02-10T11:08:35","slug":"extrato-de-adjudicacao-pregao-eletronico-n-o-002-2023","status":"publish","type":"publicacoesdom","link":"https:\/\/magalhaesdealmeida.ma.gov.br\/transparencia\/publicacoesdom\/extrato-de-adjudicacao-pregao-eletronico-n-o-002-2023\/","title":{"rendered":"EXTRATO DE ADJUDICA\u00c7\u00c3O \u2013 PREG\u00c3O ELETR\u00d4NICO N.\u00ba 002\/2023"},"content":{"rendered":"<p>Preg\u00e3o Eletr\u00f4nico N.\u00ba 002\/2023, Processo Administrativo N.\u00ba 202301003\/23. Objeto: <strong>Contrata\u00e7\u00e3o de empresa para aquisi\u00e7\u00e3o de material de expediente para atender as necessidades da Prefeitura Municipal de Magalh\u00e3es de Almeida\/MA.<\/strong>\u00a0Considerando a regularidade do procedimento, hei por bem, com base no inc. VI, do art. 43, da Lei Federal n.\u00ba 8.666\/93, <strong>ADJUDICAR<\/strong> os itens dos lotes licitados, a empresa: <strong>T DO REGO LIMA EIRELI, <\/strong>CNPJ: <strong>27.357.462\/0001 &#8211; 17.<br \/>\n<\/strong>Prefeitura Municipal de Magalh\u00e3es de Almeida\/MA, 06 de fevereiro de 2023. Franciel Pessoa da Silva, Pregoeiro Municipal.<\/p>\n","protected":false},"author":4,"template":"","class_list":["post-17302","publicacoesdom","type-publicacoesdom","status-publish","hentry"],"acf":{"tipo_de_publicacao_diario":"1","e_retificacao":"1","origem_do_diario":"Poder Executivo","codigo_verificador":"7f0d8a768e17fe9d1ae3d58f7ef85763bbdb277b"},"_links":{"self":[{"href":"https:\/\/magalhaesdealmeida.ma.gov.br\/transparencia\/wp-json\/wp\/v2\/publicacoesdom\/17302","targetHints":{"allow":["GET"]}}],"collection":[{"href":"https:\/\/magalhaesdealmeida.ma.gov.br\/transparencia\/wp-json\/wp\/v2\/publicacoesdom"}],"about":[{"href":"https:\/\/magalhaesdealmeida.ma.gov.br\/transparencia\/wp-json\/wp\/v2\/types\/publicacoesdom"}],"author":[{"embeddable":true,"href":"https:\/\/magalhaesdealmeida.ma.gov.br\/transparencia\/wp-json\/wp\/v2\/users\/4"}],"wp:attachment":[{"href":"https:\/\/magalhaesdealmeida.ma.gov.br\/transparencia\/wp-json\/wp\/v2\/media?parent=17302"}],"curies":[{"name":"wp","href":"https:\/\/api.w.org\/{rel}","templated":true}]}}

EXTRATO DE ADJUDICAÇÃO – PREGÃO ELETRÔNICO N.º 002/2023

<p>Pregão Eletrônico N.º 002/2023, Processo Administrativo N.º 202301003/23. Objeto: <strong>Contratação de empresa para aquisição de material de expediente para atender as necessidades da Prefeitura Municipal de Magalhães de Almeida/MA.</strong> Considerando a regularidade do procedimento, hei por bem, com base no inc. VI, do art. 43, da Lei Federal n.º 8.666/93, <strong>ADJUDICAR</strong> os itens dos lotes licitados, a empresa: <strong>T DO REGO LIMA EIRELI, </strong>CNPJ: <strong>27.357.462/0001 &#8211; 17.<br />
</strong>Prefeitura Municipal de Magalhães de Almeida/MA, 06 de fevereiro de 2023. Franciel Pessoa da Silva, Pregoeiro Municipal.</p>
