{"id":17333,"date":"2023-02-13T16:42:11","date_gmt":"2023-02-13T19:42:11","guid":{"rendered":"https:\/\/magalhaesdealmeida.ma.gov.br\/transparencia\/?post_type=publicacoesdom&#038;p=17333"},"modified":"2023-02-13T16:42:11","modified_gmt":"2023-02-13T19:42:11","slug":"retificacao-do-extrato-de-termo-aditivo-do-contrato-n-o-20210127001-2021-in-aditivo-de-prazo-n-o-002-2022-processo-administrativo-n-o-0009-2021-cpl","status":"publish","type":"publicacoesdom","link":"https:\/\/magalhaesdealmeida.ma.gov.br\/transparencia\/publicacoesdom\/retificacao-do-extrato-de-termo-aditivo-do-contrato-n-o-20210127001-2021-in-aditivo-de-prazo-n-o-002-2022-processo-administrativo-n-o-0009-2021-cpl\/","title":{"rendered":"RETIFICA\u00c7\u00c3O DO EXTRATO DE TERMO ADITIVO DO CONTRATO N.\u00ba 20210127001\/2021 &#8211; IN &#8211; ADITIVO DE PRAZO N.\u00ba 002\/2022 &#8211; PROCESSO ADMINISTRATIVO N.\u00ba 0009\/2021 &#8211; CPL."},"content":{"rendered":"<p><strong>Publicado no Di\u00e1rio Oficial Municipal &#8211; DOM N.\u00ba 1.019 em 12 de janeiro de 2023.<br \/>\nOnde se l\u00ea:&#8221;<br \/>\nEXTRATO DE TERMO ADITIVO DO CONTRATO N.\u00ba 20210127001\/2021 &#8211; IN &#8211; ADITIVO DE PRAZO N.\u00ba 002\/2022 &#8211; PROCESSO ADMINISTRATIVO N.\u00ba 0009\/2021 &#8211; CPL.<\/strong><br \/>\nEXTRATO DE TERMO ADITIVO \u2013 CONTRATO N.\u00ba 20210127001\/2021. MODALIDADE: INEXIGIBILIDADE &#8211; <strong>ADITIVO PRAZO N.\u00ba 002\/2022<\/strong>, PROCESSO ADMINISTRATIVO <strong>N.\u00ba 0009\/2021<\/strong> -CPL. OBJETO: ADITAMENTO DE PRAZO NA CONTRATA\u00c7\u00c3O DE SERVI\u00c7O ESPECIALIZADO NO \u00c2MBITO DA CONTABILIDADE, COMPREENDENDO CONCEP\u00c7\u00c3O E IMPLANTA\u00c7\u00c3O DE ROTINAS E PROCESSOS PARA PRESTA\u00c7\u00c3O DOS SERVI\u00c7OS DE EXECU\u00c7\u00c3O OR\u00c7AMENT\u00c1RIA E CONT\u00c1BIL, NOS SISTEMAS OR\u00c7AMENT\u00c1RIO, FINANCEIRO, PATRIMONIAL. CONTRATADA: GESTORE &#8211; CONTABILIDADE PUBLICA E CONTROLE INTERNO LTDA. CNPJ: 13.226.800\/0001-77, localizada \u00e1 Rua Paulo Airton Gouveia Pacheco, n\u00ba 795 Bairro Dirceu Arcoverde, CEP: 64.211.237, Parna\u00edba\/PI . REPRESENTANTE LEGAL: Daciel Nunes, RG: 075237492021.3 SSP\/MA e CPF: 406.974.953-53. VIG\u00caNCIA: 31\/12\/2023. VALOR TOTAL: R$ 192.000,00 (cento e noventa e dois mil reais), valor mensal R$ 16.000,00 (dezesseis mil reais). DOTA\u00c7\u00c3O OR\u00c7AMENTARIA: 04.123.0051.2134.0000 MANUTEN\u00c7\u00c3O DO SETOR DE CONTABILIDADE PRESTA\u00c7\u00c3O DE CONTAS\/33.90.39.000 OUTROS SERVI\u00c7OS TERCEIROS PESSOAS JUR\u00cdDICA &#8211; FUND. LEGAL: Conforme artigo 57, inciso I, da Lei n\u00ba 8.666\/93, e suas altera\u00e7\u00f5es, ou qualquer outra Lei de Licita\u00e7\u00f5es que entrar em vigor no decorrer desse contrato. AUTORIZA\u00c7\u00c3O &#8211; ASSINATURA: Francisco de Assis Arag\u00e3o. DATA ASSINATURA: 26\/12\/2022.<strong>&#8220;,<\/strong><br \/>\n<strong>Leia-se: &#8221;<br \/>\nEXTRATO DO 2\u00ba TERMO ADITIVO DO CONTRATO N.\u00ba 20210127001\/2021 &#8211; IN &#8211; PROCESSO ADMINISTRATIVO N.\u00ba 00001\/2021 &#8211; CPL.<\/strong><br \/>\nEXTRATO DE TERMO ADITIVO \u2013 CONTRATO N.\u00ba 20210127001\/2021. MODALIDADE: INEXIGIBILIDADE &#8211;<strong> 2\u00ba TERMO ADITIVO<\/strong>, PROCESSO ADMINISTRATIVO <strong>N.\u00ba<\/strong> <strong>00001\/2021<\/strong> -CPL. OBJETO: ADITAMENTO DE PRAZO NA CONTRATA\u00c7\u00c3O DE SERVI\u00c7O ESPECIALIZADO NO \u00c2MBITO DA CONTABILIDADE, COMPREENDENDO CONCEP\u00c7\u00c3O E IMPLANTA\u00c7\u00c3O DE ROTINAS E PROCESSOS PARA PRESTA\u00c7\u00c3O DOS SERVI\u00c7OS DE EXECU\u00c7\u00c3O OR\u00c7AMENT\u00c1RIA E CONT\u00c1BIL, NOS SISTEMAS OR\u00c7AMENT\u00c1RIO, FINANCEIRO, PATRIMONIAL. CONTRATADA: GESTORE &#8211; CONTABILIDADE PUBLICA E CONTROLE INTERNO LTDA. CNPJ: 13.226.800\/0001-77, localizada \u00e1 Rua Paulo Airton Gouveia Pacheco, n\u00ba 795 Bairro Dirceu Arcoverde, CEP: 64.211.237, Parna\u00edba\/PI . REPRESENTANTE LEGAL: Daciel Nunes, RG: 075237492021.3 SSP\/MA e CPF: 406.974.953-53. VIG\u00caNCIA: 31\/12\/2023. VALOR TOTAL: R$ 192.000,00 (cento e noventa e dois mil reais), valor mensal R$ 16.000,00 (dezesseis mil reais). DOTA\u00c7\u00c3O OR\u00c7AMENTARIA: 04.123.0051.2134.0000 MANUTEN\u00c7\u00c3O DO SETOR DE CONTABILIDADE PRESTA\u00c7\u00c3O DE CONTAS\/33.90.39.000 OUTROS SERVI\u00c7OS TERCEIROS PESSOAS JUR\u00cdDICA &#8211; FUND. LEGAL: Conforme artigo 57, inciso I, da Lei n\u00ba 8.666\/93, e suas altera\u00e7\u00f5es, ou qualquer outra Lei de Licita\u00e7\u00f5es que entrar em vigor no decorrer desse contrato. AUTORIZA\u00c7\u00c3O &#8211; ASSINATURA: Francisco de Assis Arag\u00e3o. DATA ASSINATURA: 26\/12\/2022.<strong>&#8220;.<br \/>\n<\/strong>Prefeitura Municipal de Magalh\u00e3es de Almeida\/MA, 13 de fevereiro de 2022.<\/p>\n","protected":false},"author":4,"template":"","class_list":["post-17333","publicacoesdom","type-publicacoesdom","status-publish","hentry"],"acf":{"tipo_de_publicacao_diario":"63: Retifica\u00e7\u00e3o","e_retificacao":"1","origem_do_diario":"Poder Executivo","codigo_verificador":"7cb7a4bcaf824884fb99ef560dfccc2ec69cdd86"},"_links":{"self":[{"href":"https:\/\/magalhaesdealmeida.ma.gov.br\/transparencia\/wp-json\/wp\/v2\/publicacoesdom\/17333","targetHints":{"allow":["GET"]}}],"collection":[{"href":"https:\/\/magalhaesdealmeida.ma.gov.br\/transparencia\/wp-json\/wp\/v2\/publicacoesdom"}],"about":[{"href":"https:\/\/magalhaesdealmeida.ma.gov.br\/transparencia\/wp-json\/wp\/v2\/types\/publicacoesdom"}],"author":[{"embeddable":true,"href":"https:\/\/magalhaesdealmeida.ma.gov.br\/transparencia\/wp-json\/wp\/v2\/users\/4"}],"wp:attachment":[{"href":"https:\/\/magalhaesdealmeida.ma.gov.br\/transparencia\/wp-json\/wp\/v2\/media?parent=17333"}],"curies":[{"name":"wp","href":"https:\/\/api.w.org\/{rel}","templated":true}]}}

RETIFICAÇÃO DO EXTRATO DE TERMO ADITIVO DO CONTRATO N.º 20210127001/2021 &#8211; IN &#8211; ADITIVO DE PRAZO N.º 002/2022 &#8211; PROCESSO ADMINISTRATIVO N.º 0009/2021 &#8211; CPL.

<p><strong>Publicado no Diário Oficial Municipal &#8211; DOM N.º 1.019 em 12 de janeiro de 2023.<br />
Onde se lê:&#8221;<br />
EXTRATO DE TERMO ADITIVO DO CONTRATO N.º 20210127001/2021 &#8211; IN &#8211; ADITIVO DE PRAZO N.º 002/2022 &#8211; PROCESSO ADMINISTRATIVO N.º 0009/2021 &#8211; CPL.</strong><br />
EXTRATO DE TERMO ADITIVO – CONTRATO N.º 20210127001/2021. MODALIDADE: INEXIGIBILIDADE &#8211; <strong>ADITIVO PRAZO N.º 002/2022</strong>, PROCESSO ADMINISTRATIVO <strong>N.º 0009/2021</strong> -CPL. OBJETO: ADITAMENTO DE PRAZO NA CONTRATAÇÃO DE SERVIÇO ESPECIALIZADO NO ÂMBITO DA CONTABILIDADE, COMPREENDENDO CONCEPÇÃO E IMPLANTAÇÃO DE ROTINAS E PROCESSOS PARA PRESTAÇÃO DOS SERVIÇOS DE EXECUÇÃO ORÇAMENTÁRIA E CONTÁBIL, NOS SISTEMAS ORÇAMENTÁRIO, FINANCEIRO, PATRIMONIAL. CONTRATADA: GESTORE &#8211; CONTABILIDADE PUBLICA E CONTROLE INTERNO LTDA. CNPJ: 13.226.800/0001-77, localizada á Rua Paulo Airton Gouveia Pacheco, nº 795 Bairro Dirceu Arcoverde, CEP: 64.211.237, Parnaíba/PI . REPRESENTANTE LEGAL: Daciel Nunes, RG: 075237492021.3 SSP/MA e CPF: 406.974.953-53. VIGÊNCIA: 31/12/2023. VALOR TOTAL: R$ 192.000,00 (cento e noventa e dois mil reais), valor mensal R$ 16.000,00 (dezesseis mil reais). DOTAÇÃO ORÇAMENTARIA: 04.123.0051.2134.0000 MANUTENÇÃO DO SETOR DE CONTABILIDADE PRESTAÇÃO DE CONTAS/33.90.39.000 OUTROS SERVIÇOS TERCEIROS PESSOAS JURÍDICA &#8211; FUND. LEGAL: Conforme artigo 57, inciso I, da Lei nº 8.666/93, e suas alterações, ou qualquer outra Lei de Licitações que entrar em vigor no decorrer desse contrato. AUTORIZAÇÃO &#8211; ASSINATURA: Francisco de Assis Aragão. DATA ASSINATURA: 26/12/2022.<strong>&#8220;,</strong><br />
<strong>Leia-se: &#8221;<br />
EXTRATO DO 2º TERMO ADITIVO DO CONTRATO N.º 20210127001/2021 &#8211; IN &#8211; PROCESSO ADMINISTRATIVO N.º 00001/2021 &#8211; CPL.</strong><br />
EXTRATO DE TERMO ADITIVO – CONTRATO N.º 20210127001/2021. MODALIDADE: INEXIGIBILIDADE &#8211;<strong> 2º TERMO ADITIVO</strong>, PROCESSO ADMINISTRATIVO <strong>N.º</strong> <strong>00001/2021</strong> -CPL. OBJETO: ADITAMENTO DE PRAZO NA CONTRATAÇÃO DE SERVIÇO ESPECIALIZADO NO ÂMBITO DA CONTABILIDADE, COMPREENDENDO CONCEPÇÃO E IMPLANTAÇÃO DE ROTINAS E PROCESSOS PARA PRESTAÇÃO DOS SERVIÇOS DE EXECUÇÃO ORÇAMENTÁRIA E CONTÁBIL, NOS SISTEMAS ORÇAMENTÁRIO, FINANCEIRO, PATRIMONIAL. CONTRATADA: GESTORE &#8211; CONTABILIDADE PUBLICA E CONTROLE INTERNO LTDA. CNPJ: 13.226.800/0001-77, localizada á Rua Paulo Airton Gouveia Pacheco, nº 795 Bairro Dirceu Arcoverde, CEP: 64.211.237, Parnaíba/PI . REPRESENTANTE LEGAL: Daciel Nunes, RG: 075237492021.3 SSP/MA e CPF: 406.974.953-53. VIGÊNCIA: 31/12/2023. VALOR TOTAL: R$ 192.000,00 (cento e noventa e dois mil reais), valor mensal R$ 16.000,00 (dezesseis mil reais). DOTAÇÃO ORÇAMENTARIA: 04.123.0051.2134.0000 MANUTENÇÃO DO SETOR DE CONTABILIDADE PRESTAÇÃO DE CONTAS/33.90.39.000 OUTROS SERVIÇOS TERCEIROS PESSOAS JURÍDICA &#8211; FUND. LEGAL: Conforme artigo 57, inciso I, da Lei nº 8.666/93, e suas alterações, ou qualquer outra Lei de Licitações que entrar em vigor no decorrer desse contrato. AUTORIZAÇÃO &#8211; ASSINATURA: Francisco de Assis Aragão. DATA ASSINATURA: 26/12/2022.<strong>&#8220;.<br />
</strong>Prefeitura Municipal de Magalhães de Almeida/MA, 13 de fevereiro de 2022.</p>

63: Retificação
