{"id":17387,"date":"2023-02-24T06:20:36","date_gmt":"2023-02-24T09:20:36","guid":{"rendered":"https:\/\/magalhaesdealmeida.ma.gov.br\/transparencia\/?post_type=publicacoesdom&#038;p=17387"},"modified":"2023-02-24T06:22:00","modified_gmt":"2023-02-24T09:22:00","slug":"decreto-n-o-004-2023","status":"publish","type":"publicacoesdom","link":"https:\/\/magalhaesdealmeida.ma.gov.br\/transparencia\/publicacoesdom\/decreto-n-o-004-2023\/","title":{"rendered":"DECRETO N.\u00ba 004\/2023"},"content":{"rendered":"<p><strong>Disp\u00f5e sobre a constitui\u00e7\u00e3o da Comiss\u00e3o T\u00e9cnica de Seletivo Simplificado, e d\u00e1 outras provid\u00eancias.<\/strong><br \/>\n<strong>O PREFEITO MUNICIPAL DE MAGALH\u00c3ES DE ALMEIDA<\/strong>, Estado do Maranh\u00e3o, no uso de suas atribui\u00e7\u00f5es legais, <strong>DECRETA<\/strong>:<br \/>\n<strong>Art. 1\u00ba<\/strong> Autoriza a realiza\u00e7\u00e3o de Processo Seletivo Simplificado para contrata\u00e7\u00e3o tempor\u00e1ria de profissionais conforme determina\u00e7\u00e3o da Lei Municipal n.\u00ba 563 de 23 de fevereiro de 2023, para integrar o quadro de servidores do Poder Executivo, com os crit\u00e9rios fixados no Edital do Seletivo.<br \/>\n<strong>Art. 2\u00ba<\/strong> Para cumprimento do que disp\u00f5e o art. 1\u00ba deste Decreto, fica institu\u00edda no \u00e2mbito do Poder Executivo a Comiss\u00e3o do Seletivo P\u00fablico formada pelos servidores: Marilene Sousa Lima e Ara\u00fajo, Professora, CPF n\u00ba 438.019.943-68; Silvana Silva Costa Lima, Professora, CPF: 354.765.403-34; Palloma Costa de Ara\u00fajo, CPF 071.860.993-00, Assessor Especial; Vitor Carlos Dias Costa ,CPF 808.485.753-30, Assessor Especial; Eduarda Sousa Aguiar. CPF 048.823.023-30, Assessor Especial.<br \/>\n<strong>Art. 3\u00ba<\/strong> Esta comiss\u00e3o ser\u00e1 presidida pela Sra. Marilene Sousa Lima e Ara\u00fajo e secretariada pelo Sr. Vitor Carlos Dias Costa, com a atribui\u00e7\u00e3o de acompanhar a realiza\u00e7\u00e3o do Seletivo simplificado, decidir no \u00e2mbito administrativo recursos e impugna\u00e7\u00f5es interpostas.<br \/>\n<strong>Art. 4\u00ba<\/strong> Este Decreto entrar\u00e1 em vigor na data de sua publica\u00e7\u00e3o, revogada as disposi\u00e7\u00f5es em contr\u00e1rio.<br \/>\nLeia-se. Publique-se e Cumpra-se, em Magalh\u00e3es de Almeida\/MA, 23 de Fevereiro de 2023. RAIMUNDO NONATO CARVALHO, Prefeito Municipal.<\/p>\n","protected":false},"author":4,"template":"","class_list":["post-17387","publicacoesdom","type-publicacoesdom","status-publish","hentry"],"acf":{"tipo_de_publicacao_diario":"23","e_retificacao":"1","origem_do_diario":"Poder Executivo","codigo_verificador":"b226c9f80867ce65a75791344b5b011c34552a4b"},"_links":{"self":[{"href":"https:\/\/magalhaesdealmeida.ma.gov.br\/transparencia\/wp-json\/wp\/v2\/publicacoesdom\/17387","targetHints":{"allow":["GET"]}}],"collection":[{"href":"https:\/\/magalhaesdealmeida.ma.gov.br\/transparencia\/wp-json\/wp\/v2\/publicacoesdom"}],"about":[{"href":"https:\/\/magalhaesdealmeida.ma.gov.br\/transparencia\/wp-json\/wp\/v2\/types\/publicacoesdom"}],"author":[{"embeddable":true,"href":"https:\/\/magalhaesdealmeida.ma.gov.br\/transparencia\/wp-json\/wp\/v2\/users\/4"}],"wp:attachment":[{"href":"https:\/\/magalhaesdealmeida.ma.gov.br\/transparencia\/wp-json\/wp\/v2\/media?parent=17387"}],"curies":[{"name":"wp","href":"https:\/\/api.w.org\/{rel}","templated":true}]}}

DECRETO N.º 004/2023

<p><strong>Dispõe sobre a constituição da Comissão Técnica de Seletivo Simplificado, e dá outras providências.</strong><br />
<strong>O PREFEITO MUNICIPAL DE MAGALHÃES DE ALMEIDA</strong>, Estado do Maranhão, no uso de suas atribuições legais, <strong>DECRETA</strong>:<br />
<strong>Art. 1º</strong> Autoriza a realização de Processo Seletivo Simplificado para contratação temporária de profissionais conforme determinação da Lei Municipal n.º 563 de 23 de fevereiro de 2023, para integrar o quadro de servidores do Poder Executivo, com os critérios fixados no Edital do Seletivo.<br />
<strong>Art. 2º</strong> Para cumprimento do que dispõe o art. 1º deste Decreto, fica instituída no âmbito do Poder Executivo a Comissão do Seletivo Público formada pelos servidores: Marilene Sousa Lima e Araújo, Professora, CPF nº 438.019.943-68; Silvana Silva Costa Lima, Professora, CPF: 354.765.403-34; Palloma Costa de Araújo, CPF 071.860.993-00, Assessor Especial; Vitor Carlos Dias Costa ,CPF 808.485.753-30, Assessor Especial; Eduarda Sousa Aguiar. CPF 048.823.023-30, Assessor Especial.<br />
<strong>Art. 3º</strong> Esta comissão será presidida pela Sra. Marilene Sousa Lima e Araújo e secretariada pelo Sr. Vitor Carlos Dias Costa, com a atribuição de acompanhar a realização do Seletivo simplificado, decidir no âmbito administrativo recursos e impugnações interpostas.<br />
<strong>Art. 4º</strong> Este Decreto entrará em vigor na data de sua publicação, revogada as disposições em contrário.<br />
Leia-se. Publique-se e Cumpra-se, em Magalhães de Almeida/MA, 23 de Fevereiro de 2023. RAIMUNDO NONATO CARVALHO, Prefeito Municipal.</p>
