{"id":17489,"date":"2023-03-02T10:27:20","date_gmt":"2023-03-02T13:27:20","guid":{"rendered":"https:\/\/magalhaesdealmeida.ma.gov.br\/transparencia\/?post_type=publicacoesdom&#038;p=17489"},"modified":"2023-03-02T10:32:50","modified_gmt":"2023-03-02T13:32:50","slug":"tomada-de-preco-n-o-001-2023","status":"publish","type":"publicacoesdom","link":"https:\/\/magalhaesdealmeida.ma.gov.br\/transparencia\/publicacoesdom\/tomada-de-preco-n-o-001-2023\/","title":{"rendered":"TOMADA DE PRE\u00c7O N.\u00ba 001\/2023"},"content":{"rendered":"<p><strong>AVISO DE LICITA\u00c7\u00c3O.<\/strong><br \/>\nO Presidente da CPL da Prefeitura Municipal de MAGALH\u00c3ES DE ALMEIDA, Estado do Maranh\u00e3o, torna p\u00fablico, para conhecimento dos interessados que far\u00e1 realizar, sob a \u00e9gide da Lei n.\u00ba 8.666\/93, e suas altera\u00e7\u00f5es posteriores, licita\u00e7\u00e3o na modalidade <strong>TOMADA DE PRE\u00c7O <\/strong>do tipo menor pre\u00e7o global, que tem por objeto <strong>Contrata\u00e7\u00e3o de empresa para execu\u00e7\u00e3o dos servi\u00e7os de constru\u00e7\u00e3o da Pra\u00e7a do Idoso e uma Pra\u00e7a da Crian\u00e7a em Magalh\u00e3es de Almeida,<\/strong> o certame se realizar\u00e1 no dia 21 de mar\u00e7o de 2023, \u00e0s 08:00 horas (hor\u00e1rio de Bras\u00edlia), sendo presidida pelo Presidente da CPL desta Prefeitura Municipal, na sala da Comiss\u00e3o Permanente de Licita\u00e7\u00e3o, situada na Rua Manoel Pires de Castro, 279 Centro, Magalh\u00e3es de Almeida\/MA. A ser regida pelas normas deste Edital, pelas disposi\u00e7\u00f5es da Lei Federal N.\u00ba 8.666\/93 e demais legisla\u00e7\u00e3o pertinente. O Edital, est\u00e1 \u00e0 disposi\u00e7\u00e3o dos interessados no endere\u00e7o supracitado, de 2\u00aa a 6\u00aa feira, no hor\u00e1rio das 08:00 \u00e0s1 2:00 horas, onde tamb\u00e9m poder\u00e3o ser obtidos esclarecimentos adicionais, custo do Edital 01 (uma) resma de papel A4.<br \/>\nMAGALH\u00c3ES DE ALMEIDA\/MA, 01 DE MAR\u00c7O DE 2023.Franciel Pessoa da Silva, Pregoeiro Municipal.<\/p>\n","protected":false},"author":4,"template":"","class_list":["post-17489","publicacoesdom","type-publicacoesdom","status-publish","hentry"],"acf":{"tipo_de_publicacao_diario":"12","e_retificacao":"1","origem_do_diario":"Poder Executivo","codigo_verificador":"db26739bbd61c7f6204df11e2cf74655b44dfaed"},"_links":{"self":[{"href":"https:\/\/magalhaesdealmeida.ma.gov.br\/transparencia\/wp-json\/wp\/v2\/publicacoesdom\/17489","targetHints":{"allow":["GET"]}}],"collection":[{"href":"https:\/\/magalhaesdealmeida.ma.gov.br\/transparencia\/wp-json\/wp\/v2\/publicacoesdom"}],"about":[{"href":"https:\/\/magalhaesdealmeida.ma.gov.br\/transparencia\/wp-json\/wp\/v2\/types\/publicacoesdom"}],"author":[{"embeddable":true,"href":"https:\/\/magalhaesdealmeida.ma.gov.br\/transparencia\/wp-json\/wp\/v2\/users\/4"}],"wp:attachment":[{"href":"https:\/\/magalhaesdealmeida.ma.gov.br\/transparencia\/wp-json\/wp\/v2\/media?parent=17489"}],"curies":[{"name":"wp","href":"https:\/\/api.w.org\/{rel}","templated":true}]}}

TOMADA DE PREÇO N.º 001/2023

<p><strong>AVISO DE LICITAÇÃO.</strong><br />
O Presidente da CPL da Prefeitura Municipal de MAGALHÃES DE ALMEIDA, Estado do Maranhão, torna público, para conhecimento dos interessados que fará realizar, sob a égide da Lei n.º 8.666/93, e suas alterações posteriores, licitação na modalidade <strong>TOMADA DE PREÇO </strong>do tipo menor preço global, que tem por objeto <strong>Contratação de empresa para execução dos serviços de construção da Praça do Idoso e uma Praça da Criança em Magalhães de Almeida,</strong> o certame se realizará no dia 21 de março de 2023, às 08:00 horas (horário de Brasília), sendo presidida pelo Presidente da CPL desta Prefeitura Municipal, na sala da Comissão Permanente de Licitação, situada na Rua Manoel Pires de Castro, 279 Centro, Magalhães de Almeida/MA. A ser regida pelas normas deste Edital, pelas disposições da Lei Federal N.º 8.666/93 e demais legislação pertinente. O Edital, está à disposição dos interessados no endereço supracitado, de 2ª a 6ª feira, no horário das 08:00 às1 2:00 horas, onde também poderão ser obtidos esclarecimentos adicionais, custo do Edital 01 (uma) resma de papel A4.<br />
MAGALHÃES DE ALMEIDA/MA, 01 DE MARÇO DE 2023.Franciel Pessoa da Silva, Pregoeiro Municipal.</p>
