{"id":17500,"date":"2023-03-02T16:45:24","date_gmt":"2023-03-02T19:45:24","guid":{"rendered":"https:\/\/magalhaesdealmeida.ma.gov.br\/transparencia\/?post_type=publicacoesdom&#038;p=17500"},"modified":"2023-03-02T16:45:24","modified_gmt":"2023-03-02T19:45:24","slug":"portaria-n-o-060-2023-semecti","status":"publish","type":"publicacoesdom","link":"https:\/\/magalhaesdealmeida.ma.gov.br\/transparencia\/publicacoesdom\/portaria-n-o-060-2023-semecti\/","title":{"rendered":"PORTARIA N.\u00ba 060\/2023 &#8211; SEMECTI"},"content":{"rendered":"<p><strong><u>TERMO DE DESIGNA\u00c7\u00c3O<br \/>\n<\/u><\/strong><strong>INSTITUI A DESIGNA\u00c7\u00c3O DE SUPERVISOR(A) PEDAG\u00d3GICO DAS-2 \u2013 LEI N.\u00ba 499\/2018<br \/>\n<\/strong>O Prefeito Municipal de Magalh\u00e3es de Almeida, Estado do Maranh\u00e3o, no uso de suas atribui\u00e7\u00f5es e de conformidade com a Lei Org\u00e2nica Municipal Cap\u00edtulo VII, Se\u00e7\u00e3o II, Artigo 67.<br \/>\nConsiderando o disposto no inciso II do art. 9\u00ba da Lei n\u00ba 236 de 02 de janeiro de 1998,<br \/>\n<strong>CONSIDERANDO<\/strong> que o Decreto n\u00b0 002\/2022 regulamentou a Lei Municipal n\u00b0 534\/2021 de modo a possibilitar a delega\u00e7\u00e3o de compet\u00eancia aos secret\u00e1rios municipais e demais cargos equiparados para que procedam \u00e0 nomea\u00e7\u00e3o e exonera\u00e7\u00e3o dos cargos de provimento em comiss\u00e3o de seus respectivos quadros, dentro dos limites estabelecidos na Lei Municipal n\u00b0 534\/2021, <strong>RESOLVE,<\/strong><br \/>\n<strong>Art. 1\u00ba &#8211; DESIGNAR<\/strong> o(a) <strong>servidor(a) p\u00fablica municipal efetiva, matr\u00edcula n\u00b0 134, <\/strong>Sr.(a) <strong>MARIA DA CONCEI\u00c7\u00c3O PEREIRA DA SILVA<\/strong>, brasileiro(a), solteiro(a), maior, capaz, portador(a) do <strong>CPF n\u00ba 824.977.703-44, RG 000030455194-5 SSP MA<\/strong> para <strong>exercer o cargo de SUPERVISOR(A) PEDAG\u00d3GICO DAS-2, lotada na Secretaria de Educa\u00e7\u00e3o, Ci\u00eancias, Tecnologia e Inova\u00e7\u00e3o.<br \/>\n<\/strong><strong>Art. 2\u00ba &#8211;<\/strong> Esta portaria entra em vigor na data de sua publica\u00e7\u00e3o. Revogadas as disposi\u00e7\u00f5es em contr\u00e1rio.<br \/>\nLeia-se, Publique-se e cumpra-se em Magalh\u00e3es de Almeida\/MA, 01 de mar\u00e7o de 2023. MA\u00c9LIO CESAR FREITAS DOS SANTOS, SECRET\u00c1RIO DE EDUCA\u00c7\u00c3O, CI\u00caNCIAS, TECNOLOGIA E INOVA\u00c7\u00c3O.<\/p>\n","protected":false},"author":4,"template":"","class_list":["post-17500","publicacoesdom","type-publicacoesdom","status-publish","hentry"],"acf":{"tipo_de_publicacao_diario":"41","e_retificacao":"1","origem_do_diario":"Poder Executivo","codigo_verificador":"e1b09129875183185b219dfa920f1f1ed5de4724"},"_links":{"self":[{"href":"https:\/\/magalhaesdealmeida.ma.gov.br\/transparencia\/wp-json\/wp\/v2\/publicacoesdom\/17500","targetHints":{"allow":["GET"]}}],"collection":[{"href":"https:\/\/magalhaesdealmeida.ma.gov.br\/transparencia\/wp-json\/wp\/v2\/publicacoesdom"}],"about":[{"href":"https:\/\/magalhaesdealmeida.ma.gov.br\/transparencia\/wp-json\/wp\/v2\/types\/publicacoesdom"}],"author":[{"embeddable":true,"href":"https:\/\/magalhaesdealmeida.ma.gov.br\/transparencia\/wp-json\/wp\/v2\/users\/4"}],"wp:attachment":[{"href":"https:\/\/magalhaesdealmeida.ma.gov.br\/transparencia\/wp-json\/wp\/v2\/media?parent=17500"}],"curies":[{"name":"wp","href":"https:\/\/api.w.org\/{rel}","templated":true}]}}

PORTARIA N.º 060/2023 &#8211; SEMECTI

<p><strong><u>TERMO DE DESIGNAÇÃO<br />
</u></strong><strong>INSTITUI A DESIGNAÇÃO DE SUPERVISOR(A) PEDAGÓGICO DAS-2 – LEI N.º 499/2018<br />
</strong>O Prefeito Municipal de Magalhães de Almeida, Estado do Maranhão, no uso de suas atribuições e de conformidade com a Lei Orgânica Municipal Capítulo VII, Seção II, Artigo 67.<br />
Considerando o disposto no inciso II do art. 9º da Lei nº 236 de 02 de janeiro de 1998,<br />
<strong>CONSIDERANDO</strong> que o Decreto n° 002/2022 regulamentou a Lei Municipal n° 534/2021 de modo a possibilitar a delegação de competência aos secretários municipais e demais cargos equiparados para que procedam à nomeação e exoneração dos cargos de provimento em comissão de seus respectivos quadros, dentro dos limites estabelecidos na Lei Municipal n° 534/2021, <strong>RESOLVE,</strong><br />
<strong>Art. 1º &#8211; DESIGNAR</strong> o(a) <strong>servidor(a) pública municipal efetiva, matrícula n° 134, </strong>Sr.(a) <strong>MARIA DA CONCEIÇÃO PEREIRA DA SILVA</strong>, brasileiro(a), solteiro(a), maior, capaz, portador(a) do <strong>CPF nº 824.977.703-44, RG 000030455194-5 SSP MA</strong> para <strong>exercer o cargo de SUPERVISOR(A) PEDAGÓGICO DAS-2, lotada na Secretaria de Educação, Ciências, Tecnologia e Inovação.<br />
</strong><strong>Art. 2º &#8211;</strong> Esta portaria entra em vigor na data de sua publicação. Revogadas as disposições em contrário.<br />
Leia-se, Publique-se e cumpra-se em Magalhães de Almeida/MA, 01 de março de 2023. MAÉLIO CESAR FREITAS DOS SANTOS, SECRETÁRIO DE EDUCAÇÃO, CIÊNCIAS, TECNOLOGIA E INOVAÇÃO.</p>
