{"id":17532,"date":"2023-03-06T09:56:59","date_gmt":"2023-03-06T12:56:59","guid":{"rendered":"https:\/\/magalhaesdealmeida.ma.gov.br\/transparencia\/?post_type=publicacoesdom&#038;p=17532"},"modified":"2023-03-06T09:56:59","modified_gmt":"2023-03-06T12:56:59","slug":"extrato-termo-aditivo-ao-contrato-pe-srp-n-o-20220311001-2022-processo-administrativo-n-o-2022010-cpl","status":"publish","type":"publicacoesdom","link":"https:\/\/magalhaesdealmeida.ma.gov.br\/transparencia\/publicacoesdom\/extrato-termo-aditivo-ao-contrato-pe-srp-n-o-20220311001-2022-processo-administrativo-n-o-2022010-cpl\/","title":{"rendered":"EXTRATO TERMO ADITIVO AO CONTRATO PE\/SRP N.\u00ba 20220311001\/2022 &#8211; PROCESSO ADMINISTRATIVO N.\u00ba 2022010 \u2013 CPL."},"content":{"rendered":"<p>Prefeitura Municipal de Magalh\u00e3es de Almeida \u2013 MA. CNPJ 06.988.976\/0001- 09, Representada pelo gestor Financeiro Francisco de Assis Arag\u00e3o, CPF: 376.189.208-00 CNH: 0124760000724, e <strong>M2 AMBIENTAL E SERVI\u00c7OS EIRELI<\/strong>, CNPJ 30.684.411\/0001-04, representada por Mizael Alves Le\u00e3o, (RG): 2295065 SP\/PI, CPF: 023.814.763-00. Objeto: <strong>Aditamento de prazo para EXECU\u00c7\u00c3O DOS SERVI\u00c7OS DE RO\u00c7O LATERAL NAS ESTRADAS VICINAIS E NOS P\u00c1TIOS DAS ESCOLAS E POSTOS DE SA\u00daDE NO MUNIC\u00cdPIO DE MAGALH\u00c3ES DE ALMEIDA\/MA.<\/strong> O prazo de vig\u00eancia previsto em sua cl\u00e1usula sexta, fica prorrogado a contar de<strong> 06\/03\/2022 at\u00e9 31\/12\/2023.<\/strong> Permanecem inalteradas as demais cl\u00e1usulas, par\u00e1grafos, condi\u00e7\u00f5es e obriga\u00e7\u00f5es do Termo Contrato inicial que n\u00e3o colidirem com o disposto no Termo Aditivo. MAGALH\u00c3ES DE ALMEIDA (MA), 06 de mar\u00e7o de 2023. Francisco de Assis Arag\u00e3o. SECRET\u00c1RIO MUNICIPAL DE FINAN\u00c7AS.<\/p>\n","protected":false},"author":4,"template":"","class_list":["post-17532","publicacoesdom","type-publicacoesdom","status-publish","hentry"],"acf":{"tipo_de_publicacao_diario":"28","e_retificacao":"1","origem_do_diario":"Poder Executivo","codigo_verificador":"9d3599c85c1af2de5b4ce636a7f906ef424844de"},"_links":{"self":[{"href":"https:\/\/magalhaesdealmeida.ma.gov.br\/transparencia\/wp-json\/wp\/v2\/publicacoesdom\/17532","targetHints":{"allow":["GET"]}}],"collection":[{"href":"https:\/\/magalhaesdealmeida.ma.gov.br\/transparencia\/wp-json\/wp\/v2\/publicacoesdom"}],"about":[{"href":"https:\/\/magalhaesdealmeida.ma.gov.br\/transparencia\/wp-json\/wp\/v2\/types\/publicacoesdom"}],"author":[{"embeddable":true,"href":"https:\/\/magalhaesdealmeida.ma.gov.br\/transparencia\/wp-json\/wp\/v2\/users\/4"}],"wp:attachment":[{"href":"https:\/\/magalhaesdealmeida.ma.gov.br\/transparencia\/wp-json\/wp\/v2\/media?parent=17532"}],"curies":[{"name":"wp","href":"https:\/\/api.w.org\/{rel}","templated":true}]}}

EXTRATO TERMO ADITIVO AO CONTRATO PE/SRP N.º 20220311001/2022 &#8211; PROCESSO ADMINISTRATIVO N.º 2022010 – CPL.

<p>Prefeitura Municipal de Magalhães de Almeida – MA. CNPJ 06.988.976/0001- 09, Representada pelo gestor Financeiro Francisco de Assis Aragão, CPF: 376.189.208-00 CNH: 0124760000724, e <strong>M2 AMBIENTAL E SERVIÇOS EIRELI</strong>, CNPJ 30.684.411/0001-04, representada por Mizael Alves Leão, (RG): 2295065 SP/PI, CPF: 023.814.763-00. Objeto: <strong>Aditamento de prazo para EXECUÇÃO DOS SERVIÇOS DE ROÇO LATERAL NAS ESTRADAS VICINAIS E NOS PÁTIOS DAS ESCOLAS E POSTOS DE SAÚDE NO MUNICÍPIO DE MAGALHÃES DE ALMEIDA/MA.</strong> O prazo de vigência previsto em sua cláusula sexta, fica prorrogado a contar de<strong> 06/03/2022 até 31/12/2023.</strong> Permanecem inalteradas as demais cláusulas, parágrafos, condições e obrigações do Termo Contrato inicial que não colidirem com o disposto no Termo Aditivo. MAGALHÃES DE ALMEIDA (MA), 06 de março de 2023. Francisco de Assis Aragão. SECRETÁRIO MUNICIPAL DE FINANÇAS.</p>
