{"id":17700,"date":"2023-03-21T16:12:51","date_gmt":"2023-03-21T19:12:51","guid":{"rendered":"https:\/\/magalhaesdealmeida.ma.gov.br\/transparencia\/?post_type=publicacoesdom&#038;p=17700"},"modified":"2023-03-21T16:12:51","modified_gmt":"2023-03-21T19:12:51","slug":"decreto-n-o-007-2023","status":"publish","type":"publicacoesdom","link":"https:\/\/magalhaesdealmeida.ma.gov.br\/transparencia\/publicacoesdom\/decreto-n-o-007-2023\/","title":{"rendered":"DECRETO N.\u00ba 007\/2023"},"content":{"rendered":"<p><strong><em>Disp\u00f5e sobre Homologa\u00e7\u00e3o do Processo Seletivo Simplificado para contrata\u00e7\u00e3o tempr\u00e1ria N.\u00b0 001\/2023.<br \/>\n<\/em><\/strong><strong>O PREFEITO MUNICIPAL DE MAGALH\u00c3ES DE ALMEIDA-MA<\/strong>, no uso de suas atribui\u00e7\u00f5es legais, e com fundamento no Edital do Processo Seletivo Simplificado N.\u00ba 001\/2023.<br \/>\n<strong><em>CONSIDERANDO <\/em><\/strong>a conclus\u00e3o das etapas do Processo Seletivo Simplificado N.\u00ba 001\/2023;<br \/>\n<strong><em>CONSIDERANDO <\/em><\/strong>o disposto no Edital N.\u00ba 001\/2023 e outras publica\u00e7\u00f5es decorrentes das fases do Processo;<br \/>\n<strong><em>CONSIDERANDO <\/em><\/strong>o resultado final do processo emitido pela Comiss\u00e3o do Processo Seletivo Simplificado referendando a legitimidade do objeto do edital N.\u00ba 001\/2023;<br \/>\n<strong><u>DECRETA<\/u>:<br \/>\n<\/strong><strong>Art. 1\u00ba &#8211; FICA HOMOLOGADO, <\/strong>para que produza os devidos efeitos jur\u00eddicos, o Resultado Final do Processo Seletivo Simplificado N.\u00ba 001\/2023<strong>, <\/strong>para contrata\u00e7\u00e3o tempor\u00e1ria em seus respectivos cargos.<br \/>\n<strong>Art. 2\u00ba <\/strong>O resultado final do Processo na \u00edntegra, encontra-se publicado no endere\u00e7o eletr\u00f4nico: <a href=\"https:\/\/magalhaesdealmeida.ma.gov.br\">https:\/\/magalhaesdealmeida.ma.gov.br<\/a><\/p>\n<p><strong>Art. 3\u00ba &#8211; <\/strong>Este Decreto entra em vigor na data de sua publica\u00e7\u00e3o.<br \/>\nMagalh\u00e3es de Almeida, 21 de mar\u00e7o de 2023. RAIMUNDO NONATO CARVALHO, Prefeito Municipal.<\/p>\n","protected":false},"author":4,"template":"","class_list":["post-17700","publicacoesdom","type-publicacoesdom","status-publish","hentry"],"acf":{"tipo_de_publicacao_diario":"23","e_retificacao":"1","origem_do_diario":"Poder Executivo","codigo_verificador":"f52fd07b130bdfe50e1990e7094ecc7c8eaa1698"},"_links":{"self":[{"href":"https:\/\/magalhaesdealmeida.ma.gov.br\/transparencia\/wp-json\/wp\/v2\/publicacoesdom\/17700","targetHints":{"allow":["GET"]}}],"collection":[{"href":"https:\/\/magalhaesdealmeida.ma.gov.br\/transparencia\/wp-json\/wp\/v2\/publicacoesdom"}],"about":[{"href":"https:\/\/magalhaesdealmeida.ma.gov.br\/transparencia\/wp-json\/wp\/v2\/types\/publicacoesdom"}],"author":[{"embeddable":true,"href":"https:\/\/magalhaesdealmeida.ma.gov.br\/transparencia\/wp-json\/wp\/v2\/users\/4"}],"wp:attachment":[{"href":"https:\/\/magalhaesdealmeida.ma.gov.br\/transparencia\/wp-json\/wp\/v2\/media?parent=17700"}],"curies":[{"name":"wp","href":"https:\/\/api.w.org\/{rel}","templated":true}]}}

DECRETO N.º 007/2023

<p><strong><em>Dispõe sobre Homologação do Processo Seletivo Simplificado para contratação temprária N.° 001/2023.<br />
</em></strong><strong>O PREFEITO MUNICIPAL DE MAGALHÃES DE ALMEIDA-MA</strong>, no uso de suas atribuições legais, e com fundamento no Edital do Processo Seletivo Simplificado N.º 001/2023.<br />
<strong><em>CONSIDERANDO </em></strong>a conclusão das etapas do Processo Seletivo Simplificado N.º 001/2023;<br />
<strong><em>CONSIDERANDO </em></strong>o disposto no Edital N.º 001/2023 e outras publicações decorrentes das fases do Processo;<br />
<strong><em>CONSIDERANDO </em></strong>o resultado final do processo emitido pela Comissão do Processo Seletivo Simplificado referendando a legitimidade do objeto do edital N.º 001/2023;<br />
<strong><u>DECRETA</u>:<br />
</strong><strong>Art. 1º &#8211; FICA HOMOLOGADO, </strong>para que produza os devidos efeitos jurídicos, o Resultado Final do Processo Seletivo Simplificado N.º 001/2023<strong>, </strong>para contratação temporária em seus respectivos cargos.<br />
<strong>Art. 2º </strong>O resultado final do Processo na íntegra, encontra-se publicado no endereço eletrônico: <a href="https://magalhaesdealmeida.ma.gov.br">https://magalhaesdealmeida.ma.gov.br</a></p>
<p><strong>Art. 3º &#8211; </strong>Este Decreto entra em vigor na data de sua publicação.<br />
Magalhães de Almeida, 21 de março de 2023. RAIMUNDO NONATO CARVALHO, Prefeito Municipal.</p>
