{"id":17747,"date":"2023-03-27T16:42:31","date_gmt":"2023-03-27T19:42:31","guid":{"rendered":"https:\/\/magalhaesdealmeida.ma.gov.br\/transparencia\/?post_type=publicacoesdom&#038;p=17747"},"modified":"2023-03-27T16:42:31","modified_gmt":"2023-03-27T19:42:31","slug":"extrato-termo-de-adjudicacao-tomada-de-precos-n-o-002-2023-processo-administrativo-n-o-202302025-2023-cpl-pmma","status":"publish","type":"publicacoesdom","link":"https:\/\/magalhaesdealmeida.ma.gov.br\/transparencia\/publicacoesdom\/extrato-termo-de-adjudicacao-tomada-de-precos-n-o-002-2023-processo-administrativo-n-o-202302025-2023-cpl-pmma\/","title":{"rendered":"EXTRATO TERMO DE ADJUDICA\u00c7\u00c3O &#8211; TOMADA DE PRE\u00c7OS N.\u00ba 002\/2023 &#8211; PROCESSO ADMINISTRATIVO N.\u00ba 202302025\/2023 &#8211; CPL &#8211; PMMA"},"content":{"rendered":"<p><strong>OBJETO: <\/strong>CONTRATA\u00c7\u00c3O DE EMPRESA PARA EXECU\u00c7\u00c3O DOS SERVI\u00c7OS DE CONSTRU\u00c7\u00c3O DE UM CENTRO ESPORTIVO NOS POVOADOS: MELANCIAS E VARGEM GRANDE NO MUNIC\u00cdPIO DE\u00a0 MAGALH\u00c3ES DE ALMEIDA\/MA. <strong>DOTA\u00c7\u00c3O OR\u00c7AMENTARIA<\/strong>: 27.813.0770.1007.0000 &#8211; CONSTRU\u00c7\u00c3O E AMPLIA\u00c7\u00c3O DE INSTALA\u00c7\u00d5ES DESPORTIVAS \u2013 44.90.51.00 &#8211; OBRAS E INSTALA\u00c7\u00d5ES. <strong>CONSIDERANDO A REGULARIDADE DO PROCEDIMENTO, HEI POR BEM, COM BASE NO INC. VI, DO ART. 43, DA LEI FEDERAL N\u00ba 8.666\/93, ADJUDICAR OS ITENS DOS LOTES LICITADOS, A EMPRESA: <\/strong>DAVID ALVES DE ARAUJO EIRELI \/ME &#8211; ARA\u00daJO &amp; ARA\u00daJO CONSTRUTORA. Endere\u00e7o: Rua: Francisco Jos\u00e9 Pereira, N.\u00b0 293, Centro, Coivaras\/PI CEP: 64.335- 000. CNPJ: 25.186.162\/0001-97, como representante o Sr. David Alves de Ara\u00fajo. RG: 2. 038. 799. SSP\/PI. CPF: 992.798.193- 72. \u00a0 <strong>VALOR TOTAL<\/strong>: R$ 1.652.744,66 (Um milh\u00e3o, seiscentos e cinquenta e dois mil setecentos e quarenta e quatro reais e sessenta e seis centavos).<br \/>\nPREFEITURA MUNICIPAL DE MAGALH\u00c3ES DE ALMEIDA\/MA, 22 DE MAR\u00c7O DE 2023. FRANCIEL PESSOA DA SILVA, PREGOEIRO OFICIAL.<\/p>\n","protected":false},"author":4,"template":"","class_list":["post-17747","publicacoesdom","type-publicacoesdom","status-publish","hentry"],"acf":{"tipo_de_publicacao_diario":"1","e_retificacao":"1","origem_do_diario":"Poder Executivo","codigo_verificador":"4ba15d0441b390a9a60da06a5a69558ca6c7712f"},"_links":{"self":[{"href":"https:\/\/magalhaesdealmeida.ma.gov.br\/transparencia\/wp-json\/wp\/v2\/publicacoesdom\/17747","targetHints":{"allow":["GET"]}}],"collection":[{"href":"https:\/\/magalhaesdealmeida.ma.gov.br\/transparencia\/wp-json\/wp\/v2\/publicacoesdom"}],"about":[{"href":"https:\/\/magalhaesdealmeida.ma.gov.br\/transparencia\/wp-json\/wp\/v2\/types\/publicacoesdom"}],"author":[{"embeddable":true,"href":"https:\/\/magalhaesdealmeida.ma.gov.br\/transparencia\/wp-json\/wp\/v2\/users\/4"}],"wp:attachment":[{"href":"https:\/\/magalhaesdealmeida.ma.gov.br\/transparencia\/wp-json\/wp\/v2\/media?parent=17747"}],"curies":[{"name":"wp","href":"https:\/\/api.w.org\/{rel}","templated":true}]}}

EXTRATO TERMO DE ADJUDICAÇÃO &#8211; TOMADA DE PREÇOS N.º 002/2023 &#8211; PROCESSO ADMINISTRATIVO N.º 202302025/2023 &#8211; CPL &#8211; PMMA

<p><strong>OBJETO: </strong>CONTRATAÇÃO DE EMPRESA PARA EXECUÇÃO DOS SERVIÇOS DE CONSTRUÇÃO DE UM CENTRO ESPORTIVO NOS POVOADOS: MELANCIAS E VARGEM GRANDE NO MUNICÍPIO DE  MAGALHÃES DE ALMEIDA/MA. <strong>DOTAÇÃO ORÇAMENTARIA</strong>: 27.813.0770.1007.0000 &#8211; CONSTRUÇÃO E AMPLIAÇÃO DE INSTALAÇÕES DESPORTIVAS – 44.90.51.00 &#8211; OBRAS E INSTALAÇÕES. <strong>CONSIDERANDO A REGULARIDADE DO PROCEDIMENTO, HEI POR BEM, COM BASE NO INC. VI, DO ART. 43, DA LEI FEDERAL Nº 8.666/93, ADJUDICAR OS ITENS DOS LOTES LICITADOS, A EMPRESA: </strong>DAVID ALVES DE ARAUJO EIRELI /ME &#8211; ARAÚJO &amp; ARAÚJO CONSTRUTORA. Endereço: Rua: Francisco José Pereira, N.° 293, Centro, Coivaras/PI CEP: 64.335- 000. CNPJ: 25.186.162/0001-97, como representante o Sr. David Alves de Araújo. RG: 2. 038. 799. SSP/PI. CPF: 992.798.193- 72.   <strong>VALOR TOTAL</strong>: R$ 1.652.744,66 (Um milhão, seiscentos e cinquenta e dois mil setecentos e quarenta e quatro reais e sessenta e seis centavos).<br />
PREFEITURA MUNICIPAL DE MAGALHÃES DE ALMEIDA/MA, 22 DE MARÇO DE 2023. FRANCIEL PESSOA DA SILVA, PREGOEIRO OFICIAL.</p>
