{"id":17910,"date":"2023-04-24T10:53:28","date_gmt":"2023-04-24T13:53:28","guid":{"rendered":"https:\/\/magalhaesdealmeida.ma.gov.br\/transparencia\/?post_type=publicacoesdom&#038;p=17910"},"modified":"2023-04-24T11:09:53","modified_gmt":"2023-04-24T14:09:53","slug":"extrato-de-termo-aditivo-ao-contrato-n-20222403001-2022-processo-administrativo-n-2022018-cpl-pregao-eletronico-n-o-015-2022-aditivo-de-prazo-n-o-001-2023","status":"publish","type":"publicacoesdom","link":"https:\/\/magalhaesdealmeida.ma.gov.br\/transparencia\/publicacoesdom\/extrato-de-termo-aditivo-ao-contrato-n-20222403001-2022-processo-administrativo-n-2022018-cpl-pregao-eletronico-n-o-015-2022-aditivo-de-prazo-n-o-001-2023\/","title":{"rendered":"EXTRATO DE TERMO ADITIVO AO CONTRATO N.\u00b0 20222403001\/2022 &#8211; PROCESSO ADMINISTRATIVO N.\u00b0 2022018 &#8211; CPL &#8211; PREG\u00c3O ELETR\u00d4NICO N.\u00ba 015\/2022 &#8211; ADITIVO DE PRAZO N.\u00ba 001\/2023"},"content":{"rendered":"<p><strong>EXTRATO DE TERMO ADITIVO AO CONTRATO N.\u00b0 20222403001\/2022 &#8211; PROCESSO ADMINISTRATIVO N.\u00b0 2022018 &#8211; CPL. PREG\u00c3O ELETR\u00d4NICO N.\u00ba 015\/2022 &#8211; ADITIVO DE PRAZO N.\u00ba 001\/2023. OBJETO<\/strong>: Aditamento de prazo para <strong>SERVI\u00c7OS DE MANUTEN\u00c7\u00c3O PREVENTIVA E CORRETIVA DOS PO\u00c7OS ARTESIANOS DO MUNIC\u00cdPIO DE MAGALH\u00c3ES DE ALMEIDA\/MA. CONTRATADA<\/strong>: CASTRO CONSTRU\u00c7\u00d5ES E SERVI\u00c7OS EIRELI &#8211; A J CONSTRU\u00c7\u00d5ES &amp; SERVI\u00c7OS, endere\u00e7o \u00e1 Rua Francisco Florindo, n.\u00b0 506, Centro &#8211; Magalh\u00e3es de Almeida\/MA. CNPJ N.\u00b0 01.217.167\/0001 &#8211; 71. <strong>REPRESENTANTE LEGAL<\/strong>: Antonio Jos\u00e9 Silva Castro, CPF: 270.061.743-68 RG: 40675182 SSP\/CE. <strong>VIG\u00caNCIA<\/strong>: 31\/12\/2023. <strong>VALOR: R$ 83.700,00 (oitenta e tr\u00eas mil e setecentos reais) valor global R$ 753.300,00 (setecentos e cinquenta e tr\u00eas mil e trezentos reais). DOTA\u00c7\u00c3O OR\u00c7AMENTARIA<\/strong>: 17.512.0570.2049.0000 &#8211; MANUTEN\u00c7\u00c3O DO SISTEMA DE ABASTECIMENTO D\u00c1GUA. 33.90.39 &#8211; OUTROS SERVI\u00c7OS DE TERCEIROS PESSOA JUR\u00cdDICA. <strong>FUND. LEGAL<\/strong>: Conforme artigo 57, inciso I, da Lei n.\u00ba 8.666\/93, e suas altera\u00e7\u00f5es, ou qualquer outra Lei de Licita\u00e7\u00f5es que entrar em vigor no decorrer desse contrato. <strong>AUTORIZA\u00c7\u00c3O\/ASSINATURA<\/strong>: Francisco de Assis Arag\u00e3o. <strong>DATA ASSINATURA<\/strong>: 23\/03\/2023.<\/p>\n","protected":false},"author":4,"template":"","class_list":["post-17910","publicacoesdom","type-publicacoesdom","status-publish","hentry"],"acf":{"tipo_de_publicacao_diario":"28","e_retificacao":"1","origem_do_diario":"Poder Executivo","codigo_verificador":"e2c6bb867cb16dd94fbed6a1210e28eaecb94163"},"_links":{"self":[{"href":"https:\/\/magalhaesdealmeida.ma.gov.br\/transparencia\/wp-json\/wp\/v2\/publicacoesdom\/17910","targetHints":{"allow":["GET"]}}],"collection":[{"href":"https:\/\/magalhaesdealmeida.ma.gov.br\/transparencia\/wp-json\/wp\/v2\/publicacoesdom"}],"about":[{"href":"https:\/\/magalhaesdealmeida.ma.gov.br\/transparencia\/wp-json\/wp\/v2\/types\/publicacoesdom"}],"author":[{"embeddable":true,"href":"https:\/\/magalhaesdealmeida.ma.gov.br\/transparencia\/wp-json\/wp\/v2\/users\/4"}],"wp:attachment":[{"href":"https:\/\/magalhaesdealmeida.ma.gov.br\/transparencia\/wp-json\/wp\/v2\/media?parent=17910"}],"curies":[{"name":"wp","href":"https:\/\/api.w.org\/{rel}","templated":true}]}}

EXTRATO DE TERMO ADITIVO AO CONTRATO N.° 20222403001/2022 &#8211; PROCESSO ADMINISTRATIVO N.° 2022018 &#8211; CPL &#8211; PREGÃO ELETRÔNICO N.º 015/2022 &#8211; ADITIVO DE PRAZO N.º 001/2023

<p><strong>EXTRATO DE TERMO ADITIVO AO CONTRATO N.° 20222403001/2022 &#8211; PROCESSO ADMINISTRATIVO N.° 2022018 &#8211; CPL. PREGÃO ELETRÔNICO N.º 015/2022 &#8211; ADITIVO DE PRAZO N.º 001/2023. OBJETO</strong>: Aditamento de prazo para <strong>SERVIÇOS DE MANUTENÇÃO PREVENTIVA E CORRETIVA DOS POÇOS ARTESIANOS DO MUNICÍPIO DE MAGALHÃES DE ALMEIDA/MA. CONTRATADA</strong>: CASTRO CONSTRUÇÕES E SERVIÇOS EIRELI &#8211; A J CONSTRUÇÕES &amp; SERVIÇOS, endereço á Rua Francisco Florindo, n.° 506, Centro &#8211; Magalhães de Almeida/MA. CNPJ N.° 01.217.167/0001 &#8211; 71. <strong>REPRESENTANTE LEGAL</strong>: Antonio José Silva Castro, CPF: 270.061.743-68 RG: 40675182 SSP/CE. <strong>VIGÊNCIA</strong>: 31/12/2023. <strong>VALOR: R$ 83.700,00 (oitenta e três mil e setecentos reais) valor global R$ 753.300,00 (setecentos e cinquenta e três mil e trezentos reais). DOTAÇÃO ORÇAMENTARIA</strong>: 17.512.0570.2049.0000 &#8211; MANUTENÇÃO DO SISTEMA DE ABASTECIMENTO DÁGUA. 33.90.39 &#8211; OUTROS SERVIÇOS DE TERCEIROS PESSOA JURÍDICA. <strong>FUND. LEGAL</strong>: Conforme artigo 57, inciso I, da Lei n.º 8.666/93, e suas alterações, ou qualquer outra Lei de Licitações que entrar em vigor no decorrer desse contrato. <strong>AUTORIZAÇÃO/ASSINATURA</strong>: Francisco de Assis Aragão. <strong>DATA ASSINATURA</strong>: 23/03/2023.</p>
