{"id":17920,"date":"2023-04-25T10:48:39","date_gmt":"2023-04-25T13:48:39","guid":{"rendered":"https:\/\/magalhaesdealmeida.ma.gov.br\/transparencia\/?post_type=publicacoesdom&#038;p=17920"},"modified":"2023-04-25T10:48:39","modified_gmt":"2023-04-25T13:48:39","slug":"oficio-gabin-079-2023","status":"publish","type":"publicacoesdom","link":"https:\/\/magalhaesdealmeida.ma.gov.br\/transparencia\/publicacoesdom\/oficio-gabin-079-2023\/","title":{"rendered":"OF\u00cdCIO GABIN 079\/2023"},"content":{"rendered":"<p>Em, 19 de Abril De 2023<br \/>\nA sua Senhoria,<br \/>\nJO\u00c3O ARI DE VASCONCELOS<br \/>\nMD Secretario M. de Administra\u00e7\u00e3o<br \/>\nNESTA<br \/>\n<strong><u>Assunto: Composi\u00e7\u00e3o da Comiss\u00e3o do Processo Administrativo Disciplinar<br \/>\n<\/u><\/strong>Excelent\u00edssimo Sr. Secretario, Cumprimentando-o Cordialmente, O SENHOR PREFEITO MUNICIPAL\u00a0 DE MAGALH\u00c3ES DE ALMEIDA, vem Mui respeitosamente, perante Vossa Excel\u00eancia, nos termos do art. 123 da lei 236\/1998, para apresentar os servidores Publico Municipal que Ir\u00e3o compor a Comiss\u00e3o do Processo Administrativo Disciplinar que objetiva a apura\u00e7\u00e3o de infra\u00e7\u00e3o funcional praticada no exerc\u00edcio de suas atribui\u00e7\u00f5es pela servidora <strong><u>AMELIA DE SOUSA PORTELA PERES, <\/u>Auxiliar Operacional de Servi\u00e7os Diversos \u2013 AOSD,<\/strong> lotada na Secretaria Municipal de Educa\u00e7\u00e3o, Ci\u00eancia, Tecnologia e Inova\u00e7\u00e3o &#8211; Creche Leny Gomes.<br \/>\nPortanto Compor\u00e3o a Comiss\u00e3o do Processo Administrativo Disciplinar os seguintes servidores: Franciel Pessoa da Silva (Matr. 1665), Maria Tamires Freitas Silva (Matr. 1666), Nilton Oliveira Rebelo (Matr. 1041), Sendo o primeiro indicado a presidir a presente Comiss\u00e3o.<br \/>\nAdemais, coloco-me a Vossa disposi\u00e7\u00e3o para quaisquer esclarecimentos que sejam necess\u00e1rios.<br \/>\nAtenciosamente, Raimundo Nonato de Carvalho, PREFEITO MUNICIPAL DE MAGALH\u00c3ES DE ALMEIDA.<\/p>\n","protected":false},"author":4,"template":"","class_list":["post-17920","publicacoesdom","type-publicacoesdom","status-publish","hentry"],"acf":{"tipo_de_publicacao_diario":"64","e_retificacao":"1","origem_do_diario":"Poder Executivo","codigo_verificador":"eda1b743b456550bb54af55d8656ed6266a198c7"},"_links":{"self":[{"href":"https:\/\/magalhaesdealmeida.ma.gov.br\/transparencia\/wp-json\/wp\/v2\/publicacoesdom\/17920","targetHints":{"allow":["GET"]}}],"collection":[{"href":"https:\/\/magalhaesdealmeida.ma.gov.br\/transparencia\/wp-json\/wp\/v2\/publicacoesdom"}],"about":[{"href":"https:\/\/magalhaesdealmeida.ma.gov.br\/transparencia\/wp-json\/wp\/v2\/types\/publicacoesdom"}],"author":[{"embeddable":true,"href":"https:\/\/magalhaesdealmeida.ma.gov.br\/transparencia\/wp-json\/wp\/v2\/users\/4"}],"wp:attachment":[{"href":"https:\/\/magalhaesdealmeida.ma.gov.br\/transparencia\/wp-json\/wp\/v2\/media?parent=17920"}],"curies":[{"name":"wp","href":"https:\/\/api.w.org\/{rel}","templated":true}]}}

OFÍCIO GABIN 079/2023

<p>Em, 19 de Abril De 2023<br />
A sua Senhoria,<br />
JOÃO ARI DE VASCONCELOS<br />
MD Secretario M. de Administração<br />
NESTA<br />
<strong><u>Assunto: Composição da Comissão do Processo Administrativo Disciplinar<br />
</u></strong>Excelentíssimo Sr. Secretario, Cumprimentando-o Cordialmente, O SENHOR PREFEITO MUNICIPAL  DE MAGALHÃES DE ALMEIDA, vem Mui respeitosamente, perante Vossa Excelência, nos termos do art. 123 da lei 236/1998, para apresentar os servidores Publico Municipal que Irão compor a Comissão do Processo Administrativo Disciplinar que objetiva a apuração de infração funcional praticada no exercício de suas atribuições pela servidora <strong><u>AMELIA DE SOUSA PORTELA PERES, </u>Auxiliar Operacional de Serviços Diversos – AOSD,</strong> lotada na Secretaria Municipal de Educação, Ciência, Tecnologia e Inovação &#8211; Creche Leny Gomes.<br />
Portanto Comporão a Comissão do Processo Administrativo Disciplinar os seguintes servidores: Franciel Pessoa da Silva (Matr. 1665), Maria Tamires Freitas Silva (Matr. 1666), Nilton Oliveira Rebelo (Matr. 1041), Sendo o primeiro indicado a presidir a presente Comissão.<br />
Ademais, coloco-me a Vossa disposição para quaisquer esclarecimentos que sejam necessários.<br />
Atenciosamente, Raimundo Nonato de Carvalho, PREFEITO MUNICIPAL DE MAGALHÃES DE ALMEIDA.</p>
