{"id":17995,"date":"2023-05-09T11:36:27","date_gmt":"2023-05-09T14:36:27","guid":{"rendered":"https:\/\/magalhaesdealmeida.ma.gov.br\/transparencia\/?post_type=publicacoesdom&#038;p=17995"},"modified":"2023-05-09T11:36:27","modified_gmt":"2023-05-09T14:36:27","slug":"pregao-eletronico-n-o-022-2023","status":"publish","type":"publicacoesdom","link":"https:\/\/magalhaesdealmeida.ma.gov.br\/transparencia\/publicacoesdom\/pregao-eletronico-n-o-022-2023\/","title":{"rendered":"PREG\u00c3O ELETR\u00d4NICO N.\u00ba 022\/2023"},"content":{"rendered":"<p><strong>AVISO DE LICITA\u00c7\u00c3O.<br \/>\n<\/strong>O Pregoeiro Oficial da Prefeitura Municipal de <strong>MAGALH\u00c3ES DE ALMEIDA,<\/strong> Estado do Maranh\u00e3o, torna p\u00fablico, para conhecimento dos interessados que far\u00e1 realizar, sob a \u00e9gide da Lei n.\u00ba 10.520\/02, Decreto n.\u00ba 10.024\/19 e subsidiariamente as disposi\u00e7\u00f5es da Lei n.\u00ba 8.666\/93 e suas altera\u00e7\u00f5es posteriores, licita\u00e7\u00e3o na modalidade Preg\u00e3o Eletr\u00f4nico do tipo menor pre\u00e7o global para <strong>contrata\u00e7\u00e3o de empresa para execu\u00e7\u00e3o dos servi\u00e7os de readequa\u00e7\u00e3o de postos de sa\u00fade no munic\u00edpio de Magalh\u00e3es de Almeida\/MA,<\/strong> o certame se realizar\u00e1 no dia 23 de maio de 2023, \u00e1s 11:00 horas (hor\u00e1rio de Bras\u00edlia), atrav\u00e9s do uso de recursos da tecnologia da informa\u00e7\u00e3o, site https:\/\/www.comprasbr.com.br, sendo presidida pelo Pregoeiro desta Prefeitura Municipal, na sala da Comiss\u00e3o Permanente de Licita\u00e7\u00e3o, situada na Rua Manoel Pires de Castro, 279 Centro, Magalh\u00e3es de Almeida\/MA. O edital e seus anexos encontram-se dispon\u00edveis na p\u00e1gina web do Portal de comprasbr &#8211; endere\u00e7o https:\/\/www.comprasbr.com.br. Esclarecimentos adicionais no mesmo endere\u00e7o e\/ou pelo telefone (98) 3483 &#8211; 1122, das 08:00 as 12:00hs.<br \/>\nMAGALH\u00c3ES DE ALMEIDA\/MA, 03 DE MAIO 2023. Franciel Pessoa da Silva, Pregoeiro Municipal.<\/p>\n","protected":false},"author":4,"template":"","class_list":["post-17995","publicacoesdom","type-publicacoesdom","status-publish","hentry"],"acf":{"tipo_de_publicacao_diario":"11","e_retificacao":"1","origem_do_diario":"Poder Executivo","codigo_verificador":"795740c8fe8889673d67adddd818f286f55bb95e"},"_links":{"self":[{"href":"https:\/\/magalhaesdealmeida.ma.gov.br\/transparencia\/wp-json\/wp\/v2\/publicacoesdom\/17995","targetHints":{"allow":["GET"]}}],"collection":[{"href":"https:\/\/magalhaesdealmeida.ma.gov.br\/transparencia\/wp-json\/wp\/v2\/publicacoesdom"}],"about":[{"href":"https:\/\/magalhaesdealmeida.ma.gov.br\/transparencia\/wp-json\/wp\/v2\/types\/publicacoesdom"}],"author":[{"embeddable":true,"href":"https:\/\/magalhaesdealmeida.ma.gov.br\/transparencia\/wp-json\/wp\/v2\/users\/4"}],"wp:attachment":[{"href":"https:\/\/magalhaesdealmeida.ma.gov.br\/transparencia\/wp-json\/wp\/v2\/media?parent=17995"}],"curies":[{"name":"wp","href":"https:\/\/api.w.org\/{rel}","templated":true}]}}

PREGÃO ELETRÔNICO N.º 022/2023

<p><strong>AVISO DE LICITAÇÃO.<br />
</strong>O Pregoeiro Oficial da Prefeitura Municipal de <strong>MAGALHÃES DE ALMEIDA,</strong> Estado do Maranhão, torna público, para conhecimento dos interessados que fará realizar, sob a égide da Lei n.º 10.520/02, Decreto n.º 10.024/19 e subsidiariamente as disposições da Lei n.º 8.666/93 e suas alterações posteriores, licitação na modalidade Pregão Eletrônico do tipo menor preço global para <strong>contratação de empresa para execução dos serviços de readequação de postos de saúde no município de Magalhães de Almeida/MA,</strong> o certame se realizará no dia 23 de maio de 2023, ás 11:00 horas (horário de Brasília), através do uso de recursos da tecnologia da informação, site https://www.comprasbr.com.br, sendo presidida pelo Pregoeiro desta Prefeitura Municipal, na sala da Comissão Permanente de Licitação, situada na Rua Manoel Pires de Castro, 279 Centro, Magalhães de Almeida/MA. O edital e seus anexos encontram-se disponíveis na página web do Portal de comprasbr &#8211; endereço https://www.comprasbr.com.br. Esclarecimentos adicionais no mesmo endereço e/ou pelo telefone (98) 3483 &#8211; 1122, das 08:00 as 12:00hs.<br />
MAGALHÃES DE ALMEIDA/MA, 03 DE MAIO 2023. Franciel Pessoa da Silva, Pregoeiro Municipal.</p>
