{"id":18135,"date":"2023-06-01T16:32:47","date_gmt":"2023-06-01T19:32:47","guid":{"rendered":"https:\/\/magalhaesdealmeida.ma.gov.br\/transparencia\/?post_type=publicacoesdom&#038;p=18135"},"modified":"2023-06-01T16:32:47","modified_gmt":"2023-06-01T19:32:47","slug":"portaria-n-o-097-2023-semecti","status":"publish","type":"publicacoesdom","link":"https:\/\/magalhaesdealmeida.ma.gov.br\/transparencia\/publicacoesdom\/portaria-n-o-097-2023-semecti\/","title":{"rendered":"PORTARIA N.\u00ba 097\/2023 &#8211; SEMECTI"},"content":{"rendered":"<p><strong>\u201cDISP\u00d5E SOBRE A CONCESS\u00c3O DE LICEN\u00c7A PR\u00caMIO A SERVIDOR OCUPANTE DE CARGO DE PROVIMENTO EFETIVO DA SECRETARIA MUNICIPAL DE EDUCA\u00c7\u00c3O DE MAGALH\u00c3ES DE ALMEIDA-MA\u201d.<br \/>\n<\/strong>O Sr. Ma\u00e9lio C\u00e9sar Freitas dos Santos, Secret\u00e1rio Municipal de Educa\u00e7\u00e3o do Munic\u00edpio de Magalh\u00e3es de Almeida, Estado do Maranh\u00e3o, no uso de suas atribui\u00e7\u00f5es legais previstas na lei Org\u00e2nica do munic\u00edpio e, Regime Jur\u00eddico \u00danico do Munic\u00edpio, <strong>RESOLVE:<br \/>\n<\/strong><strong>Art. 1\u00ba<\/strong> Conceder Licen\u00e7a Pr\u00eamio a servidora Joana Maria Rocha da Costa, ocupante de cargo de Auxiliar Operacional de Servi\u00e7os Diversos &#8211; AOSD, do quadro de provimento efetivo da Secretaria Municipal de Educa\u00e7\u00e3o, de acordo com o art.\u00ba 70 da lei n\u00b0 236\/98, Regime Jur\u00eddico \u00danico.<br \/>\n<strong>Par\u00e1grafo \u2013 \u00danico:<\/strong> A Licen\u00e7a Pr\u00eamio refere-se ao per\u00edodo de aquisi\u00e7\u00e3o do m\u00eas de JUNHO de 2023, que ser\u00e1 gozada do dia 01 de junho de 2023 ao dia 30 de junho de 2023, voltando dia 03 de julho de 2023.<br \/>\n<strong>Art. 2\u00ba<\/strong> Esta Portaria entra em vigor na data de sua publica\u00e7\u00e3o.<br \/>\nRegistra-se e publique-se. Magalh\u00e3es de Almeida &#8211; MA, 01 de junho de 2023. MA\u00c9LIO C\u00c9SAR FREITAS DOS SANTOS, SECRET\u00c1RIO MUNICIPAL DE EDUCA\u00c7\u00c3O.<\/p>\n","protected":false},"author":4,"template":"","class_list":["post-18135","publicacoesdom","type-publicacoesdom","status-publish","hentry"],"acf":{"tipo_de_publicacao_diario":"41","e_retificacao":"1","origem_do_diario":"Poder Executivo","codigo_verificador":"ae825b3530052231310cd8fe74d19e0f60977760"},"_links":{"self":[{"href":"https:\/\/magalhaesdealmeida.ma.gov.br\/transparencia\/wp-json\/wp\/v2\/publicacoesdom\/18135","targetHints":{"allow":["GET"]}}],"collection":[{"href":"https:\/\/magalhaesdealmeida.ma.gov.br\/transparencia\/wp-json\/wp\/v2\/publicacoesdom"}],"about":[{"href":"https:\/\/magalhaesdealmeida.ma.gov.br\/transparencia\/wp-json\/wp\/v2\/types\/publicacoesdom"}],"author":[{"embeddable":true,"href":"https:\/\/magalhaesdealmeida.ma.gov.br\/transparencia\/wp-json\/wp\/v2\/users\/4"}],"wp:attachment":[{"href":"https:\/\/magalhaesdealmeida.ma.gov.br\/transparencia\/wp-json\/wp\/v2\/media?parent=18135"}],"curies":[{"name":"wp","href":"https:\/\/api.w.org\/{rel}","templated":true}]}}

PORTARIA N.º 097/2023 &#8211; SEMECTI

<p><strong>“DISPÕE SOBRE A CONCESSÃO DE LICENÇA PRÊMIO A SERVIDOR OCUPANTE DE CARGO DE PROVIMENTO EFETIVO DA SECRETARIA MUNICIPAL DE EDUCAÇÃO DE MAGALHÃES DE ALMEIDA-MA”.<br />
</strong>O Sr. Maélio César Freitas dos Santos, Secretário Municipal de Educação do Município de Magalhães de Almeida, Estado do Maranhão, no uso de suas atribuições legais previstas na lei Orgânica do município e, Regime Jurídico Único do Município, <strong>RESOLVE:<br />
</strong><strong>Art. 1º</strong> Conceder Licença Prêmio a servidora Joana Maria Rocha da Costa, ocupante de cargo de Auxiliar Operacional de Serviços Diversos &#8211; AOSD, do quadro de provimento efetivo da Secretaria Municipal de Educação, de acordo com o art.º 70 da lei n° 236/98, Regime Jurídico Único.<br />
<strong>Parágrafo – Único:</strong> A Licença Prêmio refere-se ao período de aquisição do mês de JUNHO de 2023, que será gozada do dia 01 de junho de 2023 ao dia 30 de junho de 2023, voltando dia 03 de julho de 2023.<br />
<strong>Art. 2º</strong> Esta Portaria entra em vigor na data de sua publicação.<br />
Registra-se e publique-se. Magalhães de Almeida &#8211; MA, 01 de junho de 2023. MAÉLIO CÉSAR FREITAS DOS SANTOS, SECRETÁRIO MUNICIPAL DE EDUCAÇÃO.</p>
