{"id":18258,"date":"2023-06-19T10:14:25","date_gmt":"2023-06-19T13:14:25","guid":{"rendered":"https:\/\/magalhaesdealmeida.ma.gov.br\/transparencia\/?post_type=publicacoesdom&#038;p=18258"},"modified":"2023-06-19T10:14:25","modified_gmt":"2023-06-19T13:14:25","slug":"portaria-n-o-032-2023-gab","status":"publish","type":"publicacoesdom","link":"https:\/\/magalhaesdealmeida.ma.gov.br\/transparencia\/publicacoesdom\/portaria-n-o-032-2023-gab\/","title":{"rendered":"PORTARIA N.\u00ba 032\/2023 &#8211; GAB"},"content":{"rendered":"<p>O PREFEITO MUNICIPAL DE MAGALH\u00c3ES DE ALMEIDA, ESTADO DO MARANH\u00c3O, NO USO DE SUAS ATRIBUI\u00c7\u00d5ES LEGAIS E CONSIDERANDO OS DISPOSITIVOS DA LEI N.\u00ba 265 DE 03 DE NOVEMBRO DE 1999, <strong>RESOLVE:<br \/>\n<\/strong><strong>Art. 1\u00ba &#8211;<\/strong> Nomear os membros do Conselho Municipal de Educa\u00e7\u00e3o \u2013 CME, para o quadri\u00eanio 2023\/2026 com a seguinte composi\u00e7\u00e3o:<br \/>\n<strong>I \u2013 Representantes da Secretaria Municipal de Educa\u00e7\u00e3o;<br \/>\n<\/strong><\/p>\n<ul>\n<li><strong>Titular:<\/strong> Maria de F\u00e1tima Silva Sousa<\/li>\n<li><strong>Suplente:<\/strong> Maercio Sousa Silva<\/li>\n<\/ul>\n<p><strong>II &#8211; Representante dos Professores;<\/strong><\/p>\n<ul>\n<li><strong>Titular:<\/strong> Rejane de Jesus Carvalho Tito<\/li>\n<li><strong>Suplente:<\/strong> Simone Maria Garc\u00eas Santos<\/li>\n<\/ul>\n<p><strong>III &#8211; Representante das organiza\u00e7\u00f5es n\u00e3o-governamentais (ONGs), conveniada com a Secretaria Municipal de Educa\u00e7\u00e3o (SME);<\/strong><\/p>\n<ul>\n<li><strong>Titular:<\/strong> Overlande Marques da Costa<\/li>\n<li><strong>Suplente:<\/strong> Joc\u00e1ssia Braga dos Santos<\/li>\n<\/ul>\n<p><strong>IV &#8211; Representante de pais vinculados Sistema Municipal de Ensino;<\/strong><\/p>\n<ul>\n<li><strong>Titular:<\/strong> Antonio Carlos Alves Lima<\/li>\n<li><strong>Suplente:<\/strong> Claude S\u00e9rgio da Silva<\/li>\n<\/ul>\n<p><strong>V &#8211; Representante de institui\u00e7\u00f5es vinculadas as pessoas com defici\u00eancia, com sede no Munic\u00edpio;<\/strong><\/p>\n<ul>\n<li><strong>Titular:<\/strong> In\u00e1ria Carvalho Nunes Ara\u00fajo<\/li>\n<li><strong>Suplente:<\/strong> Valdelene Soares da Silva<\/li>\n<\/ul>\n<p><strong>VI \u2013 Representantes do Conselho Tutelar de Magalh\u00e3es; <\/strong><\/p>\n<ul>\n<li><strong>Titular:<\/strong> Marcos Fernandes de Almeida Filho<\/li>\n<li><strong>Suplente:<\/strong> Samara Carvalho Damasceno<\/li>\n<\/ul>\n<p><strong>Art. 2\u00ba &#8211;<\/strong> Este Ato entra em vigor a partir desta data, revogamos as disposi\u00e7\u00f5es em contr\u00e1rio.<br \/>\nGabinete do Prefeito Municipal de Magalh\u00e3es de Almeida\/MA, em 16 de junho de 2023. Raimundo Nonato Carvalho, Prefeito Municipal de Magalh\u00e3es de Almeida\/MA.<\/p>\n","protected":false},"author":4,"template":"","class_list":["post-18258","publicacoesdom","type-publicacoesdom","status-publish","hentry"],"acf":{"tipo_de_publicacao_diario":"41","e_retificacao":"1","origem_do_diario":"Poder Executivo","codigo_verificador":"b459a84b927cebd018150f98ca2f425f7c4ffc54"},"_links":{"self":[{"href":"https:\/\/magalhaesdealmeida.ma.gov.br\/transparencia\/wp-json\/wp\/v2\/publicacoesdom\/18258","targetHints":{"allow":["GET"]}}],"collection":[{"href":"https:\/\/magalhaesdealmeida.ma.gov.br\/transparencia\/wp-json\/wp\/v2\/publicacoesdom"}],"about":[{"href":"https:\/\/magalhaesdealmeida.ma.gov.br\/transparencia\/wp-json\/wp\/v2\/types\/publicacoesdom"}],"author":[{"embeddable":true,"href":"https:\/\/magalhaesdealmeida.ma.gov.br\/transparencia\/wp-json\/wp\/v2\/users\/4"}],"wp:attachment":[{"href":"https:\/\/magalhaesdealmeida.ma.gov.br\/transparencia\/wp-json\/wp\/v2\/media?parent=18258"}],"curies":[{"name":"wp","href":"https:\/\/api.w.org\/{rel}","templated":true}]}}

PORTARIA N.º 032/2023 &#8211; GAB

<p>O PREFEITO MUNICIPAL DE MAGALHÃES DE ALMEIDA, ESTADO DO MARANHÃO, NO USO DE SUAS ATRIBUIÇÕES LEGAIS E CONSIDERANDO OS DISPOSITIVOS DA LEI N.º 265 DE 03 DE NOVEMBRO DE 1999, <strong>RESOLVE:<br />
</strong><strong>Art. 1º &#8211;</strong> Nomear os membros do Conselho Municipal de Educação – CME, para o quadriênio 2023/2026 com a seguinte composição:<br />
<strong>I – Representantes da Secretaria Municipal de Educação;<br />
</strong></p>
<ul>
<li><strong>Titular:</strong> Maria de Fátima Silva Sousa</li>
<li><strong>Suplente:</strong> Maercio Sousa Silva</li>
</ul>
<p><strong>II &#8211; Representante dos Professores;</strong></p>
<ul>
<li><strong>Titular:</strong> Rejane de Jesus Carvalho Tito</li>
<li><strong>Suplente:</strong> Simone Maria Garcês Santos</li>
</ul>
<p><strong>III &#8211; Representante das organizações não-governamentais (ONGs), conveniada com a Secretaria Municipal de Educação (SME);</strong></p>
<ul>
<li><strong>Titular:</strong> Overlande Marques da Costa</li>
<li><strong>Suplente:</strong> Jocássia Braga dos Santos</li>
</ul>
<p><strong>IV &#8211; Representante de pais vinculados Sistema Municipal de Ensino;</strong></p>
<ul>
<li><strong>Titular:</strong> Antonio Carlos Alves Lima</li>
<li><strong>Suplente:</strong> Claude Sérgio da Silva</li>
</ul>
<p><strong>V &#8211; Representante de instituições vinculadas as pessoas com deficiência, com sede no Município;</strong></p>
<ul>
<li><strong>Titular:</strong> Inária Carvalho Nunes Araújo</li>
<li><strong>Suplente:</strong> Valdelene Soares da Silva</li>
</ul>
<p><strong>VI – Representantes do Conselho Tutelar de Magalhães; </strong></p>
<ul>
<li><strong>Titular:</strong> Marcos Fernandes de Almeida Filho</li>
<li><strong>Suplente:</strong> Samara Carvalho Damasceno</li>
</ul>
<p><strong>Art. 2º &#8211;</strong> Este Ato entra em vigor a partir desta data, revogamos as disposições em contrário.<br />
Gabinete do Prefeito Municipal de Magalhães de Almeida/MA, em 16 de junho de 2023. Raimundo Nonato Carvalho, Prefeito Municipal de Magalhães de Almeida/MA.</p>
