{"id":18267,"date":"2023-06-20T11:25:41","date_gmt":"2023-06-20T14:25:41","guid":{"rendered":"https:\/\/magalhaesdealmeida.ma.gov.br\/transparencia\/?post_type=publicacoesdom&#038;p=18267"},"modified":"2023-06-20T11:25:41","modified_gmt":"2023-06-20T14:25:41","slug":"portaria-n-o-112-2023-semecti","status":"publish","type":"publicacoesdom","link":"https:\/\/magalhaesdealmeida.ma.gov.br\/transparencia\/publicacoesdom\/portaria-n-o-112-2023-semecti\/","title":{"rendered":"PORTARIA N.\u00ba 112 \/2023 &#8211; SEMECTI"},"content":{"rendered":"<p><strong>Institui o Programa Municipal de Lavagem de M\u00e3os e Higiene para crian\u00e7as e adolescentes na pr\u00e9-escola e s\u00e9ries inicias do ensino fundamental.<br \/>\n<\/strong>O Secret\u00e1rio Municipal de Educa\u00e7\u00e3o, no uso das suas atribui\u00e7\u00f5es legais, resolve:<br \/>\n<strong>Art. 1\u00ba<\/strong> Instituir, no \u00e2mbito do Munic\u00edpio Magalh\u00e3es de Almeida o Programa Municipal de Lavagem de M\u00e3os e Higiene para crian\u00e7as e adolescentes na pr\u00e9-escola e s\u00e9ries iniciais do ensino fundamental.<br \/>\n<strong>Art. 2\u00ba<\/strong> A implanta\u00e7\u00e3o do Programa ser\u00e1 realizada nas escolas p\u00fablicas municipais, considerando as vulnerabilidades locais e tendo em vista a promo\u00e7\u00e3o da sa\u00fade e bem-estar social de crian\u00e7as e adolescentes.<br \/>\n<strong>Par\u00e1grafo \u00fanico.<\/strong> A implanta\u00e7\u00e3o do Programa ser\u00e1 realizada de forma escalonada, considerando metas progressivas, n\u00e3o inferiores a 10% das escolas p\u00fablicas municipais, por ano, e crit\u00e9rios t\u00e9cnicos a serem definidos pela Secretaria Municipal de Educa\u00e7\u00e3o.<br \/>\n<strong>CAP\u00cdTULO I &#8211; DAS DIRETRIZES<br \/>\n<\/strong><strong>Art. 3\u00ba<\/strong> Atua\u00e7\u00e3o articulada, de forma intersetorial, tendo em vista o desenvolvimento de estrat\u00e9gias e a\u00e7\u00f5es conjuntas entre gestores e t\u00e9cnicos municipais das \u00e1reas de educa\u00e7\u00e3o, sa\u00fade e assist\u00eancia social, incluindo o respons\u00e1vel pelo abastecimento de \u00e1gua para consumo humano, dentre outros atores locais estrat\u00e9gicos.<br \/>\n<strong>Art.4\u00ba<\/strong> Participa\u00e7\u00e3o social para o desenvolvimento do Programa, como estrat\u00e9gia para a dissemina\u00e7\u00e3o do conhecimento no \u00e2mbito da comunidade escolar e a n\u00edvel comunit\u00e1rio.<br \/>\n<strong>Art.5\u00b0<\/strong> Desenvolvimento de boas pr\u00e1ticas de higiene e limpeza no ambiente escolar, incluindo estrat\u00e9gias de comunica\u00e7\u00e3o sobre os procedimentos corretos para a lavagem de m\u00e3os e boas pr\u00e1ticas de higiene, afixados em locais estrat\u00e9gicos das escolas.<br \/>\n<strong>Art.6\u00ba<\/strong> O ambiente escolar deve estar dotado de pias com \u00e1gua pot\u00e1vel e sab\u00e3o para o desenvolvimento de atividades coletivas de lavagem de m\u00e3os, com frequ\u00eancia m\u00ednima semanal.<br \/>\n<strong>Art.7\u00b0<\/strong> O fornecimento de \u00e1gua pot\u00e1vel deve ser realizado de forma cont\u00ednua, ou seja, sem interrup\u00e7\u00f5es na presta\u00e7\u00e3o deste servi\u00e7o essencial.<br \/>\n<strong>CAP\u00cdTULO II &#8211; DAS DISPOSI\u00c7\u00d5ES FINAIS E TRANSIT\u00d3RIAS:<br \/>\n<\/strong><strong>Art. 8\u00ba.<\/strong> Fica estabelecido o prazo m\u00e1ximo de 3 (tr\u00eas) meses, contados \u00e0 partir da data de publica\u00e7\u00e3o desta Portaria, para a elabora\u00e7\u00e3o do planejamento estrat\u00e9gico relacionado \u00e0 implanta\u00e7\u00e3o do referido Programa, incluindo as metas progressivas e crit\u00e9rios t\u00e9cnicos descritos no par\u00e1grafo \u00fanico do Art. 2\u00ba.<br \/>\n<strong>Art. 9\u00ba.<\/strong> Esta Portaria entra em vigor na data de sua publica\u00e7\u00e3o.<br \/>\nMagalh\u00e3es de Almeida\/MA, 14 de junho de 2023. MA\u00c9LIO CESAR FREITAS DOS SANTOS<strong>, <\/strong>Secret\u00e1rio Municipal de Educa\u00e7\u00e3o, Ci\u00eancia, Tecnologia e Inova\u00e7\u00e3o.<\/p>\n","protected":false},"author":4,"template":"","class_list":["post-18267","publicacoesdom","type-publicacoesdom","status-publish","hentry"],"acf":{"tipo_de_publicacao_diario":"41","e_retificacao":"1","origem_do_diario":"Poder Executivo","codigo_verificador":"61bad9da41b28879c3618910aa283b650f2e16f5"},"_links":{"self":[{"href":"https:\/\/magalhaesdealmeida.ma.gov.br\/transparencia\/wp-json\/wp\/v2\/publicacoesdom\/18267","targetHints":{"allow":["GET"]}}],"collection":[{"href":"https:\/\/magalhaesdealmeida.ma.gov.br\/transparencia\/wp-json\/wp\/v2\/publicacoesdom"}],"about":[{"href":"https:\/\/magalhaesdealmeida.ma.gov.br\/transparencia\/wp-json\/wp\/v2\/types\/publicacoesdom"}],"author":[{"embeddable":true,"href":"https:\/\/magalhaesdealmeida.ma.gov.br\/transparencia\/wp-json\/wp\/v2\/users\/4"}],"wp:attachment":[{"href":"https:\/\/magalhaesdealmeida.ma.gov.br\/transparencia\/wp-json\/wp\/v2\/media?parent=18267"}],"curies":[{"name":"wp","href":"https:\/\/api.w.org\/{rel}","templated":true}]}}

PORTARIA N.º 112 /2023 &#8211; SEMECTI

<p><strong>Institui o Programa Municipal de Lavagem de Mãos e Higiene para crianças e adolescentes na pré-escola e séries inicias do ensino fundamental.<br />
</strong>O Secretário Municipal de Educação, no uso das suas atribuições legais, resolve:<br />
<strong>Art. 1º</strong> Instituir, no âmbito do Município Magalhães de Almeida o Programa Municipal de Lavagem de Mãos e Higiene para crianças e adolescentes na pré-escola e séries iniciais do ensino fundamental.<br />
<strong>Art. 2º</strong> A implantação do Programa será realizada nas escolas públicas municipais, considerando as vulnerabilidades locais e tendo em vista a promoção da saúde e bem-estar social de crianças e adolescentes.<br />
<strong>Parágrafo único.</strong> A implantação do Programa será realizada de forma escalonada, considerando metas progressivas, não inferiores a 10% das escolas públicas municipais, por ano, e critérios técnicos a serem definidos pela Secretaria Municipal de Educação.<br />
<strong>CAPÍTULO I &#8211; DAS DIRETRIZES<br />
</strong><strong>Art. 3º</strong> Atuação articulada, de forma intersetorial, tendo em vista o desenvolvimento de estratégias e ações conjuntas entre gestores e técnicos municipais das áreas de educação, saúde e assistência social, incluindo o responsável pelo abastecimento de água para consumo humano, dentre outros atores locais estratégicos.<br />
<strong>Art.4º</strong> Participação social para o desenvolvimento do Programa, como estratégia para a disseminação do conhecimento no âmbito da comunidade escolar e a nível comunitário.<br />
<strong>Art.5°</strong> Desenvolvimento de boas práticas de higiene e limpeza no ambiente escolar, incluindo estratégias de comunicação sobre os procedimentos corretos para a lavagem de mãos e boas práticas de higiene, afixados em locais estratégicos das escolas.<br />
<strong>Art.6º</strong> O ambiente escolar deve estar dotado de pias com água potável e sabão para o desenvolvimento de atividades coletivas de lavagem de mãos, com frequência mínima semanal.<br />
<strong>Art.7°</strong> O fornecimento de água potável deve ser realizado de forma contínua, ou seja, sem interrupções na prestação deste serviço essencial.<br />
<strong>CAPÍTULO II &#8211; DAS DISPOSIÇÕES FINAIS E TRANSITÓRIAS:<br />
</strong><strong>Art. 8º.</strong> Fica estabelecido o prazo máximo de 3 (três) meses, contados à partir da data de publicação desta Portaria, para a elaboração do planejamento estratégico relacionado à implantação do referido Programa, incluindo as metas progressivas e critérios técnicos descritos no parágrafo único do Art. 2º.<br />
<strong>Art. 9º.</strong> Esta Portaria entra em vigor na data de sua publicação.<br />
Magalhães de Almeida/MA, 14 de junho de 2023. MAÉLIO CESAR FREITAS DOS SANTOS<strong>, </strong>Secretário Municipal de Educação, Ciência, Tecnologia e Inovação.</p>
