{"id":18368,"date":"2023-07-03T14:36:14","date_gmt":"2023-07-03T17:36:14","guid":{"rendered":"https:\/\/magalhaesdealmeida.ma.gov.br\/transparencia\/?post_type=publicacoesdom&#038;p=18368"},"modified":"2023-07-03T14:36:14","modified_gmt":"2023-07-03T17:36:14","slug":"portaria-n-001-2023-semcidh","status":"publish","type":"publicacoesdom","link":"https:\/\/magalhaesdealmeida.ma.gov.br\/transparencia\/publicacoesdom\/portaria-n-001-2023-semcidh\/","title":{"rendered":"PORTARIA N.\u00b0 001\/2023 &#8211; SEMCIDH"},"content":{"rendered":"<p><strong><u>TERMO DE <\/u><\/strong><strong><u>NOMEA\u00c7\u00c3O<br \/>\n<\/u><\/strong><strong>INSTITUE A NOMEA\u00c7\u00c3O DE ASSESSOR DE APOIO T\u00c9CNICO ADMINISTRATIVO (DAI).<br \/>\n<\/strong>O Prefeito Municipal de Magalh\u00e3es de Almeida, Estado do Maranh\u00e3o, no uso de suas atribui\u00e7\u00f5es e de conformidade com a Lei Org\u00e2nica Municipal art. 47, inciso II e art. 67, inciso VIII.<br \/>\nConsiderando o disposto no inciso II do art. 9\u00ba da Lei n.\u00ba 236 de 02 de janeiro de 1998,<br \/>\n<strong>CONSIDERANDO<\/strong> que o Decreto n.\u00ba 002\/2022 regulamentou a Lei Municipal n.\u00ba 534\/2021 de modo a possibilitar a delega\u00e7\u00e3o de compet\u00eancia aos secret\u00e1rios municipais e demais cargos equiparados para que procedam \u00e0 nomea\u00e7\u00e3o e exonera\u00e7\u00e3o dos cargos de provimento em comiss\u00e3o de seus respectivos quadros, dentro dos limites estabelecidos na Lei Municipal n.\u00ba 534\/2021, <strong>RESOLVE:<br \/>\n<\/strong><strong>Art. 1\u00ba &#8211; NOMEAR<\/strong> o Sr. <strong>BRENO <\/strong><strong>SILVA <\/strong><strong>COSTA<\/strong><strong>, <\/strong>brasileiro, solteiro, maior, capaz, portador do <strong>CPF <\/strong><strong>n\u00ba 607.700.943-17, RG 041760162011-8 SSP\/MA <\/strong>para <strong>exercer o <\/strong><strong>cargo <\/strong><strong>de <\/strong><strong>ASSESSOR <\/strong><strong>DE <\/strong><strong>APOIO <\/strong><strong>T\u00c9CNICO ADMINISTRATIVO (DAI), lotado na Secretaria Municipal de Cidadania e Direitos Humanos.<br \/>\n<\/strong><strong>Art. 2\u00b0 &#8211;<\/strong> Esta portaria entra em vigor na data de sua publica\u00e7\u00e3o. Revogadas as disposi\u00e7\u00f5es em contr\u00e1rio.<br \/>\nLeia-se, Publique-se e cumpra-se em Magalh\u00e3es de Almeida\/MA, 03 de julho de 2023. La\u00e9rcio de Carvalho Lima, Secret\u00e1rio Municipal de Cidadania e Direitos Humanos.<\/p>\n","protected":false},"author":4,"template":"","class_list":["post-18368","publicacoesdom","type-publicacoesdom","status-publish","hentry"],"acf":{"tipo_de_publicacao_diario":"36","e_retificacao":"1","origem_do_diario":"Poder Executivo","codigo_verificador":"60d11885b7cc9056e4a5f238f6e6a54e998e6d27"},"_links":{"self":[{"href":"https:\/\/magalhaesdealmeida.ma.gov.br\/transparencia\/wp-json\/wp\/v2\/publicacoesdom\/18368","targetHints":{"allow":["GET"]}}],"collection":[{"href":"https:\/\/magalhaesdealmeida.ma.gov.br\/transparencia\/wp-json\/wp\/v2\/publicacoesdom"}],"about":[{"href":"https:\/\/magalhaesdealmeida.ma.gov.br\/transparencia\/wp-json\/wp\/v2\/types\/publicacoesdom"}],"author":[{"embeddable":true,"href":"https:\/\/magalhaesdealmeida.ma.gov.br\/transparencia\/wp-json\/wp\/v2\/users\/4"}],"wp:attachment":[{"href":"https:\/\/magalhaesdealmeida.ma.gov.br\/transparencia\/wp-json\/wp\/v2\/media?parent=18368"}],"curies":[{"name":"wp","href":"https:\/\/api.w.org\/{rel}","templated":true}]}}

<p><strong><u>TERMO DE </u></strong><strong><u>NOMEAÇÃO<br />
</u></strong><strong>INSTITUE A NOMEAÇÃO DE ASSESSOR DE APOIO TÉCNICO ADMINISTRATIVO (DAI).<br />
</strong>O Prefeito Municipal de Magalhães de Almeida, Estado do Maranhão, no uso de suas atribuições e de conformidade com a Lei Orgânica Municipal art. 47, inciso II e art. 67, inciso VIII.<br />
Considerando o disposto no inciso II do art. 9º da Lei n.º 236 de 02 de janeiro de 1998,<br />
<strong>CONSIDERANDO</strong> que o Decreto n.º 002/2022 regulamentou a Lei Municipal n.º 534/2021 de modo a possibilitar a delegação de competência aos secretários municipais e demais cargos equiparados para que procedam à nomeação e exoneração dos cargos de provimento em comissão de seus respectivos quadros, dentro dos limites estabelecidos na Lei Municipal n.º 534/2021, <strong>RESOLVE:<br />
</strong><strong>Art. 1º &#8211; NOMEAR</strong> o Sr. <strong>BRENO </strong><strong>SILVA </strong><strong>COSTA</strong><strong>, </strong>brasileiro, solteiro, maior, capaz, portador do <strong>CPF </strong><strong>nº 607.700.943-17, RG 041760162011-8 SSP/MA </strong>para <strong>exercer o </strong><strong>cargo </strong><strong>de </strong><strong>ASSESSOR </strong><strong>DE </strong><strong>APOIO </strong><strong>TÉCNICO ADMINISTRATIVO (DAI), lotado na Secretaria Municipal de Cidadania e Direitos Humanos.<br />
</strong><strong>Art. 2° &#8211;</strong> Esta portaria entra em vigor na data de sua publicação. Revogadas as disposições em contrário.<br />
Leia-se, Publique-se e cumpra-se em Magalhães de Almeida/MA, 03 de julho de 2023. Laércio de Carvalho Lima, Secretário Municipal de Cidadania e Direitos Humanos.</p>
